{"id":35746,"date":"2023-02-27T09:25:54","date_gmt":"2023-02-27T12:25:54","guid":{"rendered":"https:\/\/portal.uern.br\/uernemnumeros\/?page_id=35746"},"modified":"2023-02-27T09:25:54","modified_gmt":"2023-02-27T12:25:54","slug":"superintendencia-de-obras-e-engenharia-sobe","status":"publish","type":"page","link":"https:\/\/portal.uern.br\/uernemnumeros\/superintendencia-de-obras-e-engenharia-sobe\/","title":{"rendered":"Superintend\u00eancia de Obras e Engenharia &#8211; SOBE"},"content":{"rendered":"<p>As informa\u00e7\u00f5es sobre Obras e Servi\u00e7os da Superintend\u00eancia de Obras e Engenharia &#8211; SOBE podem ser encontradas no seguinte link:<\/p>\n<p><a title=\"SOBE em N\u00fameros\" href=\"https:\/\/docs.google.com\/presentation\/d\/e\/2PACX-1vTCwpLAm9WEEAEoLyjVjVEgFzCWjiqygtG4E6asAW2wWmT8MN6JfYd1wbDDFgwidW1BbdkLRg4-pfL0\/pub?start=false&amp;loop=false&amp;delayms=20000\" target=\"_blank\" rel=\"noopener\">SOBE em N\u00fameros<\/a><\/p>\n","protected":false},"excerpt":{"rendered":"<p>As informa\u00e7\u00f5es sobre Obras e Servi\u00e7os da Superintend\u00eancia de Obras e Engenharia &#8211; SOBE podem ser encontradas no seguinte link: SOBE em N\u00fameros<\/p>\n","protected":false},"author":28,"featured_media":0,"parent":0,"menu_order":0,"comment_status":"closed","ping_status":"closed","template":"","meta":[],"_links":{"self":[{"href":"https:\/\/portal.uern.br\/uernemnumeros\/wp-json\/wp\/v2\/pages\/35746"}],"collection":[{"href":"https:\/\/portal.uern.br\/uernemnumeros\/wp-json\/wp\/v2\/pages"}],"about":[{"href":"https:\/\/portal.uern.br\/uernemnumeros\/wp-json\/wp\/v2\/types\/page"}],"author":[{"embeddable":true,"href":"https:\/\/portal.uern.br\/uernemnumeros\/wp-json\/wp\/v2\/users\/28"}],"replies":[{"embeddable":true,"href":"https:\/\/portal.uern.br\/uernemnumeros\/wp-json\/wp\/v2\/comments?post=35746"}],"version-history":[{"count":1,"href":"https:\/\/portal.uern.br\/uernemnumeros\/wp-json\/wp\/v2\/pages\/35746\/revisions"}],"predecessor-version":[{"id":35747,"href":"https:\/\/portal.uern.br\/uernemnumeros\/wp-json\/wp\/v2\/pages\/35746\/revisions\/35747"}],"wp:attachment":[{"href":"https:\/\/portal.uern.br\/uernemnumeros\/wp-json\/wp\/v2\/media?parent=35746"}],"curies":[{"name":"wp","href":"https:\/\/api.w.org\/{rel}","templated":true}]}}