{"id":35654,"date":"2023-02-23T10:39:36","date_gmt":"2023-02-23T13:39:36","guid":{"rendered":"https:\/\/portal.uern.br\/uernemnumeros\/?page_id=35654"},"modified":"2023-02-23T10:39:36","modified_gmt":"2023-02-23T13:39:36","slug":"licitacoes-e-contratos-2020","status":"publish","type":"page","link":"https:\/\/portal.uern.br\/uernemnumeros\/licitacoes-e-contratos-2020\/","title":{"rendered":"Licita\u00e7\u00f5es e Contratos \u2013 2020"},"content":{"rendered":"<p>No ano de 2020 foram realizados 50 procedimentos licitat\u00f3rios e contrata\u00e7\u00f5es diretas pela Funda\u00e7\u00e3o Universidade do Estado do Rio Grande do Norte, totalizando R$ 11.692.195,53 em aquisi\u00e7\u00f5es e presta\u00e7\u00e3o de servi\u00e7o.<\/p>\n<table cellspacing=\"0\">\n<colgroup width=\"346\"><\/colgroup>\n<colgroup width=\"86\"><\/colgroup>\n<colgroup width=\"114\"><\/colgroup>\n<tbody>\n<tr>\n<td><strong>TIPO DE CONTRATA\u00c7\u00c3O<\/strong><\/td>\n<td><strong>QUANT.<\/strong><\/td>\n<td><strong>VALOR<\/strong><\/td>\n<\/tr>\n<tr>\n<td>CONCORR\u00caNCIAS<\/td>\n<td>0<\/td>\n<td>R$ 0,00<\/td>\n<\/tr>\n<tr>\n<td>TOMADAS DE PRE\u00c7OS<\/td>\n<td>12<\/td>\n<td>R$ 1.178.609,45<\/td>\n<\/tr>\n<tr>\n<td>PREG\u00d5ES ELETR\u00d4NICOS<\/td>\n<td>0<\/td>\n<td>R$ 3.915.013,11<\/td>\n<\/tr>\n<tr>\n<td>DISPENSAS DE LICITA\u00c7\u00c3O<\/td>\n<td>24<\/td>\n<td>R$ 649.265,21<\/td>\n<\/tr>\n<tr>\n<td>INEXIGIBILIDADES DE LICITA\u00c7\u00c3O<\/td>\n<td>14<\/td>\n<td>R$ 35.885,29<\/td>\n<\/tr>\n<tr>\n<td>ADES\u00d5ES \u00c0 ATAS DE REGISTRO DE PRE\u00c7OS<\/td>\n<td>0<\/td>\n<td>R$ 5.913.422,47<\/td>\n<\/tr>\n<tr>\n<td>ATAS DE REGISTRO DE PRE\u00c7OS<\/td>\n<td>0<\/td>\n<td>R$ 0,00<\/td>\n<\/tr>\n<tr>\n<td>LEIL\u00d5ES<\/td>\n<td>0<\/td>\n<td>R$ 0,00<\/td>\n<\/tr>\n<tr>\n<td>ADES\u00d5ES \u00c0 CONTRATOS<\/td>\n<td>0<\/td>\n<td>R$ 0,00<\/td>\n<\/tr>\n<\/tbody>\n<\/table>\n<p>&nbsp;<\/p>\n<p><strong>Procedimentos Licitat\u00f3rios por Modalidade<\/strong><\/p>\n<p><a href=\"https:\/\/portal.uern.br\/uernemnumeros\/licitacoes-e-contratos-2020\/procedimentos-licitatorios-por-modalidade-2020\/\" rel=\"attachment wp-att-35655\"><img fetchpriority=\"high\" decoding=\"async\" class=\"alignnone size-full wp-image-35655\" src=\"https:\/\/portal.uern.br\/uernemnumeros\/wp-content\/uploads\/sites\/19\/2023\/02\/Procedimentos-Licitatorios-por-Modalidade-2020.png\" alt=\"\" width=\"932\" height=\"411\" srcset=\"https:\/\/portal.uern.br\/uernemnumeros\/wp-content\/uploads\/sites\/19\/2023\/02\/Procedimentos-Licitatorios-por-Modalidade-2020.png 932w, https:\/\/portal.uern.br\/uernemnumeros\/wp-content\/uploads\/sites\/19\/2023\/02\/Procedimentos-Licitatorios-por-Modalidade-2020-300x132.png 300w, https:\/\/portal.uern.br\/uernemnumeros\/wp-content\/uploads\/sites\/19\/2023\/02\/Procedimentos-Licitatorios-por-Modalidade-2020-768x339.png 768w\" sizes=\"(max-width: 932px) 100vw, 932px\" \/><\/a><\/p>\n<p>&nbsp;<\/p>\n<p><strong>Percentual por Modalidade de Licita\u00e7\u00e3o (%)<\/strong><\/p>\n<p><a href=\"https:\/\/portal.uern.br\/uernemnumeros\/licitacoes-e-contratos-2020\/percentual-por-modalidade-de-licitacao-2020\/\" rel=\"attachment wp-att-35656\"><img decoding=\"async\" class=\"alignnone size-full wp-image-35656\" src=\"https:\/\/portal.uern.br\/uernemnumeros\/wp-content\/uploads\/sites\/19\/2023\/02\/Percentual-por-Modalidade-de-Licitacao-2020.png\" alt=\"\" width=\"604\" height=\"403\" srcset=\"https:\/\/portal.uern.br\/uernemnumeros\/wp-content\/uploads\/sites\/19\/2023\/02\/Percentual-por-Modalidade-de-Licitacao-2020.png 604w, https:\/\/portal.uern.br\/uernemnumeros\/wp-content\/uploads\/sites\/19\/2023\/02\/Percentual-por-Modalidade-de-Licitacao-2020-300x200.png 300w\" sizes=\"(max-width: 604px) 100vw, 604px\" \/><\/a><\/p>\n<p>&nbsp;<\/p>\n","protected":false},"excerpt":{"rendered":"<p>No ano de 2020 foram realizados 50 procedimentos licitat\u00f3rios e contrata\u00e7\u00f5es diretas pela Funda\u00e7\u00e3o Universidade do Estado do Rio Grande do Norte, totalizando R$ 11.692.195,53 em aquisi\u00e7\u00f5es e presta\u00e7\u00e3o de servi\u00e7o. TIPO DE CONTRATA\u00c7\u00c3O QUANT. VALOR CONCORR\u00caNCIAS 0 R$ 0,00 TOMADAS DE PRE\u00c7OS 12 R$ 1.178.609,45 PREG\u00d5ES ELETR\u00d4NICOS 0 R$ 3.915.013,11 DISPENSAS DE LICITA\u00c7\u00c3O 24 [&hellip;]<\/p>\n","protected":false},"author":28,"featured_media":0,"parent":0,"menu_order":0,"comment_status":"closed","ping_status":"closed","template":"","meta":[],"_links":{"self":[{"href":"https:\/\/portal.uern.br\/uernemnumeros\/wp-json\/wp\/v2\/pages\/35654"}],"collection":[{"href":"https:\/\/portal.uern.br\/uernemnumeros\/wp-json\/wp\/v2\/pages"}],"about":[{"href":"https:\/\/portal.uern.br\/uernemnumeros\/wp-json\/wp\/v2\/types\/page"}],"author":[{"embeddable":true,"href":"https:\/\/portal.uern.br\/uernemnumeros\/wp-json\/wp\/v2\/users\/28"}],"replies":[{"embeddable":true,"href":"https:\/\/portal.uern.br\/uernemnumeros\/wp-json\/wp\/v2\/comments?post=35654"}],"version-history":[{"count":2,"href":"https:\/\/portal.uern.br\/uernemnumeros\/wp-json\/wp\/v2\/pages\/35654\/revisions"}],"predecessor-version":[{"id":35658,"href":"https:\/\/portal.uern.br\/uernemnumeros\/wp-json\/wp\/v2\/pages\/35654\/revisions\/35658"}],"wp:attachment":[{"href":"https:\/\/portal.uern.br\/uernemnumeros\/wp-json\/wp\/v2\/media?parent=35654"}],"curies":[{"name":"wp","href":"https:\/\/api.w.org\/{rel}","templated":true}]}}