{"id":35649,"date":"2023-02-23T10:38:03","date_gmt":"2023-02-23T13:38:03","guid":{"rendered":"https:\/\/portal.uern.br\/uernemnumeros\/?page_id=35649"},"modified":"2023-02-23T10:38:03","modified_gmt":"2023-02-23T13:38:03","slug":"licitacoes-e-contratos-2019","status":"publish","type":"page","link":"https:\/\/portal.uern.br\/uernemnumeros\/licitacoes-e-contratos-2019\/","title":{"rendered":"Licita\u00e7\u00f5es e Contratos \u2013 2019"},"content":{"rendered":"<p>No ano de 2019 foram realizados 96 procedimentos licitat\u00f3rios e contrata\u00e7\u00f5es diretas pela Funda\u00e7\u00e3o Universidade do Estado do Rio Grande do Norte, totalizando R$ 6.878.394,60 em aquisi\u00e7\u00f5es e presta\u00e7\u00e3o de servi\u00e7o.<\/p>\n<table cellspacing=\"0\">\n<tbody>\n<tr>\n<td><strong>TIPO DE CONTRATA\u00c7\u00c3O<\/strong><\/td>\n<td><strong>QUANT.<\/strong><\/td>\n<td><strong>VALOR<\/strong><\/td>\n<\/tr>\n<tr>\n<td>CONCORR\u00caNCIAS<\/td>\n<td>0<\/td>\n<td>R$ 0,00<\/td>\n<\/tr>\n<tr>\n<td>TOMADAS DE PRE\u00c7OS<\/td>\n<td>8<\/td>\n<td>R$ 749.839,89<\/td>\n<\/tr>\n<tr>\n<td>PREG\u00d5ES ELETR\u00d4NICOS<\/td>\n<td>16<\/td>\n<td>R$ 2.570.457,75<\/td>\n<\/tr>\n<tr>\n<td>DISPENSAS DE LICITA\u00c7\u00c3O<\/td>\n<td>29<\/td>\n<td>R$ 2.909.959,50<\/td>\n<\/tr>\n<tr>\n<td>INEXIGIBILIDADES DE LICITA\u00c7\u00c3O<\/td>\n<td>42<\/td>\n<td>R$ 432.028,78<\/td>\n<\/tr>\n<tr>\n<td>ADES\u00d5ES \u00c0 ATAS DE REGISTRO DE PRE\u00c7OS<\/td>\n<td>1<\/td>\n<td>R$ 216.108,68<\/td>\n<\/tr>\n<tr>\n<td>ATAS DE REGISTRO DE PRE\u00c7OS<\/td>\n<td>0<\/td>\n<td>R$ 0,00<\/td>\n<\/tr>\n<tr>\n<td>LEIL\u00d5ES<\/td>\n<td>0<\/td>\n<td>R$ 0,00<\/td>\n<\/tr>\n<tr>\n<td>ADES\u00d5ES \u00c0 CONTRATOS<\/td>\n<td>0<\/td>\n<td>R$ 0,00<\/td>\n<\/tr>\n<\/tbody>\n<\/table>\n<p>&nbsp;<\/p>\n<p><strong>Procedimentos Licitat\u00f3rios por Modalidade<\/strong><\/p>\n<p><a href=\"https:\/\/portal.uern.br\/uernemnumeros\/licitacoes-e-contratos-2019\/procedimentos-licitatorios-por-modalidade-2019\/\" rel=\"attachment wp-att-35650\"><img fetchpriority=\"high\" decoding=\"async\" class=\"alignnone size-full wp-image-35650\" src=\"https:\/\/portal.uern.br\/uernemnumeros\/wp-content\/uploads\/sites\/19\/2023\/02\/Procedimentos-Licitatorios-por-Modalidade-2019.png\" alt=\"\" width=\"952\" height=\"459\" srcset=\"https:\/\/portal.uern.br\/uernemnumeros\/wp-content\/uploads\/sites\/19\/2023\/02\/Procedimentos-Licitatorios-por-Modalidade-2019.png 952w, https:\/\/portal.uern.br\/uernemnumeros\/wp-content\/uploads\/sites\/19\/2023\/02\/Procedimentos-Licitatorios-por-Modalidade-2019-300x145.png 300w, https:\/\/portal.uern.br\/uernemnumeros\/wp-content\/uploads\/sites\/19\/2023\/02\/Procedimentos-Licitatorios-por-Modalidade-2019-768x370.png 768w\" sizes=\"(max-width: 952px) 100vw, 952px\" \/><\/a><\/p>\n<p>&nbsp;<\/p>\n<p><strong>Percentual por Modalidade de Licita\u00e7\u00e3o (%)<\/strong><\/p>\n<p><a href=\"https:\/\/portal.uern.br\/uernemnumeros\/licitacoes-e-contratos-2019\/percentual-por-modalidade-de-licitacao-2019\/\" rel=\"attachment wp-att-35651\"><img decoding=\"async\" class=\"alignnone size-full wp-image-35651\" src=\"https:\/\/portal.uern.br\/uernemnumeros\/wp-content\/uploads\/sites\/19\/2023\/02\/Percentual-por-Modalidade-de-Licitacao-2019.png\" alt=\"\" width=\"608\" height=\"372\" srcset=\"https:\/\/portal.uern.br\/uernemnumeros\/wp-content\/uploads\/sites\/19\/2023\/02\/Percentual-por-Modalidade-de-Licitacao-2019.png 608w, https:\/\/portal.uern.br\/uernemnumeros\/wp-content\/uploads\/sites\/19\/2023\/02\/Percentual-por-Modalidade-de-Licitacao-2019-300x184.png 300w\" sizes=\"(max-width: 608px) 100vw, 608px\" \/><\/a><\/p>\n<p>&nbsp;<\/p>\n","protected":false},"excerpt":{"rendered":"<p>No ano de 2019 foram realizados 96 procedimentos licitat\u00f3rios e contrata\u00e7\u00f5es diretas pela Funda\u00e7\u00e3o Universidade do Estado do Rio Grande do Norte, totalizando R$ 6.878.394,60 em aquisi\u00e7\u00f5es e presta\u00e7\u00e3o de servi\u00e7o. TIPO DE CONTRATA\u00c7\u00c3O QUANT. VALOR CONCORR\u00caNCIAS 0 R$ 0,00 TOMADAS DE PRE\u00c7OS 8 R$ 749.839,89 PREG\u00d5ES ELETR\u00d4NICOS 16 R$ 2.570.457,75 DISPENSAS DE LICITA\u00c7\u00c3O 29 [&hellip;]<\/p>\n","protected":false},"author":28,"featured_media":0,"parent":0,"menu_order":0,"comment_status":"closed","ping_status":"closed","template":"","meta":[],"_links":{"self":[{"href":"https:\/\/portal.uern.br\/uernemnumeros\/wp-json\/wp\/v2\/pages\/35649"}],"collection":[{"href":"https:\/\/portal.uern.br\/uernemnumeros\/wp-json\/wp\/v2\/pages"}],"about":[{"href":"https:\/\/portal.uern.br\/uernemnumeros\/wp-json\/wp\/v2\/types\/page"}],"author":[{"embeddable":true,"href":"https:\/\/portal.uern.br\/uernemnumeros\/wp-json\/wp\/v2\/users\/28"}],"replies":[{"embeddable":true,"href":"https:\/\/portal.uern.br\/uernemnumeros\/wp-json\/wp\/v2\/comments?post=35649"}],"version-history":[{"count":2,"href":"https:\/\/portal.uern.br\/uernemnumeros\/wp-json\/wp\/v2\/pages\/35649\/revisions"}],"predecessor-version":[{"id":35653,"href":"https:\/\/portal.uern.br\/uernemnumeros\/wp-json\/wp\/v2\/pages\/35649\/revisions\/35653"}],"wp:attachment":[{"href":"https:\/\/portal.uern.br\/uernemnumeros\/wp-json\/wp\/v2\/media?parent=35649"}],"curies":[{"name":"wp","href":"https:\/\/api.w.org\/{rel}","templated":true}]}}