{"id":9,"date":"2022-10-21T15:01:13","date_gmt":"2022-10-21T18:01:13","guid":{"rendered":"https:\/\/paisdemossoro.com.br\/wordpress\/uci\/?page_id=9"},"modified":"2022-10-21T15:01:13","modified_gmt":"2022-10-21T18:01:13","slug":"competencia","status":"publish","type":"page","link":"https:\/\/portal.uern.br\/uci\/competencia\/","title":{"rendered":"Compet\u00eancia"},"content":{"rendered":"<p>As Unidades de Controle Interno (UCI) apoiar\u00e3o a gest\u00e3o e realizar\u00e3o a supervis\u00e3o das atividades desenvolvidas no \u00e2mbito do primeiro componente, abrangendo o gerenciamento de riscos, a conformidade e verifica\u00e7\u00e3o de qualidade, o controle financeiro, a orienta\u00e7\u00e3o e o treinamento.<\/p>\n<p>De acordo com o artigo 21 da Lei Complementar 638\/2018 compete \u00e0s Unidades de Controle Interno, no \u00e2mbito dos \u00d3rg\u00e3os e Entidades do Poder Executivo:<\/p>\n<p>I \u2013 exercer os controles no que tange a atividades institucionais ou administrativas, objetivando a observ\u00e2ncia a legisla\u00e7\u00e3o, a salvaguarda do patrim\u00f4nio e a busca da efici\u00eancia operacional;<\/p>\n<p>II \u2013 exercer o controle interno sobre o uso e guarda de bens p\u00fablicos;<\/p>\n<p>III \u2013 exercer o controle sobre a execu\u00e7\u00e3o dos contratos, conv\u00eanios e instrumentos cong\u00eaneres, bem como realizar Tomada de Contas Especial, quando determinado pela Controladoria-Geral do Estado;<\/p>\n<p>IV \u2013 comunicar \u00e0 Controladoria-Geral do Estado sobre irregularidades ou ilegalidades de que tenha conhecimento;<\/p>\n<p>V \u2013 contribuir com as fun\u00e7\u00f5es de auditoria, corregedoria, ouvidoria e preven\u00e7\u00e3o da corrup\u00e7\u00e3o, sempre que solicitado pela Controladoria-Geral do Estado; Coordenadoria de Controle dos Atos Governamentais \u2013 CONTRAG\/GAC;<\/p>\n<p>VI \u2013 acompanhar a implementa\u00e7\u00e3o das recomenda\u00e7\u00f5es emitidas pelos \u00f3rg\u00e3os de controle interno e externo;<\/p>\n<p>VII \u2013 requerer as informa\u00e7\u00f5es, processos e documentos necess\u00e1rios \u00e0s a\u00e7\u00f5es de controle; e<\/p>\n<p>VIII \u2013 exercer as demais a\u00e7\u00f5es demandadas pela Controladoria-Geral do Estado, no \u00e2mbito de suas compet\u00eancias.<\/p>\n","protected":false},"excerpt":{"rendered":"<p>As Unidades de Controle Interno (UCI) apoiar\u00e3o a gest\u00e3o e realizar\u00e3o a supervis\u00e3o das atividades desenvolvidas no \u00e2mbito do primeiro componente, abrangendo o gerenciamento de riscos, a conformidade e verifica\u00e7\u00e3o de qualidade, o controle financeiro, a orienta\u00e7\u00e3o e o treinamento. De acordo com o artigo 21 da Lei Complementar 638\/2018 compete \u00e0s Unidades de Controle [&hellip;]<\/p>\n","protected":false},"author":1,"featured_media":0,"parent":0,"menu_order":0,"comment_status":"closed","ping_status":"closed","template":"","meta":[],"_links":{"self":[{"href":"https:\/\/portal.uern.br\/uci\/wp-json\/wp\/v2\/pages\/9"}],"collection":[{"href":"https:\/\/portal.uern.br\/uci\/wp-json\/wp\/v2\/pages"}],"about":[{"href":"https:\/\/portal.uern.br\/uci\/wp-json\/wp\/v2\/types\/page"}],"author":[{"embeddable":true,"href":"https:\/\/portal.uern.br\/uci\/wp-json\/wp\/v2\/users\/1"}],"replies":[{"embeddable":true,"href":"https:\/\/portal.uern.br\/uci\/wp-json\/wp\/v2\/comments?post=9"}],"version-history":[{"count":1,"href":"https:\/\/portal.uern.br\/uci\/wp-json\/wp\/v2\/pages\/9\/revisions"}],"predecessor-version":[{"id":10,"href":"https:\/\/portal.uern.br\/uci\/wp-json\/wp\/v2\/pages\/9\/revisions\/10"}],"wp:attachment":[{"href":"https:\/\/portal.uern.br\/uci\/wp-json\/wp\/v2\/media?parent=9"}],"curies":[{"name":"wp","href":"https:\/\/api.w.org\/{rel}","templated":true}]}}