{"id":634,"date":"2023-09-14T12:04:21","date_gmt":"2023-09-14T15:04:21","guid":{"rendered":"https:\/\/portal.uern.br\/sti\/?page_id=634"},"modified":"2025-06-25T09:57:25","modified_gmt":"2025-06-25T12:57:25","slug":"organograma","status":"publish","type":"page","link":"https:\/\/portal.uern.br\/sti\/organograma\/","title":{"rendered":"Organograma"},"content":{"rendered":"<p>O organograma da STI foi aprovado no dia 1\u00ba de setembro de 2022, a Resolu\u00e7\u00e3o n.\u00ba 59\/2022 do Conselho Diretor da Funda\u00e7\u00e3o Universidade do Estado do Rio Grande do Norte (CD \u2014 Fuern), a qual define as nomenclaturas, as atribui\u00e7\u00f5es, os cargos comissionados e suas fun\u00e7\u00f5es gratificadas.<\/p>\n<p><img fetchpriority=\"high\" decoding=\"async\" class=\"wp-image-462 size-large aligncenter\" src=\"https:\/\/portal.uern.br\/sti\/wp-content\/uploads\/sites\/12\/2023\/02\/organograma-sti-1024x667.png\" alt=\"\" width=\"800\" height=\"521\" srcset=\"https:\/\/portal.uern.br\/sti\/wp-content\/uploads\/sites\/12\/2023\/02\/organograma-sti-1024x667.png 1024w, https:\/\/portal.uern.br\/sti\/wp-content\/uploads\/sites\/12\/2023\/02\/organograma-sti-300x196.png 300w, https:\/\/portal.uern.br\/sti\/wp-content\/uploads\/sites\/12\/2023\/02\/organograma-sti-768x501.png 768w, https:\/\/portal.uern.br\/sti\/wp-content\/uploads\/sites\/12\/2023\/02\/organograma-sti.png 1054w\" sizes=\"(max-width: 800px) 100vw, 800px\" \/><\/p>\n<p>Atualmente a Superintend\u00eancia de Tecnologia da Informa\u00e7\u00e3o \u00e9 composta por duas diretorias, sendo a Diretoria de Sistemas de Informa\u00e7\u00e3o e a Diretoria de Redes e Telecomunica\u00e7\u00f5es, cada Diretoria possui seis setores.<\/p>\n<p>&nbsp;<\/p>\n<h4><strong>Diretoria de Sistemas de Informa\u00e7\u00e3o &#8211; DIS<\/strong><\/h4>\n<p><em><strong>Setor de Sistemas de Administra\u00e7\u00e3o e Controle<\/strong><\/em><br \/>\nCentralizar as demandas relacionadas ao gerenciamento, controle e administra\u00e7\u00e3o dos sistemas FOLHA, SIGRH e INTEGRA, atuando como ponto focal junto \u00e0 STI-UFRN.<\/p>\n<p><em><strong>Setor de Seguran\u00e7a da Informa\u00e7\u00e3o<\/strong><\/em><br \/>\nCentralizar as demandas relacionadas \u00e0 seguran\u00e7a da informa\u00e7\u00e3o, incluindo pol\u00edticas, controles, mecanismos, planejamento, atualiza\u00e7\u00f5es de sistemas, plugins, bibliotecas, softwares, normas, entre outros, bem como quest\u00f5es referentes \u00e0 LGPD. Atuar na sistematiza\u00e7\u00e3o das per\u00edcias de TI solicitadas em processos acad\u00eamicos e na proposi\u00e7\u00e3o de melhorias para a Pol\u00edtica de Seguran\u00e7a da Informa\u00e7\u00e3o.<\/p>\n<p><em><strong>Setor de Sistemas Acad\u00eamicos<\/strong><\/em><br \/>\nCentralizar as demandas relacionadas ao gerenciamento, controle e administra\u00e7\u00e3o dos sistemas SIGAA, SIPAC, SIGRH, SIGADMIN e INTEGRA, mantendo contato direto com a STI-UFRN. Coordenar a implanta\u00e7\u00e3o do SIGAA \u2013 Gradua\u00e7\u00e3o, bem como dos demais m\u00f3dulos.<\/p>\n<p><em><strong>Setor de Pesquisa e Desenvolvimento<\/strong><\/em><br \/>\nCentralizar as demandas por solu\u00e7\u00f5es tecnol\u00f3gicas n\u00e3o contempladas pelos SIGs ou por outros sistemas institucionalizados, abrangendo o desenvolvimento ou a implanta\u00e7\u00e3o de novas ferramentas, sistemas de chamados e iniciativas de coopera\u00e7\u00e3o t\u00e9cnica para solu\u00e7\u00f5es pr\u00f3prias.<\/p>\n<p><em><strong>Setor de Suporte T\u00e9cnico<\/strong><\/em><br \/>\nCentralizar as demandas dos usu\u00e1rios referentes a problemas t\u00e9cnicos nos sistemas SIGAA, SIPAC, SIGRH, SIGADMIN, INTEGRA, SIGS, SEI e demais sistemas ou servi\u00e7os sob responsabilidade da Diretoria. Coordenar tamb\u00e9m o atendimento via chat de suporte aos sistemas.<\/p>\n<p><em><strong>Setor de Contratos e Controle de Dados<\/strong><\/em><br \/>\nCentralizar as demandas relacionadas ao contrato de servi\u00e7os das Diretorias DIS e DIRT, incluindo o controle de dados, acesso \u00e0 informa\u00e7\u00e3o, emiss\u00e3o de relat\u00f3rios e demais atividades correlatas.<\/p>\n<p>&nbsp;<\/p>\n<hr \/>\n<p>&nbsp;<\/p>\n<h4><b>Diretoria de Redes e Telecomunica\u00e7\u00e3o &#8211; DRT<\/b><\/h4>\n<p><em><strong>Setor de Infraestrutura de Redes<\/strong><\/em><br \/>\nCentralizar as demandas de melhorias na infraestrutura de rede, incluindo a substitui\u00e7\u00e3o de r\u00e1dios (Wi-Fi), segmenta\u00e7\u00e3o da rede cabeada e aquisi\u00e7\u00e3o de rede sem fio profissional. Gerenciar o invent\u00e1rio de ativos de rede, controlar o acesso \u00e0 rede e viabilizar a aquisi\u00e7\u00e3o de equipamentos de infraestrutura (roteadores e switches) para redes locais nos campi. Prestar suporte de N\u00edvel 1 \u00e0 RNP (Giga Mossor\u00f3).<\/p>\n<p><strong><em>Setor de Seguran\u00e7a de Redes<\/em><\/strong><br \/>\nCentralizar as demandas relacionadas \u00e0 seguran\u00e7a de redes, como gerenciamento de firewall, atualiza\u00e7\u00e3o de bibliotecas nos sistemas operacionais, configura\u00e7\u00e3o de DMZ, mecanismos de defesa, mitiga\u00e7\u00e3o de ataques DDoS, an\u00e1lise de riscos e vulnerabilidades, em conformidade com a LGPD. Implementar um sistema de monitoramento cont\u00ednuo da rede.<\/p>\n<p><strong><em>Setor de Implanta\u00e7\u00e3o e Servi\u00e7os<\/em><\/strong><br \/>\nPlanejar, coordenar, executar e avaliar as atividades relacionadas \u00e0 infraestrutura de servidores, incluindo hardware, datacenter, armazenamento em nuvem, backup, virtualiza\u00e7\u00e3o e gerenciamento de contratos. Gerenciar os servidores institucionais com foco na continuidade e na seguran\u00e7a dos servi\u00e7os.<\/p>\n<p><strong><em>Setor de Suporte e Manuten\u00e7\u00e3o de Computadores<\/em><\/strong><br \/>\nCentralizar as demandas de manuten\u00e7\u00e3o e aquisi\u00e7\u00e3o de computadores, considerando crit\u00e9rios de localidade e finalidade de uso. Gerenciar o atendimento via chat (suporte t\u00e9cnico), manter atualizado o invent\u00e1rio de equipamentos e construir uma base de conhecimento em TIC para consulta dos usu\u00e1rios.<\/p>\n<p><strong><em>Setor de Redes de Transporte<\/em><\/strong><br \/>\nCentralizar as demandas de suporte t\u00e9cnico \u00e0s empresas provedoras de internet e servi\u00e7os de transporte de dados. Projetar e gerenciar a infraestrutura f\u00edsica e l\u00f3gica das redes da UERN, implantar e operar a Rede Giga e a Infovia Potiguar, e assessorar as demandas da RNP junto ao Ponto de Agrega\u00e7\u00e3o (PoA). Prestar suporte de N\u00edvel 1 \u00e0 RNP (Giga Mossor\u00f3).<\/p>\n<p><strong><em>Setor de Telecomunica\u00e7\u00f5es<\/em><\/strong><br \/>\nCentralizar as demandas de projeto, implanta\u00e7\u00e3o e gerenciamento dos servi\u00e7os de telecomunica\u00e7\u00f5es utilizados pelos usu\u00e1rios, bem como os servi\u00e7os relacionados \u00e0 infraestrutura necess\u00e1ria para essas aplica\u00e7\u00f5es (roteadores, switches). Iniciar estudos para a contrata\u00e7\u00e3o de servi\u00e7o de Telefonia IP.<\/p>\n","protected":false},"excerpt":{"rendered":"<p>O organograma da STI foi aprovado no dia 1\u00ba de setembro de 2022, a Resolu\u00e7\u00e3o n.\u00ba 59\/2022 do Conselho Diretor da Funda\u00e7\u00e3o Universidade do Estado do Rio Grande do Norte (CD \u2014 Fuern), a qual define as nomenclaturas, as atribui\u00e7\u00f5es, os cargos comissionados e suas fun\u00e7\u00f5es gratificadas. Atualmente a Superintend\u00eancia de Tecnologia da Informa\u00e7\u00e3o \u00e9 [&hellip;]<\/p>\n","protected":false},"author":23,"featured_media":0,"parent":0,"menu_order":0,"comment_status":"closed","ping_status":"closed","template":"","meta":[],"_links":{"self":[{"href":"https:\/\/portal.uern.br\/sti\/wp-json\/wp\/v2\/pages\/634"}],"collection":[{"href":"https:\/\/portal.uern.br\/sti\/wp-json\/wp\/v2\/pages"}],"about":[{"href":"https:\/\/portal.uern.br\/sti\/wp-json\/wp\/v2\/types\/page"}],"author":[{"embeddable":true,"href":"https:\/\/portal.uern.br\/sti\/wp-json\/wp\/v2\/users\/23"}],"replies":[{"embeddable":true,"href":"https:\/\/portal.uern.br\/sti\/wp-json\/wp\/v2\/comments?post=634"}],"version-history":[{"count":9,"href":"https:\/\/portal.uern.br\/sti\/wp-json\/wp\/v2\/pages\/634\/revisions"}],"predecessor-version":[{"id":822,"href":"https:\/\/portal.uern.br\/sti\/wp-json\/wp\/v2\/pages\/634\/revisions\/822"}],"wp:attachment":[{"href":"https:\/\/portal.uern.br\/sti\/wp-json\/wp\/v2\/media?parent=634"}],"curies":[{"name":"wp","href":"https:\/\/api.w.org\/{rel}","templated":true}]}}