{"id":35381,"date":"2023-04-26T09:00:45","date_gmt":"2023-04-26T12:00:45","guid":{"rendered":"https:\/\/portal.uern.br\/sobe\/?page_id=35381"},"modified":"2023-05-04T12:08:15","modified_gmt":"2023-05-04T15:08:15","slug":"atribuicoes","status":"publish","type":"page","link":"https:\/\/portal.uern.br\/sobe\/atribuicoes\/","title":{"rendered":"Atribui\u00e7\u00f5es"},"content":{"rendered":"<p>S\u00e3o atribui\u00e7\u00f5es da Superintend\u00eancia de Obras e Engenharia da UERN:<\/p>\n<ul>\n<li>Colaborar com o planejamento e gerir os contratos de execu\u00e7\u00e3o de obras e servi\u00e7os de engenharia da institui\u00e7\u00e3o, observando-se as prioridades apontadas nos documentos de planejamento institucional e a disponibilidade or\u00e7ament\u00e1ria e financeira da institui\u00e7\u00e3o;<\/li>\n<li>Prestar apoio t\u00e9cnico nas \u00e1reas de arquitetura, engenharia civil, engenharia el\u00e9trica, engenharia de seguran\u00e7a do trabalho, gest\u00e3o ambiental e regulariza\u00e7\u00e3o urban\u00edstica aos \u00f3rg\u00e3os e unidades que comp\u00f5em a universidade;<\/li>\n<li>Colaborar tecnicamente com planos e procedimentos de regulariza\u00e7\u00e3o urban\u00edstica, ordenamento territorial, saneamento interno, emiss\u00e3o de licenciamentos, alvar\u00e1s e autoriza\u00e7\u00f5es de uso e ocupa\u00e7\u00e3o emitidos pelos \u00f3rg\u00e3os p\u00fablicos competentes;<\/li>\n<li>Emitir parecer sobre a viabilidade t\u00e9cnica de execu\u00e7\u00e3o de interven\u00e7\u00f5es de infraestrutura geral, nas \u00e1reas do conhecimento abrangidas pela Superintend\u00eancia, observando-se os crit\u00e9rios t\u00e9cnicos, legais e normativos vigentes;<\/li>\n<li>Colaborar com a Pr\u00f3 Reitoria de Administra\u00e7\u00e3o \u2013 PROAD nos atos administrativos e contratos de sua compet\u00eancia, em especial no contrato de servi\u00e7os de manuten\u00e7\u00e3o predial, prestando orienta\u00e7\u00f5es t\u00e9cnicas nas \u00e1reas de especialidade desta Superintend\u00eancia;<\/li>\n<li>Outras atividades de compet\u00eancia t\u00e9cnica dos profissionais de arquitetura e engenharia pertencentes aos quadros da SOBE, nos termos das regulamenta\u00e7\u00f5es dos respectivos conselhos de classe.<\/li>\n<\/ul>\n","protected":false},"excerpt":{"rendered":"<p>S\u00e3o atribui\u00e7\u00f5es da Superintend\u00eancia de Obras e Engenharia da UERN: Colaborar com o planejamento e gerir os contratos de execu\u00e7\u00e3o de obras e servi\u00e7os de engenharia da institui\u00e7\u00e3o, observando-se as prioridades apontadas nos documentos de planejamento institucional e a disponibilidade or\u00e7ament\u00e1ria e financeira da institui\u00e7\u00e3o; Prestar apoio t\u00e9cnico nas \u00e1reas de arquitetura, engenharia civil, engenharia [&hellip;]<\/p>\n","protected":false},"author":1,"featured_media":0,"parent":0,"menu_order":0,"comment_status":"closed","ping_status":"closed","template":"","meta":[],"_links":{"self":[{"href":"https:\/\/portal.uern.br\/sobe\/wp-json\/wp\/v2\/pages\/35381"}],"collection":[{"href":"https:\/\/portal.uern.br\/sobe\/wp-json\/wp\/v2\/pages"}],"about":[{"href":"https:\/\/portal.uern.br\/sobe\/wp-json\/wp\/v2\/types\/page"}],"author":[{"embeddable":true,"href":"https:\/\/portal.uern.br\/sobe\/wp-json\/wp\/v2\/users\/1"}],"replies":[{"embeddable":true,"href":"https:\/\/portal.uern.br\/sobe\/wp-json\/wp\/v2\/comments?post=35381"}],"version-history":[{"count":3,"href":"https:\/\/portal.uern.br\/sobe\/wp-json\/wp\/v2\/pages\/35381\/revisions"}],"predecessor-version":[{"id":35414,"href":"https:\/\/portal.uern.br\/sobe\/wp-json\/wp\/v2\/pages\/35381\/revisions\/35414"}],"wp:attachment":[{"href":"https:\/\/portal.uern.br\/sobe\/wp-json\/wp\/v2\/media?parent=35381"}],"curies":[{"name":"wp","href":"https:\/\/api.w.org\/{rel}","templated":true}]}}