{"id":879,"date":"2023-03-02T11:06:29","date_gmt":"2023-03-02T14:06:29","guid":{"rendered":"https:\/\/portal.uern.br\/proplan\/?page_id=879"},"modified":"2025-08-07T11:25:45","modified_gmt":"2025-08-07T14:25:45","slug":"convenios-2014","status":"publish","type":"page","link":"https:\/\/portal.uern.br\/proplan\/convenios-2014\/","title":{"rendered":"Conv\u00eanios 2014"},"content":{"rendered":"<p><strong>CONV\u00caNIO MCT &#8211; FINEP<\/strong><\/p>\n<p><strong>CONV\u00caNIO N\u00ba 01.14.0072.00<br \/>\n<\/strong><\/p>\n<p><strong>Objeto:<\/strong> Execu\u00e7\u00e3o do Projeto &#8220;Infraestrutura de Pesquisa Multiusu\u00e1ria para Amplia\u00e7\u00e3o e Consolida\u00e7\u00e3o da P\u00f3s-Gradua\u00e7\u00e3o na UERN&#8221;.<\/p>\n<p><strong>Valor Global:<\/strong> R$\u00a03.969.663,62<\/p>\n<p><strong>Valor da Contrapartida:<\/strong> R$ 100.000,00 (UERN) e R$ 1.934.831,81 (FAPERN)<\/p>\n<p><strong>Desembolso:<\/strong> R$ 3.869.663,92<\/p>\n<p><span style=\"background: transparent\"><strong>Percentual executado do Plano de Trabalho:<\/strong> 98,45%<strong><br \/>\n<\/strong><\/span><\/p>\n<p><strong>Vig\u00eancia:<\/strong> 26\/09\/2025<\/p>\n<p><strong>Situa\u00e7\u00e3o: <\/strong>Em execu\u00e7\u00e3o.<\/p>\n<p><strong>Anexo:<\/strong> <a href=\"https:\/\/www.uern.br\/controledepaginas\/proplan-convenios-2014\/arquivos\/5078_pad_01.14.0072.00.pdf\">Plano de Aplica\u00e7\u00e3o Detalhado<\/a><\/p>\n<hr \/>\n<p><strong>CONV\u00caNIO MEC-CAPES<br \/>\n<\/strong><\/p>\n<p><strong>CONV\u00caNIO N\u00ba 806505\/2014<br \/>\n<\/strong><\/p>\n<p><strong>Objeto:<\/strong> A oferta do curso de Gradua\u00e7\u00e3o em Letras L\u00edngua Portuguesa \u2013 licenciatura, no \u00e2mbito do Sistema Universidade Aberta do Brasil (UAB), da Coordena\u00e7\u00e3o de Aperfei\u00e7oamento de Pessoal de N\u00edvel Superior (CAPES).<\/p>\n<p><strong>Valor Global:<\/strong> R$ 234.494,64<\/p>\n<p><strong>Valor da Contrapartida:<\/strong> R$ 2.344,95<\/p>\n<p><strong>Desembolso:<\/strong> R$ 232.149,69<\/p>\n<p><span style=\"background: transparent\"><strong>Percentual executado do Plano de Trabalho:<\/strong> 71,00%<strong><br \/>\n<\/strong><\/span><\/p>\n<p><strong>Vig\u00eancia:<\/strong> 01\/07\/2018<\/p>\n<p><strong>Situa\u00e7\u00e3o: <\/strong>Presta\u00e7\u00e3o de Contas enviada para an\u00e1lise.<\/p>\n<p><strong>Anexo:<\/strong> <a href=\"http:\/\/www.uern.br\/controledepaginas\/proplan-convenios-2014\/arquivos\/5078_pad_806505_2014.pdf\">Plano de Aplica\u00e7\u00e3o Detalhado<\/a><\/p>\n","protected":false},"excerpt":{"rendered":"<p>CONV\u00caNIO MCT &#8211; FINEP CONV\u00caNIO N\u00ba 01.14.0072.00 Objeto: Execu\u00e7\u00e3o do Projeto &#8220;Infraestrutura de Pesquisa Multiusu\u00e1ria para Amplia\u00e7\u00e3o e Consolida\u00e7\u00e3o da P\u00f3s-Gradua\u00e7\u00e3o na UERN&#8221;. Valor Global: R$\u00a03.969.663,62 Valor da Contrapartida: R$ 100.000,00 (UERN) e R$ 1.934.831,81 (FAPERN) Desembolso: R$ 3.869.663,92 Percentual executado do Plano de Trabalho: 98,45% Vig\u00eancia: 26\/09\/2025 Situa\u00e7\u00e3o: Em execu\u00e7\u00e3o. Anexo: Plano de Aplica\u00e7\u00e3o [&hellip;]<\/p>\n","protected":false},"author":2,"featured_media":0,"parent":0,"menu_order":0,"comment_status":"closed","ping_status":"closed","template":"","meta":{"footnotes":""},"class_list":["post-879","page","type-page","status-publish","hentry"],"_links":{"self":[{"href":"https:\/\/portal.uern.br\/proplan\/wp-json\/wp\/v2\/pages\/879","targetHints":{"allow":["GET"]}}],"collection":[{"href":"https:\/\/portal.uern.br\/proplan\/wp-json\/wp\/v2\/pages"}],"about":[{"href":"https:\/\/portal.uern.br\/proplan\/wp-json\/wp\/v2\/types\/page"}],"author":[{"embeddable":true,"href":"https:\/\/portal.uern.br\/proplan\/wp-json\/wp\/v2\/users\/2"}],"replies":[{"embeddable":true,"href":"https:\/\/portal.uern.br\/proplan\/wp-json\/wp\/v2\/comments?post=879"}],"version-history":[{"count":3,"href":"https:\/\/portal.uern.br\/proplan\/wp-json\/wp\/v2\/pages\/879\/revisions"}],"predecessor-version":[{"id":2416,"href":"https:\/\/portal.uern.br\/proplan\/wp-json\/wp\/v2\/pages\/879\/revisions\/2416"}],"wp:attachment":[{"href":"https:\/\/portal.uern.br\/proplan\/wp-json\/wp\/v2\/media?parent=879"}],"curies":[{"name":"wp","href":"https:\/\/api.w.org\/{rel}","templated":true}]}}

Convênios 2014

<p><strong>CONVÊNIO MCT &#8211; FINEP</strong></p>
<p><strong>CONVÊNIO Nº 01.14.0072.00<br />
</strong></p>
<p><strong>Objeto:</strong> Execução do Projeto &#8220;Infraestrutura de Pesquisa Multiusuária para Ampliação e Consolidação da Pós-Graduação na UERN&#8221;.</p>
<p><strong>Valor Global:</strong> R$ 3.969.663,62</p>
<p><strong>Valor da Contrapartida:</strong> R$ 100.000,00 (UERN) e R$ 1.934.831,81 (FAPERN)</p>
<p><strong>Desembolso:</strong> R$ 3.869.663,92</p>
<p><span style="background: transparent"><strong>Percentual executado do Plano de Trabalho:</strong> 98,45%<strong><br />
</strong></span></p>
<p><strong>Vigência:</strong> 26/09/2025</p>
<p><strong>Situação: </strong>Em execução.</p>
<p><strong>Anexo:</strong> <a href="https://www.uern.br/controledepaginas/proplan-convenios-2014/arquivos/5078_pad_01.14.0072.00.pdf">Plano de Aplicação Detalhado</a></p>
<hr />
<p><strong>CONVÊNIO MEC-CAPES<br />
</strong></p>
<p><strong>CONVÊNIO Nº 806505/2014<br />
</strong></p>
<p><strong>Objeto:</strong> A oferta do curso de Graduação em Letras Língua Portuguesa – licenciatura, no âmbito do Sistema Universidade Aberta do Brasil (UAB), da Coordenação de Aperfeiçoamento de Pessoal de Nível Superior (CAPES).</p>
<p><strong>Valor Global:</strong> R$ 234.494,64</p>
<p><strong>Valor da Contrapartida:</strong> R$ 2.344,95</p>
<p><strong>Desembolso:</strong> R$ 232.149,69</p>
<p><span style="background: transparent"><strong>Percentual executado do Plano de Trabalho:</strong> 71,00%<strong><br />
</strong></span></p>
<p><strong>Vigência:</strong> 01/07/2018</p>
<p><strong>Situação: </strong>Prestação de Contas enviada para análise.</p>
<p><strong>Anexo:</strong> <a href="http://www.uern.br/controledepaginas/proplan-convenios-2014/arquivos/5078_pad_806505_2014.pdf">Plano de Aplicação Detalhado</a></p>

<p>CONVÊNIO MCT &#8211; FINEP CONVÊNIO Nº 01.14.0072.00 Objeto: Execução do Projeto &#8220;Infraestrutura de Pesquisa Multiusuária para Ampliação e Consolidação da Pós-Graduação na UERN&#8221;. Valor Global: R$ 3.969.663,62 Valor da Contrapartida: R$ 100.000,00 (UERN) e R$ 1.934.831,81 (FAPERN) Desembolso: R$ 3.869.663,92 Percentual executado do Plano de Trabalho: 98,45% Vigência: 26/09/2025 Situação: Em execução. Anexo: Plano de Aplicação [&hellip;]</p>
