{"id":812,"date":"2023-02-28T14:02:46","date_gmt":"2023-02-28T17:02:46","guid":{"rendered":"https:\/\/portal.uern.br\/proplan\/?page_id=812"},"modified":"2025-07-28T10:52:57","modified_gmt":"2025-07-28T13:52:57","slug":"convenios-emendas-federais-2018","status":"publish","type":"page","link":"https:\/\/portal.uern.br\/proplan\/convenios-emendas-federais-2018\/","title":{"rendered":"Emendas Federais 2018"},"content":{"rendered":"<p><strong>EMENDA PARLAMENTAR INDIVIDUAL N\u00b0 38060009<\/strong><\/p>\n<p><strong>PARLAMENTAR AUTOR DA EMENDA:<\/strong>\u00a0F\u00e1tima Bezerra<\/p>\n<p><strong>PROPOSTA N\u00ba 25770\/2018<\/strong><\/p>\n<p><strong>CONV\u00caNIO N\u00ba 873021\/2018<\/strong><\/p>\n<p><strong>Objeto:<\/strong> Aquisi\u00e7\u00e3o de equipamentos e material permanentes para atendimento das demandas acad\u00eamicas e administrativas dos cursos de gradua\u00e7\u00e3o e p\u00f3s-gradua\u00e7\u00e3o dos campi de Patu e Pau dos Ferros da Universidade do Estado do Rio Grande do Norte.<\/p>\n<p><strong>Valor Global:<\/strong> R$ 253.903,30<\/p>\n<p><strong>Valor da Contrapartida:<\/strong> R$ 3.903,30<\/p>\n<p><strong>Desembolso:<\/strong> R$ 204.201,65<\/p>\n<p><strong>Percentual executado do Plano de Trabalho:<\/strong> 78,00%<\/p>\n<p><strong>Vig\u00eancia:<\/strong> 03\/02\/2026<\/p>\n<p><strong>Situa\u00e7\u00e3o:<\/strong> Em execu\u00e7\u00e3o.<\/p>\n<p><strong>Anexo: <\/strong><a href=\"https:\/\/www.uern.br\/controledepaginas\/proplan-convenios-emendas-federais-2018\/arquivos\/4685_extrato_convenio_873021.2018.pdf\">Extrato do Conv\u00eanio<\/a><\/p>\n<p>Maiores informa\u00e7\u00f5es acesse o <a href=\"http:\/\/www.portaltransparencia.gov.br\/convenios\/873021?ordenarPor=data&amp;direcao=desc\">Portal da Transpar\u00eancia<\/a><\/p>\n<hr \/>\n<p><strong>EMENDA PARLAMENTAR INDIVIDUAL N\u00b0 <\/strong><strong>20330009<\/strong><\/p>\n<p><strong>PARLAMENTAR AUTOR DA EMENDA:<\/strong>\u00a0Garibaldi Alves Filho<\/p>\n<p><strong>PROPOSTA N\u00ba 25771\/2018<\/strong><\/p>\n<p><strong>CONV\u00caNIO N\u00ba 873485\/2018<\/strong><\/p>\n<p><strong>Objeto:<\/strong> Aquisi\u00e7\u00e3o de equipamentos e material permanentes para atendimento das demandas acad\u00eamicas e administrativas dos cursos de gradua\u00e7\u00e3o e p\u00f3s-gradua\u00e7\u00e3o do campus de Patu, da Universidade do Estado do Rio Grande do Norte.<\/p>\n<p><strong>Valor Global:<\/strong> R$ 187.862,70<\/p>\n<p><strong>Valor da Contrapartida:<\/strong> R$ 1.862,70<\/p>\n<p><strong>Desembolso:<\/strong> R$ 130.214,30<\/p>\n<p><strong>Percentual executado do Plano de Trabalho:<\/strong> 68,53%<\/p>\n<p><strong>Vig\u00eancia:<\/strong> 26\/02\/2023<\/p>\n<p><strong>Situa\u00e7\u00e3o:<\/strong> Em execu\u00e7\u00e3o.<\/p>\n<p><strong>Anexo: <\/strong><a href=\"https:\/\/www.uern.br\/controledepaginas\/proplan-convenios-emendas-federais-2018\/arquivos\/4685_extrato_convenio_873485.2018.pdf\">Extrato do Conv\u00eanio<\/a><\/p>\n<p>Maiores informa\u00e7\u00f5es acesse o <a href=\"http:\/\/www.portaltransparencia.gov.br\/convenios\/873485?ordenarPor=data&amp;direcao=desc\">Portal da Transpar\u00eancia<\/a><\/p>\n<hr \/>\n<p><strong>EMENDA PARLAMENTAR INDIVIDUAL N\u00b0 <\/strong><strong>21230013<\/strong><\/p>\n<p><strong>PARLAMENTAR AUTOR DA EMENDA:<\/strong>\u00a0Jos\u00e9 Agripino<\/p>\n<p><strong>PROPOSTA N\u00ba 25772\/2018<\/strong><\/p>\n<p><strong>CONV\u00caNIO N\u00ba 872856\/2018<\/strong><\/p>\n<p><strong>Objeto:<\/strong> Aquisi\u00e7\u00e3o de equipamentos e material permanentes para atendimento das demandas acad\u00eamicas e administrativas dos cursos de gradua\u00e7\u00e3o e p\u00f3s-gradua\u00e7\u00e3o da Universidade do Estado do Rio Grande do Norte.<\/p>\n<p><strong>Valor Global:<\/strong> R$ 102.929,25<\/p>\n<p><strong>Valor da Contrapartida:<\/strong> R$ 2.929,25<\/p>\n<p><strong>Desembolso:<\/strong> R$ 82.765,22<\/p>\n<p><strong>Percentual executado do Plano de Trabalho:<\/strong> 78,00%<\/p>\n<p><strong>Vig\u00eancia:<\/strong> 28\/08\/2025<\/p>\n<p><strong>Situa\u00e7\u00e3o:<\/strong> Em execu\u00e7\u00e3o.<\/p>\n<p><strong>Anexo: <\/strong><a href=\"https:\/\/www.uern.br\/controledepaginas\/proplan-convenios-emendas-federais-2018\/arquivos\/4685_extrato_convenio_872856.2018.pdf\">Extrato do Conv\u00eanio<\/a><\/p>\n<p>Maiores informa\u00e7\u00f5es acesse o <a href=\"http:\/\/www.portaltransparencia.gov.br\/convenios\/872856?ordenarPor=data&amp;direcao=desc\">Portal da Transpar\u00eancia<\/a><\/p>\n<hr \/>\n<p><strong>EMENDA PARLAMENTAR INDIVIDUAL N\u00b0 <\/strong><strong>30540005<\/strong><\/p>\n<p><strong>PARLAMENTAR AUTOR DA EMENDA:<\/strong>\u00a0Beto Rosado<\/p>\n<p><strong>PROPOSTA N\u00ba 25773\/2018<\/strong><\/p>\n<p><strong>CONV\u00caNIO N\u00ba 882055\/2018<\/strong><\/p>\n<p><strong>Objeto:<\/strong> Constru\u00e7\u00e3o da 4\u00aa Etapa da Sede da Faculdade de Ci\u00eancias Exatas e Naturais (FANAT), no Campus Central da Universidade do Estado do Rio Grande do Norte (UERN).<\/p>\n<p><strong>Valor Global:<\/strong>\u00a0R$ 1.509.033,73<\/p>\n<p><strong>Valor da Contrapartida:<\/strong> R$ 509.033,73<\/p>\n<p>Desembolso: R$ 200.000,00<\/p>\n<p><strong>Vig\u00eancia:<\/strong> 31\/11\/2025<\/p>\n<p><strong>Situa\u00e7\u00e3o:<\/strong> Em execu\u00e7\u00e3o.<\/p>\n<p><strong>Anexo: <\/strong><a href=\"https:\/\/www.uern.br\/controledepaginas\/proplan-convenios-emendas-federais-2018\/arquivos\/4685_extrato_convenio_882055.2018.pdf\">Extrato do Conv\u00eanio<\/a><\/p>\n<p>Maiores informa\u00e7\u00f5es acesse o <a href=\"http:\/\/www.portaltransparencia.gov.br\/convenios\/882055?ordenarPor=data&amp;direcao=desc\">Portal da Transpar\u00eancia<\/a><\/p>\n<hr \/>\n<p><strong>EMENDA PARLAMENTAR INDIVIDUAL N\u00b0 <\/strong><strong>24470015<\/strong><\/p>\n<p><strong>PARLAMENTAR AUTOR DA EMENDA:<\/strong>\u00a0Rog\u00e9rio Marinho<\/p>\n<p><strong>PROPOSTA N\u00ba 25775\/2018<\/strong><\/p>\n<p><strong>CONV\u00caNIO N\u00ba 874853\/2018<\/strong><\/p>\n<p><strong>Objeto:<\/strong> Amplia\u00e7\u00e3o dos ambulat\u00f3rios da Faculdade de Ci\u00eancias da Sa\u00fade da Universidade do Estado do Rio Grande do Norte (FACS\/UERN).<\/p>\n<p><strong>Valor Global:<\/strong> R$ 285.032,57<\/p>\n<p><strong>Valor da Contrapartida:<\/strong> R$ 35.032,57<\/p>\n<p><strong>Vig\u00eancia:<\/strong> 21\/12\/2026<\/p>\n<p><strong>Situa\u00e7\u00e3o:<\/strong> Em execu\u00e7\u00e3o.<\/p>\n<p><strong>Anexo: <\/strong><a href=\"https:\/\/www.uern.br\/controledepaginas\/proplan-convenios-emendas-federais-2018\/arquivos\/4685_extrato_convenio_874853.2018.pdf\">Extrato do Conv\u00eanio<\/a><\/p>\n<p>Maiores informa\u00e7\u00f5es acesse o <a href=\"http:\/\/www.portaltransparencia.gov.br\/convenios\/874853?ordenarPor=data&amp;direcao=desc\">Portal da Transpar\u00eancia<\/a><\/p>\n<hr \/>\n<p><strong>EMENDA PARLAMENTAR INDIVIDUAL N\u00b0 <\/strong><strong>37790008<\/strong><\/p>\n<p><strong>PARLAMENTAR AUTOR DA EMENDA:<\/strong>\u00a0Walter Alves<\/p>\n<p><strong>PROPOSTA N\u00ba 25776\/2018<\/strong><\/p>\n<p><strong>CONV\u00caNIO N\u00ba 873157\/2018<\/strong><\/p>\n<p><strong>Objeto:<\/strong> Aquisi\u00e7\u00e3o de equipamentos e material permanentes para atendimento das demandas acad\u00eamicas e administrativas dos cursos de gradua\u00e7\u00e3o e p\u00f3s-gradua\u00e7\u00e3o do campus de Patu, da Universidade do Estado do Rio Grande do Norte.<\/p>\n<p><strong>Valor Global:<\/strong> R$ 202.404,56<\/p>\n<p><strong>Valor da Contrapartida:<\/strong> R$ 2.404,56<\/p>\n<p><strong>Desembolso:<\/strong> R$ 175.879,64<\/p>\n<p><strong>Percentual executado do Plano de Trabalho:<\/strong> 81,62%<\/p>\n<p><strong>Vig\u00eancia:<\/strong> 08\/03\/2024<\/p>\n<p><strong>Situa\u00e7\u00e3o:<\/strong> Presta\u00e7\u00e3o de Contas enviada para an\u00e1lise.<\/p>\n<p><strong>Anexo: <\/strong><a href=\"https:\/\/www.uern.br\/controledepaginas\/proplan-convenios-emendas-federais-2018\/arquivos\/4685_extrato_convenio_873157.2018.pdf\">Extrato do Conv\u00eanio<\/a><\/p>\n<p>Maiores informa\u00e7\u00f5es acesse o <a href=\"http:\/\/www.portaltransparencia.gov.br\/convenios\/873157?ordenarPor=data&amp;direcao=desc\">Portal da Transpar\u00eancia<\/a><\/p>\n<hr \/>\n<p><strong>EMENDA PARLAMENTAR INDIVIDUAL N\u00b0 <\/strong><strong>37840006<\/strong><\/p>\n<p><strong>PARLAMENTAR AUTOR DA EMENDA:<\/strong> Zenaide Maia<strong><br \/>\n<\/strong><\/p>\n<p><strong>PROPOSTA N\u00ba 25777\/2018<\/strong><\/p>\n<p><strong>CONV\u00caNIO N\u00ba 873480\/2018<\/strong><\/p>\n<p><strong>Objeto:<\/strong> Aquisi\u00e7\u00e3o de equipamentos e material permanentes para atendimento das demandas acad\u00eamicas e administrativas dos cursos de gradua\u00e7\u00e3o e p\u00f3s-gradua\u00e7\u00e3o da Universidade do Estado do Rio Grande do Norte.<\/p>\n<p><strong>Valor Global:<\/strong> R$ 202.404,56<\/p>\n<p><strong>Valor da Contrapartida:<\/strong> R$ 2.404,56<\/p>\n<p><strong>Desembolso:<\/strong> R$ 165.196,54<\/p>\n<p><strong>Percentual executado do Plano de Trabalho:<\/strong> 81,62%<\/p>\n<p><strong>Vig\u00eancia:<\/strong> 27\/02\/2024<\/p>\n<p><strong>Situa\u00e7\u00e3o:<\/strong> Em execu\u00e7\u00e3o.<\/p>\n<p><strong>Anexo: <\/strong><a href=\"https:\/\/www.uern.br\/controledepaginas\/proplan-convenios-emendas-federais-2018\/arquivos\/4685_extrato_convenio_873480.2018.pdf\">Extrato do Conv\u00eanio<\/a><\/p>\n<p>Maiores informa\u00e7\u00f5es acesse o <a href=\"http:\/\/www.portaltransparencia.gov.br\/convenios\/873480?ordenarPor=data&amp;direcao=desc\">Portal da Transpar\u00eancia<\/a><\/p>\n<hr \/>\n<p><strong>EMENDA PARLAMENTAR INDIVIDUAL N\u00b0 24480012<\/strong><\/p>\n<p><strong>PARLAMENTAR AUTOR DA EMENDA:<\/strong>\u00a0Felipe Maia<\/p>\n<p><strong>PROPOSTA N\u00ba 40062\/2018<\/strong><\/p>\n<p><strong>CONV\u00caNIO N\u00ba 879145\/2018<\/strong><\/p>\n<p><strong>Objeto:<\/strong> Aquisi\u00e7\u00e3o de Aparelhos de Ar Condicionado tipo Split para atendimento das demandas acad\u00eamicas e administrativas dos cursos de gradua\u00e7\u00e3o e p\u00f3s-gradua\u00e7\u00e3o da Universidade do Estado do Rio Grande do Norte \u2013 UERN.<\/p>\n<p><strong>Valor Global:<\/strong> R$ 102.581,00<\/p>\n<p><strong>Valor da Contrapartida:<\/strong> R$ 2.581,00<\/p>\n<p><strong>Desembolso:<\/strong> R$ 100.000,00<\/p>\n<p><strong>Percentual executado do Plano de Trabalho:<\/strong> 100%<\/p>\n<p><strong>Vig\u00eancia:<\/strong> 10\/04\/2023<\/p>\n<p><strong>Situa\u00e7\u00e3o:<\/strong> Presta\u00e7\u00e3o de Contas enviada para an\u00e1lise.<\/p>\n<p><strong>Anexo: <\/strong><a href=\"https:\/\/www.uern.br\/controledepaginas\/proplan-convenios-emendas-federais-2018\/arquivos\/4685_extrato_convenio_879145.2018.pdf\">Extrato do Conv\u00eanio<\/a><\/p>\n<p>Maiores informa\u00e7\u00f5es acesse o <a href=\"http:\/\/www.portaltransparencia.gov.br\/convenios\/879145?ordenarPor=data&amp;direcao=desc\">Portal da Transpar\u00eancia<\/a><\/p>\n","protected":false},"excerpt":{"rendered":"<p>EMENDA PARLAMENTAR INDIVIDUAL N\u00b0 38060009 PARLAMENTAR AUTOR DA EMENDA:\u00a0F\u00e1tima Bezerra PROPOSTA N\u00ba 25770\/2018 CONV\u00caNIO N\u00ba 873021\/2018 Objeto: Aquisi\u00e7\u00e3o de equipamentos e material permanentes para atendimento das demandas acad\u00eamicas e administrativas dos cursos de gradua\u00e7\u00e3o e p\u00f3s-gradua\u00e7\u00e3o dos campi de Patu e Pau dos Ferros da Universidade do Estado do Rio Grande do Norte. Valor Global: [&hellip;]<\/p>\n","protected":false},"author":2,"featured_media":0,"parent":0,"menu_order":0,"comment_status":"closed","ping_status":"closed","template":"","meta":{"footnotes":""},"class_list":["post-812","page","type-page","status-publish","hentry"],"_links":{"self":[{"href":"https:\/\/portal.uern.br\/proplan\/wp-json\/wp\/v2\/pages\/812","targetHints":{"allow":["GET"]}}],"collection":[{"href":"https:\/\/portal.uern.br\/proplan\/wp-json\/wp\/v2\/pages"}],"about":[{"href":"https:\/\/portal.uern.br\/proplan\/wp-json\/wp\/v2\/types\/page"}],"author":[{"embeddable":true,"href":"https:\/\/portal.uern.br\/proplan\/wp-json\/wp\/v2\/users\/2"}],"replies":[{"embeddable":true,"href":"https:\/\/portal.uern.br\/proplan\/wp-json\/wp\/v2\/comments?post=812"}],"version-history":[{"count":3,"href":"https:\/\/portal.uern.br\/proplan\/wp-json\/wp\/v2\/pages\/812\/revisions"}],"predecessor-version":[{"id":2324,"href":"https:\/\/portal.uern.br\/proplan\/wp-json\/wp\/v2\/pages\/812\/revisions\/2324"}],"wp:attachment":[{"href":"https:\/\/portal.uern.br\/proplan\/wp-json\/wp\/v2\/media?parent=812"}],"curies":[{"name":"wp","href":"https:\/\/api.w.org\/{rel}","templated":true}]}}