{"id":807,"date":"2023-02-28T13:54:03","date_gmt":"2023-02-28T16:54:03","guid":{"rendered":"https:\/\/portal.uern.br\/proplan\/?page_id=807"},"modified":"2025-07-28T10:13:19","modified_gmt":"2025-07-28T13:13:19","slug":"convenios-emendas-federais-2016","status":"publish","type":"page","link":"https:\/\/portal.uern.br\/proplan\/convenios-emendas-federais-2016\/","title":{"rendered":"Emendas Federais 2016"},"content":{"rendered":"<p><strong>EMENDA PARLAMENTAR INDIVIDUAL N\u00b0 30490004<\/strong><\/p>\n<p><strong>PARLAMENTAR AUTOR DA EMENDA:<\/strong> Ant\u00f4nio J\u00e1come<strong><br \/>\n<\/strong><\/p>\n<p><strong>CONV\u00caNIO N\u00ba 836122\/2016<\/strong><\/p>\n<p><strong>Objeto:<\/strong> Aquisi\u00e7\u00e3o de ve\u00edculo tipo micro-\u00f4nibus.<\/p>\n<p><strong>Valor Global:<\/strong> R$ 256.322,22<\/p>\n<p><strong>Valor da Contrapartida:<\/strong> R$ 6.322,22<\/p>\n<p><strong>Desembolso:<\/strong> R$ 250.000,00<\/p>\n<p><strong>Percentual executado do Plano de Trabalho:<\/strong> 100%<\/p>\n<p><strong>Vig\u00eancia:<\/strong> 31\/01\/2022<\/p>\n<p><strong>Situa\u00e7\u00e3o:<\/strong> Presta\u00e7\u00e3o de Contas enviada para an\u00e1lise.<\/p>\n<p><strong>OBS:<\/strong> Ajuste do Plano de Trabalho (PT) aprovado em julho de 2020 (o valor pactuado no conv\u00eanio para aquisi\u00e7\u00e3o do ve\u00edculo teve como refer\u00eancia a pesquisa mercadol\u00f3gica realizada em 2016 no valor de R$ 256.322,22, devido a altera\u00e7\u00f5es do valor de mercado do ve\u00edculo entre os anos de 2016 e 2019, foi necess\u00e1rio solicitar ajuste de (PT). Licita\u00e7\u00e3o realizada em 2020 foi deserta.<\/p>\n<p><strong>Anexo: <\/strong><a href=\"https:\/\/www.uern.br\/controledepaginas\/proplan-convenios-emendas-federais-2016\/arquivos\/4683_extrato_convenio_836122.2016.pdf\">Extrato do Conv\u00eanio<\/a><\/p>\n<p>Maiores informa\u00e7\u00f5es acesse o <a href=\"http:\/\/www.portaltransparencia.gov.br\/convenios\/836122?ordenarPor=data&amp;direcao=desc\">Portal da Transpar\u00eancia<\/a><\/p>\n<hr \/>\n<p><strong>EMENDA PARLAMENTAR INDIVIDUAL N\u00b0 38060010<\/strong><\/p>\n<p><strong>PARLAMENTAR AUTOR DA EMENDA:<\/strong>\u00a0F\u00e1tima Bezerra<\/p>\n<p><strong>CONV\u00caNIO N\u00ba 836130\/2016<\/strong><\/p>\n<p><strong>Objeto:<\/strong> Aquisi\u00e7\u00e3o de equipamentos para a Faculdade de Ci\u00eancias da Sa\u00fade \u2013 FACS, em Mossor\u00f3\/RN, visando ampliar e aperfei\u00e7oar a realiza\u00e7\u00e3o de pesquisas experimentais\/cl\u00ednicas vinculadas \u00e0 gradua\u00e7\u00e3o, resid\u00eancias m\u00e9dicas e aos programas de P\u00f3s-Gradua\u00e7\u00e3o <em>stricto sensu<\/em> da UERN, assim como otimizar os estudos diagn\u00f3sticos vinculados aos servi\u00e7os ambulatoriais e de verifica\u00e7\u00e3o de \u00f3bitos (SVO) da FACS\/UERN.<\/p>\n<p><strong>Valor Global:<\/strong> R$ 305.213,00<\/p>\n<p><strong>Valor da Contrapartida:<\/strong> R$ 5.213,00<\/p>\n<p><strong>Desembolso:<\/strong> R$ 300.000,00<\/p>\n<p><strong>Percentual executado do Plano de Trabalho:<\/strong> 98,00%<\/p>\n<p><strong>Vig\u00eancia:<\/strong> 29\/04\/2022<\/p>\n<p><strong>Situa\u00e7\u00e3o:<\/strong> Presta\u00e7\u00e3o de Contas enviada para an\u00e1lise.<\/p>\n<p><strong>Anexo: <\/strong><a href=\"https:\/\/www.uern.br\/controledepaginas\/proplan-convenios-emendas-federais-2016\/arquivos\/4683_extrato_convenio_836130.2016.pdf\">Extrato do Conv\u00eanio<\/a><\/p>\n<p>Maiores informa\u00e7\u00f5es acesse o <a href=\"http:\/\/www.portaltransparencia.gov.br\/convenios\/836130?ordenarPor=data&amp;direcao=desc\">Portal da Transpar\u00eancia<\/a><\/p>\n<hr \/>\n<p><strong>EMENDA PARLAMENTAR INDIVIDUAL N\u00b0 24480004<\/strong><\/p>\n<p><strong>PARLAMENTAR AUTOR DA EMENDA:<\/strong>\u00a0Felipe Maia<\/p>\n<p><strong>CONV\u00caNIO N\u00ba 836131\/2016<\/strong><\/p>\n<p><strong>Objeto:<\/strong> Aquisi\u00e7\u00e3o de ve\u00edculos tipo SEDAN com capacidade para 5 passageiros, para atendimento das demandas acad\u00eamicas e administrativas dos cursos de gradua\u00e7\u00e3o e p\u00f3s-gradua\u00e7\u00e3o da Universidade do Estado do Rio Grande do Norte &#8211; UERN.<\/p>\n<p><strong>Valor Global:<\/strong> R$ 151.559,01<\/p>\n<p><strong>Valor da Contrapartida:<\/strong> R$ 1.559,01<\/p>\n<p><strong>Desembolso:<\/strong> R$ 150.000,00<\/p>\n<p><strong>Percentual executado do Plano de Trabalho:<\/strong> 100%<\/p>\n<p><strong>Vig\u00eancia:<\/strong> 31\/01\/2022<\/p>\n<p><strong>Situa\u00e7\u00e3o:<\/strong> Presta\u00e7\u00e3o de Contas enviada para an\u00e1lise.<\/p>\n<p><strong>OBS:<\/strong> Ajuste do Plano de Trabalho (PT) aprovado em julho de 2020 (o valor pactuado no conv\u00eanio para aquisi\u00e7\u00e3o do ve\u00edculo teve como refer\u00eancia a pesquisa mercadol\u00f3gica realizada em 2016 no valor de R$ 256.322,22, devido a altera\u00e7\u00f5es do valor de mercado do ve\u00edculo entre os anos de 2016 e 2019, foi necess\u00e1rio solicitar ajuste de (PT).<\/p>\n<p><strong>Anexo: <\/strong><a href=\"https:\/\/www.uern.br\/controledepaginas\/proplan-convenios-emendas-federais-2016\/arquivos\/4683_extrato_convenio_836131.2016.pdf\">Extrato do Conv\u00eanio<\/a><\/p>\n<p>Maiores informa\u00e7\u00f5es acesse o <a href=\"http:\/\/www.portaltransparencia.gov.br\/convenios\/836131?ordenarPor=data&amp;direcao=desc\">Portal da Transpar\u00eancia<\/a><\/p>\n<hr \/>\n<p><strong>EMENDA PARLAMENTAR INDIVIDUAL N\u00b0 21230003<\/strong><\/p>\n<p><strong>PARLAMENTAR AUTOR DA EMENDA:<\/strong> Jos\u00e9 Agripino<\/p>\n<p><strong>CONV\u00caNIO N\u00ba 836132\/2016<\/strong><\/p>\n<p><strong>Objeto:<\/strong> \u00a0Aquisi\u00e7\u00e3o de equipamentos e materiais permanentes para fins de estrutura\u00e7\u00e3o dos laborat\u00f3rios de Semiologia, Farmacologia, Bioqu\u00edmica, Biologia Celular e Molecular e Cl\u00ednicas Odontol\u00f3gicas do Campus Avan\u00e7ado de Caic\u00f3 (CAC) da Universidade do Estado do Rio Grande do Norte &#8211; UERN.<\/p>\n<p><strong>Valor Global:<\/strong> R$ 152.728,98<\/p>\n<p><strong>Valor da Contrapartida:<\/strong> R$ 2.728,98<\/p>\n<p><strong>Desembolso:<\/strong> R$ 150.000,00<\/p>\n<p><strong>Percentual executado do Plano de Trabalho:<\/strong> 59,00%<\/p>\n<p><strong>Vig\u00eancia:<\/strong> 10\/02\/2026<\/p>\n<p><strong>Situa\u00e7\u00e3o:<\/strong> Em execu\u00e7\u00e3o.<\/p>\n<p><strong>Anexo: <\/strong><a href=\"https:\/\/www.uern.br\/controledepaginas\/proplan-convenios-emendas-federais-2016\/arquivos\/4683_extrato_convenio_836132.2016.pdf\">Extrato do Conv\u00eanio<\/a><\/p>\n<p>Maiores informa\u00e7\u00f5es acesse o <a href=\"http:\/\/www.portaltransparencia.gov.br\/convenios\/836132?ordenarPor=data&amp;direcao=desc\">Portal da Transpar\u00eancia<\/a><\/p>\n","protected":false},"excerpt":{"rendered":"<p>EMENDA PARLAMENTAR INDIVIDUAL N\u00b0 30490004 PARLAMENTAR AUTOR DA EMENDA: Ant\u00f4nio J\u00e1come CONV\u00caNIO N\u00ba 836122\/2016 Objeto: Aquisi\u00e7\u00e3o de ve\u00edculo tipo micro-\u00f4nibus. Valor Global: R$ 256.322,22 Valor da Contrapartida: R$ 6.322,22 Desembolso: R$ 250.000,00 Percentual executado do Plano de Trabalho: 100% Vig\u00eancia: 31\/01\/2022 Situa\u00e7\u00e3o: Presta\u00e7\u00e3o de Contas enviada para an\u00e1lise. OBS: Ajuste do Plano de Trabalho (PT) [&hellip;]<\/p>\n","protected":false},"author":2,"featured_media":0,"parent":0,"menu_order":0,"comment_status":"closed","ping_status":"closed","template":"","meta":{"footnotes":""},"class_list":["post-807","page","type-page","status-publish","hentry"],"_links":{"self":[{"href":"https:\/\/portal.uern.br\/proplan\/wp-json\/wp\/v2\/pages\/807","targetHints":{"allow":["GET"]}}],"collection":[{"href":"https:\/\/portal.uern.br\/proplan\/wp-json\/wp\/v2\/pages"}],"about":[{"href":"https:\/\/portal.uern.br\/proplan\/wp-json\/wp\/v2\/types\/page"}],"author":[{"embeddable":true,"href":"https:\/\/portal.uern.br\/proplan\/wp-json\/wp\/v2\/users\/2"}],"replies":[{"embeddable":true,"href":"https:\/\/portal.uern.br\/proplan\/wp-json\/wp\/v2\/comments?post=807"}],"version-history":[{"count":5,"href":"https:\/\/portal.uern.br\/proplan\/wp-json\/wp\/v2\/pages\/807\/revisions"}],"predecessor-version":[{"id":2322,"href":"https:\/\/portal.uern.br\/proplan\/wp-json\/wp\/v2\/pages\/807\/revisions\/2322"}],"wp:attachment":[{"href":"https:\/\/portal.uern.br\/proplan\/wp-json\/wp\/v2\/media?parent=807"}],"curies":[{"name":"wp","href":"https:\/\/api.w.org\/{rel}","templated":true}]}}

<p><strong>EMENDA PARLAMENTAR INDIVIDUAL N° 30490004</strong></p>
<p><strong>PARLAMENTAR AUTOR DA EMENDA:</strong> Antônio Jácome<strong><br />
</strong></p>
<p><strong>CONVÊNIO Nº 836122/2016</strong></p>
<p><strong>Objeto:</strong> Aquisição de veículo tipo micro-ônibus.</p>
<p><strong>Valor Global:</strong> R$ 256.322,22</p>
<p><strong>Valor da Contrapartida:</strong> R$ 6.322,22</p>
<p><strong>Desembolso:</strong> R$ 250.000,00</p>
<p><strong>Percentual executado do Plano de Trabalho:</strong> 100%</p>
<p><strong>Vigência:</strong> 31/01/2022</p>
<p><strong>Situação:</strong> Prestação de Contas enviada para análise.</p>
<p><strong>OBS:</strong> Ajuste do Plano de Trabalho (PT) aprovado em julho de 2020 (o valor pactuado no convênio para aquisição do veículo teve como referência a pesquisa mercadológica realizada em 2016 no valor de R$ 256.322,22, devido a alterações do valor de mercado do veículo entre os anos de 2016 e 2019, foi necessário solicitar ajuste de (PT). Licitação realizada em 2020 foi deserta.</p>
<p><strong>Anexo: </strong><a href="https://www.uern.br/controledepaginas/proplan-convenios-emendas-federais-2016/arquivos/4683_extrato_convenio_836122.2016.pdf">Extrato do Convênio</a></p>
<p>Maiores informações acesse o <a href="http://www.portaltransparencia.gov.br/convenios/836122?ordenarPor=data&amp;direcao=desc">Portal da Transparência</a></p>
<hr />
<p><strong>EMENDA PARLAMENTAR INDIVIDUAL N° 38060010</strong></p>
<p><strong>PARLAMENTAR AUTOR DA EMENDA:</strong> Fátima Bezerra</p>
<p><strong>CONVÊNIO Nº 836130/2016</strong></p>
<p><strong>Objeto:</strong> Aquisição de equipamentos para a Faculdade de Ciências da Saúde – FACS, em Mossoró/RN, visando ampliar e aperfeiçoar a realização de pesquisas experimentais/clínicas vinculadas à graduação, residências médicas e aos programas de Pós-Graduação <em>stricto sensu</em> da UERN, assim como otimizar os estudos diagnósticos vinculados aos serviços ambulatoriais e de verificação de óbitos (SVO) da FACS/UERN.</p>
<p><strong>Valor Global:</strong> R$ 305.213,00</p>
<p><strong>Valor da Contrapartida:</strong> R$ 5.213,00</p>
<p><strong>Desembolso:</strong> R$ 300.000,00</p>
<p><strong>Percentual executado do Plano de Trabalho:</strong> 98,00%</p>
<p><strong>Vigência:</strong> 29/04/2022</p>
<p><strong>Situação:</strong> Prestação de Contas enviada para análise.</p>
<p><strong>Anexo: </strong><a href="https://www.uern.br/controledepaginas/proplan-convenios-emendas-federais-2016/arquivos/4683_extrato_convenio_836130.2016.pdf">Extrato do Convênio</a></p>
<p>Maiores informações acesse o <a href="http://www.portaltransparencia.gov.br/convenios/836130?ordenarPor=data&amp;direcao=desc">Portal da Transparência</a></p>
<hr />
<p><strong>EMENDA PARLAMENTAR INDIVIDUAL N° 24480004</strong></p>
<p><strong>PARLAMENTAR AUTOR DA EMENDA:</strong> Felipe Maia</p>
<p><strong>CONVÊNIO Nº 836131/2016</strong></p>
<p><strong>Objeto:</strong> Aquisição de veículos tipo SEDAN com capacidade para 5 passageiros, para atendimento das demandas acadêmicas e administrativas dos cursos de graduação e pós-graduação da Universidade do Estado do Rio Grande do Norte &#8211; UERN.</p>
<p><strong>Valor Global:</strong> R$ 151.559,01</p>
<p><strong>Valor da Contrapartida:</strong> R$ 1.559,01</p>
<p><strong>Desembolso:</strong> R$ 150.000,00</p>
<p><strong>Percentual executado do Plano de Trabalho:</strong> 100%</p>
<p><strong>Vigência:</strong> 31/01/2022</p>
<p><strong>Situação:</strong> Prestação de Contas enviada para análise.</p>
<p><strong>OBS:</strong> Ajuste do Plano de Trabalho (PT) aprovado em julho de 2020 (o valor pactuado no convênio para aquisição do veículo teve como referência a pesquisa mercadológica realizada em 2016 no valor de R$ 256.322,22, devido a alterações do valor de mercado do veículo entre os anos de 2016 e 2019, foi necessário solicitar ajuste de (PT).</p>
<p><strong>Anexo: </strong><a href="https://www.uern.br/controledepaginas/proplan-convenios-emendas-federais-2016/arquivos/4683_extrato_convenio_836131.2016.pdf">Extrato do Convênio</a></p>
<p>Maiores informações acesse o <a href="http://www.portaltransparencia.gov.br/convenios/836131?ordenarPor=data&amp;direcao=desc">Portal da Transparência</a></p>
<hr />
<p><strong>EMENDA PARLAMENTAR INDIVIDUAL N° 21230003</strong></p>
<p><strong>PARLAMENTAR AUTOR DA EMENDA:</strong> José Agripino</p>
<p><strong>CONVÊNIO Nº 836132/2016</strong></p>
<p><strong>Objeto:</strong>  Aquisição de equipamentos e materiais permanentes para fins de estruturação dos laboratórios de Semiologia, Farmacologia, Bioquímica, Biologia Celular e Molecular e Clínicas Odontológicas do Campus Avançado de Caicó (CAC) da Universidade do Estado do Rio Grande do Norte &#8211; UERN.</p>
<p><strong>Valor Global:</strong> R$ 152.728,98</p>
<p><strong>Valor da Contrapartida:</strong> R$ 2.728,98</p>
<p><strong>Desembolso:</strong> R$ 150.000,00</p>
<p><strong>Percentual executado do Plano de Trabalho:</strong> 59,00%</p>
<p><strong>Vigência:</strong> 10/02/2026</p>
<p><strong>Situação:</strong> Em execução.</p>
<p><strong>Anexo: </strong><a href="https://www.uern.br/controledepaginas/proplan-convenios-emendas-federais-2016/arquivos/4683_extrato_convenio_836132.2016.pdf">Extrato do Convênio</a></p>
<p>Maiores informações acesse o <a href="http://www.portaltransparencia.gov.br/convenios/836132?ordenarPor=data&amp;direcao=desc">Portal da Transparência</a></p>

<p>EMENDA PARLAMENTAR INDIVIDUAL N° 30490004 PARLAMENTAR AUTOR DA EMENDA: Antônio Jácome CONVÊNIO Nº 836122/2016 Objeto: Aquisição de veículo tipo micro-ônibus. Valor Global: R$ 256.322,22 Valor da Contrapartida: R$ 6.322,22 Desembolso: R$ 250.000,00 Percentual executado do Plano de Trabalho: 100% Vigência: 31/01/2022 Situação: Prestação de Contas enviada para análise. OBS: Ajuste do Plano de Trabalho (PT) [&hellip;]</p>
