{"id":780,"date":"2023-02-28T11:37:34","date_gmt":"2023-02-28T14:37:34","guid":{"rendered":"https:\/\/portal.uern.br\/proplan\/?page_id=780"},"modified":"2023-02-28T11:49:06","modified_gmt":"2023-02-28T14:49:06","slug":"convenios-emendas-estaduais-2021","status":"publish","type":"page","link":"https:\/\/portal.uern.br\/proplan\/convenios-emendas-estaduais-2021\/","title":{"rendered":"Emendas Estaduais 2021"},"content":{"rendered":"<div>\n<p><strong>EMENDA N\u00ba 103<br \/>\n<\/strong><\/p>\n<\/div>\n<p><strong>Parlamentar: <\/strong>Francisco do PT<\/p>\n<p><strong>Objeto: <\/strong>Destina cr\u00e9dito or\u00e7ament\u00e1rio do Or\u00e7amento Geral do Estado, Exerc\u00edcio 2021, para aparelhamento das Unidades da Funda\u00e7\u00e3o Universidade do Estado do Rio Grande do Norte.<\/p>\n<p><strong>Valor:<\/strong> R$ 100.000,00<\/p>\n<p><a href=\"https:\/\/www.uern.br\/controledepaginas\/proplan-convenios-emendas-estaduais-2021\/arquivos\/6248_emenda_103_francisco_do_pt.pdf\">Relat\u00f3rio SIGEF<\/a><\/p>\n","protected":false},"excerpt":{"rendered":"<p>EMENDA N\u00ba 103 Parlamentar: Francisco do PT Objeto: Destina cr\u00e9dito or\u00e7ament\u00e1rio do Or\u00e7amento Geral do Estado, Exerc\u00edcio 2021, para aparelhamento das Unidades da Funda\u00e7\u00e3o Universidade do Estado do Rio Grande do Norte. Valor: R$ 100.000,00 Relat\u00f3rio SIGEF<\/p>\n","protected":false},"author":2,"featured_media":0,"parent":0,"menu_order":0,"comment_status":"closed","ping_status":"closed","template":"","meta":{"footnotes":""},"class_list":["post-780","page","type-page","status-publish","hentry"],"_links":{"self":[{"href":"https:\/\/portal.uern.br\/proplan\/wp-json\/wp\/v2\/pages\/780","targetHints":{"allow":["GET"]}}],"collection":[{"href":"https:\/\/portal.uern.br\/proplan\/wp-json\/wp\/v2\/pages"}],"about":[{"href":"https:\/\/portal.uern.br\/proplan\/wp-json\/wp\/v2\/types\/page"}],"author":[{"embeddable":true,"href":"https:\/\/portal.uern.br\/proplan\/wp-json\/wp\/v2\/users\/2"}],"replies":[{"embeddable":true,"href":"https:\/\/portal.uern.br\/proplan\/wp-json\/wp\/v2\/comments?post=780"}],"version-history":[{"count":2,"href":"https:\/\/portal.uern.br\/proplan\/wp-json\/wp\/v2\/pages\/780\/revisions"}],"predecessor-version":[{"id":789,"href":"https:\/\/portal.uern.br\/proplan\/wp-json\/wp\/v2\/pages\/780\/revisions\/789"}],"wp:attachment":[{"href":"https:\/\/portal.uern.br\/proplan\/wp-json\/wp\/v2\/media?parent=780"}],"curies":[{"name":"wp","href":"https:\/\/api.w.org\/{rel}","templated":true}]}}