{"id":774,"date":"2023-02-28T11:35:31","date_gmt":"2023-02-28T14:35:31","guid":{"rendered":"https:\/\/portal.uern.br\/proplan\/?page_id=774"},"modified":"2023-02-28T11:50:57","modified_gmt":"2023-02-28T14:50:57","slug":"convenios-emendas-estaduais-2018","status":"publish","type":"page","link":"https:\/\/portal.uern.br\/proplan\/convenios-emendas-estaduais-2018\/","title":{"rendered":"Emendas Estaduais 2018"},"content":{"rendered":"<div>\n<p><strong>EMENDA N\u00ba 42<\/strong><\/p>\n<\/div>\n<p><strong>Parlamentar:<\/strong> Carlos Augusto Maia<\/p>\n<p><strong>Objetivo:<\/strong> Destinar recursos para constru\u00e7\u00e3o, adapta\u00e7\u00e3o e melhoria da infraestrutura da Funda\u00e7\u00e3o Universidade do Estado do RN &#8211; FUERN.<\/p>\n<p><strong>Valor:<\/strong> R$ 100.000,00<\/p>\n<p><strong>Processo(s) Licitat\u00f3rio(s):<\/strong> Tomada de pre\u00e7os n\u00ba 002\/2018 (Processo n\u00ba 2261\/2018) &#8211; contrata\u00e7\u00e3o de empresa para a realiza\u00e7\u00e3o da constru\u00e7\u00e3o da Empresa J\u00fanior da UERN. O certame se realizar\u00e1 no dia 16\/10\/2018, \u00e0s 10:00h, conforme publica\u00e7\u00e3o no endere\u00e7o eletr\u00f4nico da UERN (http:\/\/www.uern.br\/servico.asp?item=licitacoes);<\/p>\n<p><a href=\"https:\/\/www.uern.br\/controledepaginas\/proplan-convenios-emendas-estaduais-2018\/arquivos\/4832_emenda_042_carlos_augusto.pdf\">Relat\u00f3rio SIGEF<\/a><\/p>\n<hr \/>\n<div>\n<p><strong>EMENDA N\u00ba 69<\/strong><\/p>\n<\/div>\n<p><strong>Parlamentar:<\/strong> Get\u00falio R\u00eago<\/p>\n<p><strong>Objetivo:<\/strong> Destinar recursos para a aquisi\u00e7\u00e3o de Micro-\u00f4nibus para Funda\u00e7\u00e3o Universidade do Estado do Rio Grande do Norte, Campus Pau dos Ferros.<\/p>\n<p><strong>Valor:<\/strong> R$ 200.000,00<\/p>\n<p><strong>Processo(<\/strong><strong>s) Licitat\u00f3rio(s): <\/strong>Preg\u00e3o Eletr\u00f4nico n\u00ba 010\/2018, do tipo Menor Pre\u00e7o, destinado \u00e0 aquisi\u00e7\u00e3o de ve\u00edculos (Processo n\u00ba 2243\/2018), com certame ocorrido no dia 11\/09\/2018.<\/p>\n<p><a href=\"https:\/\/www.uern.br\/controledepaginas\/proplan-convenios-emendas-estaduais-2018\/arquivos\/4832_emenda_069_getulio_rego.pdf\">Relat\u00f3rio SIGEF<\/a><\/p>\n<hr \/>\n<p><strong>EMENDA N\u00ba 125<\/strong><\/p>\n<p><strong>Parlamentar:<\/strong> Larissa Rosado<\/p>\n<p><strong>Objetivo:<\/strong> Destinar recursos para constru\u00e7\u00e3o, adapta\u00e7\u00e3o e melhoria da infraestrutura (obras de acessibilidade) na Universidade do Estado do RN &#8211; UERN.<\/p>\n<p><strong>Valor:<\/strong> R$ 300.000,00<\/p>\n<p><strong>Processo(<\/strong><strong>s) Licitat\u00f3rio(s): <\/strong>Tomada de Pre\u00e7os n\u00ba 004\/2018 \u2013 Servi\u00e7os de constru\u00e7\u00e3o de pavimenta\u00e7\u00e3o e passeios no Campus Central (Processo n\u00ba 3468\/2018), com certame previsto para ocorrer no dia 18\/10\/2018, conforme publica\u00e7\u00e3o no endere\u00e7o eletr\u00f4nico da UERN (http:\/\/www.uern.br\/servico.asp?item=licitacoes).<\/p>\n<p><a href=\"https:\/\/www.uern.br\/controledepaginas\/proplan-convenios-emendas-estaduais-2018\/arquivos\/4832_emenda_125_larissa_rosado.pdf\">Relat\u00f3rio SIGEF<\/a><\/p>\n<hr \/>\n<p><strong>EMENDA N\u00ba 126<\/strong><\/p>\n<p><strong>Parlamentar:<\/strong> Larissa Rosado<\/p>\n<p><strong>Objetivo:<\/strong> Destinar recursos para constru\u00e7\u00e3o, adapta\u00e7\u00e3o e melhoria da infraestrutura (constru\u00e7\u00e3o da sede da Pr\u00f3-Reitoria de Assist\u00eancia Estudantil) na Universidade do Estado do RN &#8211; UERN.<\/p>\n<p><strong>Valor:<\/strong> R$ 50.000,00<\/p>\n<p><strong>Processo(<\/strong><strong>s) Licitat\u00f3rio(s<\/strong>): Sem processo de licita\u00e7\u00e3o aberto no momento &#8211; Projeto B\u00e1sico em elabora\u00e7\u00e3o.<\/p>\n<p><a href=\"https:\/\/www.uern.br\/controledepaginas\/proplan-convenios-emendas-estaduais-2018\/arquivos\/4832_emenda_126_larissa_rosado.pdf\">Relat\u00f3rio SIGEF<\/a><\/p>\n<hr \/>\n<div>\n<p><strong>EMENDA N\u00ba 127<\/strong><\/p>\n<\/div>\n<p><strong>Parlamentar:<\/strong> Larissa Rosado<\/p>\n<p><strong>Objetivo:<\/strong> Destinar recursos para elabora\u00e7\u00e3o de Estudos e Projetos destinados a fomentar o desenvolvimento das atividades da FUERN.<\/p>\n<p><strong>Valor:<\/strong> R$ 50.000,00<\/p>\n<p><strong>Processo(<\/strong><strong>s) Licitat\u00f3rio(s<\/strong>): Sem processo de licita\u00e7\u00e3o aberto no momento.<\/p>\n<p><a href=\"https:\/\/www.uern.br\/controledepaginas\/proplan-convenios-emendas-estaduais-2018\/arquivos\/4832_emenda_127_larissa_rosado.pdf\">Relat\u00f3rio SIGEF<\/a><\/p>\n<hr \/>\n<p><strong>EMENDA N\u00ba 182<\/strong><\/p>\n<p><strong>Parlamentar:<\/strong> Souza Neto<\/p>\n<p><strong>Objetivo<\/strong>: Destinar recursos para a climatiza\u00e7\u00e3o da Universidade Estadual do Rio Grande do Norte, Campus Central, no Munic\u00edpio de Mossor\u00f3.<\/p>\n<p><strong>Valor<\/strong><strong>:<\/strong> R$ 150.000,00<\/p>\n<p><strong>Processo(<\/strong><strong>s) Licitat\u00f3rio(s<\/strong>): Sem processo de licita\u00e7\u00e3o aberto no momento.<\/p>\n<p><a href=\"https:\/\/www.uern.br\/controledepaginas\/proplan-convenios-emendas-estaduais-2018\/arquivos\/4832_emenda_182_souza_neto.pdf\">Relat\u00f3rio SIGEF<\/a><\/p>\n<hr \/>\n<p><strong>EMENDA N\u00ba 198<\/strong><\/p>\n<p><strong>Parlamentar: <\/strong>M\u00e1rcia Maia<\/p>\n<p><strong>Objetivo: <\/strong>Destinar recursos para dotar de mobili\u00e1rio a Biblioteca do Campus Avan\u00e7ado de Pau dos Ferros da UERN &#8211; CAMEAM.<\/p>\n<p><strong>Valor Global: <\/strong>R$ 50.000,00<\/p>\n<p><strong>Processo(s) Licitat\u00f3rio(s): <\/strong>Preg\u00e3o Eletr\u00f4nico n\u00ba 021\/2018 &#8211; aquisi\u00e7\u00e3o e confec\u00e7\u00e3o de m\u00f3veis em atendimento aos setores acad\u00eamicos e administrativos da FUERN (Processo n\u00ba 2389\/2018) \u2013 certame ocorreu no dia 13\/09\/2018;<\/p>\n<p><a href=\"https:\/\/www.uern.br\/controledepaginas\/proplan-convenios-emendas-estaduais-2018\/arquivos\/4832_emenda_198_marcia_maia.pdf\">Relat\u00f3rio SIGEF<\/a><\/p>\n<hr \/>\n<p><strong>EMENDA N\u00ba 208<\/strong><\/p>\n<p><strong>Parlamentar:<\/strong> Fernando Mineiro<\/p>\n<p><strong>Objetivo: <\/strong>Destinar recursos, para refor\u00e7ar a Dota\u00e7\u00e3o Or\u00e7ament\u00e1ria de Elabora\u00e7\u00e3o de Estudos e Projetos, no \u00e2mbito da Funda\u00e7\u00e3o Universidade Estadual do Rio Grande do Norte &#8211; FUERN.<\/p>\n<p><strong>Valor: <\/strong>R$ 200.000,00.<\/p>\n<p><strong>Processo(s) Licitat\u00f3rio(s): <\/strong><\/p>\n<p>1\u00ba) Dispensa n\u00ba 016\/2018 \u2013 Aquisi\u00e7\u00e3o de bebedouros (Processo n\u00ba 4060\/2018);<\/p>\n<p>2\u00ba) Preg\u00e3o Eletr\u00f4nico n\u00ba 028\/2018 \u2013 Aquisi\u00e7\u00e3o de materiais permanentes de inform\u00e1tica e software (Processo n\u00ba 2623\/2018) &#8211; certame ocorreu no dia 12\/09\/2018;<\/p>\n<p>3\u00ba) Tomada de Pre\u00e7o n\u00ba 003\/2018 &#8211; projeto b\u00e1sico referente aos servi\u00e7os de constru\u00e7\u00e3o do Edif\u00edcio LABTEC SEMI\u00c1RIDO (Processo n\u00ba 2720\/2018);<\/p>\n<p><a href=\"https:\/\/www.uern.br\/controledepaginas\/proplan-convenios-emendas-estaduais-2018\/arquivos\/4832_emenda_208_fernando_mineiro.pdf\">Relat\u00f3rio SIGEF<\/a><\/p>\n","protected":false},"excerpt":{"rendered":"<p>EMENDA N\u00ba 42 Parlamentar: Carlos Augusto Maia Objetivo: Destinar recursos para constru\u00e7\u00e3o, adapta\u00e7\u00e3o e melhoria da infraestrutura da Funda\u00e7\u00e3o Universidade do Estado do RN &#8211; FUERN. Valor: R$ 100.000,00 Processo(s) Licitat\u00f3rio(s): Tomada de pre\u00e7os n\u00ba 002\/2018 (Processo n\u00ba 2261\/2018) &#8211; contrata\u00e7\u00e3o de empresa para a realiza\u00e7\u00e3o da constru\u00e7\u00e3o da Empresa J\u00fanior da UERN. O certame [&hellip;]<\/p>\n","protected":false},"author":2,"featured_media":0,"parent":0,"menu_order":0,"comment_status":"closed","ping_status":"closed","template":"","meta":{"footnotes":""},"class_list":["post-774","page","type-page","status-publish","hentry"],"_links":{"self":[{"href":"https:\/\/portal.uern.br\/proplan\/wp-json\/wp\/v2\/pages\/774","targetHints":{"allow":["GET"]}}],"collection":[{"href":"https:\/\/portal.uern.br\/proplan\/wp-json\/wp\/v2\/pages"}],"about":[{"href":"https:\/\/portal.uern.br\/proplan\/wp-json\/wp\/v2\/types\/page"}],"author":[{"embeddable":true,"href":"https:\/\/portal.uern.br\/proplan\/wp-json\/wp\/v2\/users\/2"}],"replies":[{"embeddable":true,"href":"https:\/\/portal.uern.br\/proplan\/wp-json\/wp\/v2\/comments?post=774"}],"version-history":[{"count":2,"href":"https:\/\/portal.uern.br\/proplan\/wp-json\/wp\/v2\/pages\/774\/revisions"}],"predecessor-version":[{"id":784,"href":"https:\/\/portal.uern.br\/proplan\/wp-json\/wp\/v2\/pages\/774\/revisions\/784"}],"wp:attachment":[{"href":"https:\/\/portal.uern.br\/proplan\/wp-json\/wp\/v2\/media?parent=774"}],"curies":[{"name":"wp","href":"https:\/\/api.w.org\/{rel}","templated":true}]}}