{"id":669,"date":"2023-02-23T16:05:04","date_gmt":"2023-02-23T19:05:04","guid":{"rendered":"https:\/\/portal.uern.br\/proplan\/?page_id=669"},"modified":"2023-02-23T16:36:58","modified_gmt":"2023-02-23T19:36:58","slug":"pagamentos-realizados-2021","status":"publish","type":"page","link":"https:\/\/portal.uern.br\/proplan\/pagamentos-realizados-2021\/","title":{"rendered":"Pagamentos Realizados 2021"},"content":{"rendered":"<h3>Rela\u00e7\u00e3o Geral de Pagamentos &#8211; 2021<\/h3>\n<ul>\n<li><a href=\"https:\/\/portal.uern.br\/proplan\/wp-content\/uploads\/2023\/02\/01_relacao_geral_de_pagamentos_janeiro_2021.pdf\">Janeiro de 2021<\/a><\/li>\n<li><a href=\"https:\/\/portal.uern.br\/proplan\/wp-content\/uploads\/2023\/02\/02_relacao_geral_de_pagamentos_fevereiro_2021.pdf\">Fevereiro de 2021<\/a><\/li>\n<li><a href=\"https:\/\/portal.uern.br\/proplan\/wp-content\/uploads\/2023\/02\/03_relacao_geral_de_pagamentos_marco_2021.pdf\">Mar\u00e7o de 2021<\/a><\/li>\n<li><a href=\"https:\/\/portal.uern.br\/proplan\/wp-content\/uploads\/2023\/02\/04_relacao_geral_de_pagamentos_abril_2021.pdf\">Abril de 2021<\/a><\/li>\n<li><a href=\"https:\/\/portal.uern.br\/proplan\/wp-content\/uploads\/2023\/02\/05_relacao_geral_de_pagamentos_maio_2021.pdf\">Maio de 2021<\/a><\/li>\n<li><a href=\"https:\/\/portal.uern.br\/proplan\/wp-content\/uploads\/2023\/02\/06_relacao_geral_de_pagamentos_junho_2021.pdf\">Junho de 2021<\/a><\/li>\n<li><a href=\"https:\/\/portal.uern.br\/proplan\/wp-content\/uploads\/2023\/02\/07_relacao_geral_de_pagamentos_julho_2021.pdf\">Julho de 2021<\/a><\/li>\n<li><a href=\"https:\/\/portal.uern.br\/proplan\/wp-content\/uploads\/2023\/02\/08_relacao_geral_de_pagamentos_agosto_2021.pdf\">Agosto de 2021<\/a><\/li>\n<li><a href=\"https:\/\/portal.uern.br\/proplan\/wp-content\/uploads\/2023\/02\/09_relacao_geral_de_pagamentos_setembro_2021.pdf\">Setembro de 2021<\/a><\/li>\n<li><a href=\"https:\/\/portal.uern.br\/proplan\/wp-content\/uploads\/2023\/02\/10_relacao_geral_de_pagamentos_outubro_2021.pdf\">Outubro de 2021<\/a><\/li>\n<li><a href=\"https:\/\/portal.uern.br\/proplan\/wp-content\/uploads\/2023\/02\/11_relacao_geral_de_pagamentos_novembro_2021.pdf\">Novembro de 2021<\/a><\/li>\n<li><a href=\"https:\/\/portal.uern.br\/proplan\/wp-content\/uploads\/2023\/02\/12_relacao_geral_de_pagamentos_dezembro_2021.pdf\">Dezembro de 2021<\/a><\/li>\n<\/ul>\n","protected":false},"excerpt":{"rendered":"<p>Rela\u00e7\u00e3o Geral de Pagamentos &#8211; 2021 Janeiro de 2021 Fevereiro de 2021 Mar\u00e7o de 2021 Abril de 2021 Maio de 2021 Junho de 2021 Julho de 2021 Agosto de 2021 Setembro de 2021 Outubro de 2021 Novembro de 2021 Dezembro de 2021<\/p>\n","protected":false},"author":2,"featured_media":0,"parent":0,"menu_order":0,"comment_status":"closed","ping_status":"closed","template":"","meta":{"footnotes":""},"class_list":["post-669","page","type-page","status-publish","hentry"],"_links":{"self":[{"href":"https:\/\/portal.uern.br\/proplan\/wp-json\/wp\/v2\/pages\/669","targetHints":{"allow":["GET"]}}],"collection":[{"href":"https:\/\/portal.uern.br\/proplan\/wp-json\/wp\/v2\/pages"}],"about":[{"href":"https:\/\/portal.uern.br\/proplan\/wp-json\/wp\/v2\/types\/page"}],"author":[{"embeddable":true,"href":"https:\/\/portal.uern.br\/proplan\/wp-json\/wp\/v2\/users\/2"}],"replies":[{"embeddable":true,"href":"https:\/\/portal.uern.br\/proplan\/wp-json\/wp\/v2\/comments?post=669"}],"version-history":[{"count":3,"href":"https:\/\/portal.uern.br\/proplan\/wp-json\/wp\/v2\/pages\/669\/revisions"}],"predecessor-version":[{"id":685,"href":"https:\/\/portal.uern.br\/proplan\/wp-json\/wp\/v2\/pages\/669\/revisions\/685"}],"wp:attachment":[{"href":"https:\/\/portal.uern.br\/proplan\/wp-json\/wp\/v2\/media?parent=669"}],"curies":[{"name":"wp","href":"https:\/\/api.w.org\/{rel}","templated":true}]}}