{"id":2556,"date":"2026-04-24T10:56:03","date_gmt":"2026-04-24T13:56:03","guid":{"rendered":"https:\/\/portal.uern.br\/proplan\/?page_id=2556"},"modified":"2026-04-24T15:33:55","modified_gmt":"2026-04-24T18:33:55","slug":"orcamento-2026","status":"publish","type":"page","link":"https:\/\/portal.uern.br\/proplan\/orcamento-2026\/","title":{"rendered":"Or\u00e7amento 2026"},"content":{"rendered":"<h3>PESSOAL E ENCARGOS<\/h3>\n<ul>\n<li><a href=\"https:\/\/portal.uern.br\/proplan\/wp-content\/uploads\/2026\/04\/relatorio_folha_de_pagamento_fuern_2026.pdf\">Relat\u00f3rio de Execu\u00e7\u00e3o da Folha de Pagamento FUERN &#8211; at\u00e9 Mar\u00e7o<\/a><\/li>\n<\/ul>\n<p>&nbsp;<\/p>\n<hr \/>\n<h3>EXECU\u00c7\u00c3O OR\u00c7AMENT\u00c1RIA<\/h3>\n<p><strong>JANEIRO<\/strong><\/p>\n<ul>\n<li><a href=\"https:\/\/portal.uern.br\/proplan\/wp-content\/uploads\/2026\/04\/01_relacao_execucao_orcamentaria_de_janeiro_2026.pdf\">Execu\u00e7\u00e3o Or\u00e7ament\u00e1ria de Janeiro<\/a><\/li>\n<\/ul>\n<p>&nbsp;<\/p>\n<p><strong>FEVEREIRO<\/strong><\/p>\n<ul>\n<li><a href=\"https:\/\/portal.uern.br\/proplan\/wp-content\/uploads\/2026\/04\/02_relacao_execucao_orcamentaria_de_fevereiro_2026.pdf\">Execu\u00e7\u00e3o Or\u00e7ament\u00e1ria de Fevereiro<\/a><\/li>\n<li><a href=\"https:\/\/portal.uern.br\/proplan\/wp-content\/uploads\/2026\/04\/02_relacao_execucao_orcamentaria_acumulado_ate_fevereiro_2026.pdf\">Execu\u00e7\u00e3o Or\u00e7ament\u00e1ria Acumulada at\u00e9 Fevereiro<\/a><\/li>\n<\/ul>\n<p>&nbsp;<\/p>\n<p><strong>MAR\u00c7O<\/strong><\/p>\n<ul>\n<li><a href=\"https:\/\/portal.uern.br\/proplan\/wp-content\/uploads\/2026\/04\/03_relacao_execucao_orcamentaria_de_marco_2026.pdf\">Execu\u00e7\u00e3o Or\u00e7ament\u00e1ria de Mar\u00e7o<\/a><\/li>\n<li><a href=\"https:\/\/portal.uern.br\/proplan\/wp-content\/uploads\/2026\/04\/03_relacao_execucao_orcamentaria_acumulado_ate_marco_2026.pdf\">Execu\u00e7\u00e3o Or\u00e7ament\u00e1ria Acumulada at\u00e9 Mar\u00e7o<\/a><\/li>\n<\/ul>\n<p>&nbsp;<\/p>\n<p><strong>ABRIL<\/strong><\/p>\n<ul>\n<li>Execu\u00e7\u00e3o Or\u00e7ament\u00e1ria de Abril<\/li>\n<li>Execu\u00e7\u00e3o Or\u00e7ament\u00e1ria Acumulada at\u00e9 Abril<\/li>\n<\/ul>\n<p>&nbsp;<\/p>\n<p><strong>MAIO<\/strong><\/p>\n<ul>\n<li>Execu\u00e7\u00e3o Or\u00e7ament\u00e1ria de Maio<\/li>\n<li>Execu\u00e7\u00e3o Or\u00e7ament\u00e1ria Acumulada at\u00e9 Maio<\/li>\n<\/ul>\n<p>&nbsp;<\/p>\n<p><strong>JUNHO<\/strong><\/p>\n<ul>\n<li>Execu\u00e7\u00e3o Or\u00e7ament\u00e1ria de Junho<\/li>\n<li>Execu\u00e7\u00e3o Or\u00e7ament\u00e1ria Acumulada at\u00e9 Junho<\/li>\n<\/ul>\n<p>&nbsp;<\/p>\n<p><strong>JULHO<\/strong><\/p>\n<ul>\n<li>Execu\u00e7\u00e3o Or\u00e7ament\u00e1ria de Julho<\/li>\n<li>Execu\u00e7\u00e3o Or\u00e7ament\u00e1ria Acumulada at\u00e9 Julho<\/li>\n<\/ul>\n<p>&nbsp;<\/p>\n<p><strong>AGOSTO<\/strong><\/p>\n<ul>\n<li>Execu\u00e7\u00e3o Or\u00e7ament\u00e1ria de Agosto<\/li>\n<li>Execu\u00e7\u00e3o Or\u00e7ament\u00e1ria Acumulada at\u00e9 Agosto<\/li>\n<\/ul>\n<p>&nbsp;<\/p>\n<p><strong>SETEMBRO<\/strong><\/p>\n<ul>\n<li>Execu\u00e7\u00e3o Or\u00e7ament\u00e1ria de Setembro<\/li>\n<li>Execu\u00e7\u00e3o Or\u00e7ament\u00e1ria Acumulada at\u00e9 Setembro<\/li>\n<\/ul>\n<p>&nbsp;<\/p>\n<p><strong>OUTUBRO<\/strong><\/p>\n<ul>\n<li>Execu\u00e7\u00e3o Or\u00e7ament\u00e1ria de Outubro<\/li>\n<li>Execu\u00e7\u00e3o Or\u00e7ament\u00e1ria Acumulada at\u00e9 Outubro<\/li>\n<\/ul>\n<p>&nbsp;<\/p>\n<p><strong>NOVEMBRO<\/strong><\/p>\n<ul>\n<li>Execu\u00e7\u00e3o Or\u00e7ament\u00e1ria de Novembro<\/li>\n<li>Execu\u00e7\u00e3o Or\u00e7ament\u00e1ria Acumulada at\u00e9 Novembro<\/li>\n<\/ul>\n<p>&nbsp;<\/p>\n<p><strong>DEZEMBRO<\/strong><\/p>\n<ul>\n<li>Execu\u00e7\u00e3o Or\u00e7ament\u00e1ria de Dezembro<\/li>\n<li>Execu\u00e7\u00e3o Or\u00e7ament\u00e1ria Acumulada at\u00e9 Dezembro<\/li>\n<\/ul>\n<p>&nbsp;<\/p>\n<h3>Execu\u00e7\u00e3o Or\u00e7ament\u00e1ria Fonte 0.500 &#8211; Tesouro Estadual<\/h3>\n<ul>\n<li><a href=\"https:\/\/portal.uern.br\/proplan\/wp-content\/uploads\/2026\/04\/01_relacao_execucao_orcamentaria_jan.2026_fonte_0.500.pdf\">Janeiro de 2026<\/a><\/li>\n<li><a href=\"https:\/\/portal.uern.br\/proplan\/wp-content\/uploads\/2026\/04\/02_relacao_execucao_orcamentaria_fev.2026_fonte_0.500.pdf\">Fevereiro de 2026<\/a><\/li>\n<li><a href=\"https:\/\/portal.uern.br\/proplan\/wp-content\/uploads\/2026\/04\/03_relacao_execucao_orcamentaria_mar.2026_fonte_0.500.pdf\">Mar\u00e7o de 2026<\/a><\/li>\n<li>Abril de 2026<\/li>\n<li>Maio de 2026<\/li>\n<li>Junho de 2026<\/li>\n<li>Julho de 2026<\/li>\n<li>Agosto de 2026<\/li>\n<li>Setembro de 2026<\/li>\n<li>Outubro de 2026<\/li>\n<li>Novembro de 2026<\/li>\n<li>Dezembro de 2026<\/li>\n<\/ul>\n<h3>Execu\u00e7\u00e3o Or\u00e7ament\u00e1ria Fonte 5.500 &#8211; Super\u00e1vit Financeiro &#8211; Contrapartida de Conv\u00eanio<\/h3>\n<ul>\n<li><em>Janeiro de 2026<\/em><\/li>\n<li><a href=\"https:\/\/portal.uern.br\/proplan\/wp-content\/uploads\/2026\/04\/02_relacao_execucao_orcamentaria_fev.2026_fonte_5.500.pdf\">Fevereiro de 2026<\/a><\/li>\n<li><a href=\"https:\/\/portal.uern.br\/proplan\/wp-content\/uploads\/2026\/04\/03_relacao_execucao_orcamentaria_mar.2026_fonte_5.500.pdf\">Mar\u00e7o de 2026<\/a><\/li>\n<li>Abril de 2026<\/li>\n<li>Maio de 2026<\/li>\n<li>Junho de 2026<\/li>\n<li>Julho de 2026<\/li>\n<li>Agosto de 2026<\/li>\n<li>Setembro de 2026<\/li>\n<li>Outubro de 2026<\/li>\n<li>Novembro de 2026<\/li>\n<li>Dezembro de 2026<\/li>\n<\/ul>\n<h3>Execu\u00e7\u00e3o Or\u00e7ament\u00e1ria Fonte 0.501 &#8211; Recursos Diretamente Arrecadados<\/h3>\n<ul>\n<li><a href=\"https:\/\/portal.uern.br\/proplan\/wp-content\/uploads\/2026\/04\/01_relacao_execucao_orcamentaria_jan.2026_fonte_0.501.pdf\">Janeiro de 2026<\/a><\/li>\n<li><a href=\"https:\/\/portal.uern.br\/proplan\/wp-content\/uploads\/2026\/04\/02_relacao_execucao_orcamentaria_fev.2026_fonte_0.501.pdf\">Fevereiro de 2026<\/a><\/li>\n<li><a href=\"https:\/\/portal.uern.br\/proplan\/wp-content\/uploads\/2026\/04\/03_relacao_execucao_orcamentaria_mar.2026_fonte_0.501.pdf\">Mar\u00e7o de 2026<\/a><\/li>\n<li>Abril de 2026<\/li>\n<li>Maio de 2026<\/li>\n<li>Junho de 2026<\/li>\n<li>Julho de 2026<\/li>\n<li>Agosto de 2026<\/li>\n<li>Setembro de 2026<\/li>\n<li>Outubro de 2026<\/li>\n<li>Novembro de 2026<\/li>\n<li>Dezembro de 2026<\/li>\n<\/ul>\n<h3>Execu\u00e7\u00e3o Or\u00e7ament\u00e1ria Fonte 4.501 &#8211; Recursos Diretamente Arrecadados &#8211; Super\u00e1vit Financeiro<\/h3>\n<ul>\n<li><em>Janeiro de 2026<\/em><\/li>\n<li><a href=\"https:\/\/portal.uern.br\/proplan\/wp-content\/uploads\/2026\/04\/02_relacao_execucao_orcamentaria_fev.2026_fonte_4.501.pdf\">Fevereiro de 2026<\/a><\/li>\n<li><a href=\"https:\/\/portal.uern.br\/proplan\/wp-content\/uploads\/2026\/04\/03_relacao_execucao_orcamentaria_mar.2026_fonte_4.501.pdf\">Mar\u00e7o de 2026<\/a><\/li>\n<li>Abril de 2026<\/li>\n<li>Maio de 2026<\/li>\n<li>Junho de 2026<\/li>\n<li>Julho de 2026<\/li>\n<li>Agosto de 2026<\/li>\n<li>Setembro de 2026<\/li>\n<li>Outubro de 2026<\/li>\n<li>Novembro de 2026<\/li>\n<li>Dezembro de 2026<\/li>\n<\/ul>\n<h3>Execu\u00e7\u00e3o Or\u00e7ament\u00e1ria Fonte 0.570 &#8211; Recursos de Conv\u00eanios<\/h3>\n<ul>\n<li><a href=\"https:\/\/portal.uern.br\/proplan\/wp-content\/uploads\/2026\/04\/01_relacao_execucao_orcamentaria_jan.2026_fonte_0.570.pdf\">Janeiro de 2026<\/a><\/li>\n<li><a href=\"https:\/\/portal.uern.br\/proplan\/wp-content\/uploads\/2026\/04\/02_relacao_execucao_orcamentaria_fev.2026_fonte_0.570.pdf\">Fevereiro de 2026<\/a><\/li>\n<li><a href=\"https:\/\/portal.uern.br\/proplan\/wp-content\/uploads\/2026\/04\/03_relacao_execucao_orcamentaria_mar.2026_fonte_0.570.pdf\">Mar\u00e7o de 2026<\/a><\/li>\n<li>Abril de 2026<\/li>\n<li>Maio de 2026<\/li>\n<li>Junho de 2026<\/li>\n<li>Julho de 2026<\/li>\n<li>Agosto de 2026<\/li>\n<li>Setembro de 2026<\/li>\n<li>Outubro de 2026<\/li>\n<li>Novembro de 2026<\/li>\n<li>Dezembro de 2026<\/li>\n<\/ul>\n<h3>Execu\u00e7\u00e3o Or\u00e7ament\u00e1ria Fonte 4.570 &#8211; Recursos de Conv\u00eanios &#8211; Super\u00e1vit Financeiro<\/h3>\n<ul>\n<li><em>Janeiro de 2026<\/em><\/li>\n<li><a href=\"https:\/\/portal.uern.br\/proplan\/wp-content\/uploads\/2026\/04\/02_relacao_execucao_orcamentaria_fev.2026_fonte_4.570.pdf\">Fevereiro de 2026<\/a><\/li>\n<li><a href=\"https:\/\/portal.uern.br\/proplan\/wp-content\/uploads\/2026\/04\/03_relacao_execucao_orcamentaria_mar.2026_fonte_4.570.pdf\">Mar\u00e7o de 2026<\/a><\/li>\n<li>Abril de 2026<\/li>\n<li>Maio de 2026<\/li>\n<li>Junho de 2026<\/li>\n<li>Julho de 2026<\/li>\n<li>Agosto de 2026<\/li>\n<li>Setembro de 2026<\/li>\n<li>Outubro de 2026<\/li>\n<li>Novembro de 2026<\/li>\n<li>Dezembro de 2026<\/li>\n<\/ul>\n","protected":false},"excerpt":{"rendered":"<p>PESSOAL E ENCARGOS Relat\u00f3rio de Execu\u00e7\u00e3o da Folha de Pagamento FUERN &#8211; at\u00e9 Mar\u00e7o &nbsp; EXECU\u00c7\u00c3O OR\u00c7AMENT\u00c1RIA JANEIRO Execu\u00e7\u00e3o Or\u00e7ament\u00e1ria de Janeiro &nbsp; FEVEREIRO Execu\u00e7\u00e3o Or\u00e7ament\u00e1ria de Fevereiro Execu\u00e7\u00e3o Or\u00e7ament\u00e1ria Acumulada at\u00e9 Fevereiro &nbsp; MAR\u00c7O Execu\u00e7\u00e3o Or\u00e7ament\u00e1ria de Mar\u00e7o Execu\u00e7\u00e3o Or\u00e7ament\u00e1ria Acumulada at\u00e9 Mar\u00e7o &nbsp; ABRIL Execu\u00e7\u00e3o Or\u00e7ament\u00e1ria de Abril Execu\u00e7\u00e3o Or\u00e7ament\u00e1ria Acumulada at\u00e9 Abril [&hellip;]<\/p>\n","protected":false},"author":2,"featured_media":0,"parent":0,"menu_order":0,"comment_status":"closed","ping_status":"closed","template":"","meta":{"footnotes":""},"class_list":["post-2556","page","type-page","status-publish","hentry"],"_links":{"self":[{"href":"https:\/\/portal.uern.br\/proplan\/wp-json\/wp\/v2\/pages\/2556","targetHints":{"allow":["GET"]}}],"collection":[{"href":"https:\/\/portal.uern.br\/proplan\/wp-json\/wp\/v2\/pages"}],"about":[{"href":"https:\/\/portal.uern.br\/proplan\/wp-json\/wp\/v2\/types\/page"}],"author":[{"embeddable":true,"href":"https:\/\/portal.uern.br\/proplan\/wp-json\/wp\/v2\/users\/2"}],"replies":[{"embeddable":true,"href":"https:\/\/portal.uern.br\/proplan\/wp-json\/wp\/v2\/comments?post=2556"}],"version-history":[{"count":3,"href":"https:\/\/portal.uern.br\/proplan\/wp-json\/wp\/v2\/pages\/2556\/revisions"}],"predecessor-version":[{"id":2590,"href":"https:\/\/portal.uern.br\/proplan\/wp-json\/wp\/v2\/pages\/2556\/revisions\/2590"}],"wp:attachment":[{"href":"https:\/\/portal.uern.br\/proplan\/wp-json\/wp\/v2\/media?parent=2556"}],"curies":[{"name":"wp","href":"https:\/\/api.w.org\/{rel}","templated":true}]}}

Orçamento 2026

<h3>PESSOAL E ENCARGOS</h3>
<ul>
<li><a href="https://portal.uern.br/proplan/wp-content/uploads/2026/04/relatorio_folha_de_pagamento_fuern_2026.pdf">Relatório de Execução da Folha de Pagamento FUERN &#8211; até Março</a></li>
</ul>
<p>&nbsp;</p>
<hr />
<h3>EXECUÇÃO ORÇAMENTÁRIA</h3>
<p><strong>JANEIRO</strong></p>
<ul>
<li><a href="https://portal.uern.br/proplan/wp-content/uploads/2026/04/01_relacao_execucao_orcamentaria_de_janeiro_2026.pdf">Execução Orçamentária de Janeiro</a></li>
</ul>
<p>&nbsp;</p>
<p><strong>FEVEREIRO</strong></p>
<ul>
<li><a href="https://portal.uern.br/proplan/wp-content/uploads/2026/04/02_relacao_execucao_orcamentaria_de_fevereiro_2026.pdf">Execução Orçamentária de Fevereiro</a></li>
<li><a href="https://portal.uern.br/proplan/wp-content/uploads/2026/04/02_relacao_execucao_orcamentaria_acumulado_ate_fevereiro_2026.pdf">Execução Orçamentária Acumulada até Fevereiro</a></li>
</ul>
<p>&nbsp;</p>
<p><strong>MARÇO</strong></p>
<ul>
<li><a href="https://portal.uern.br/proplan/wp-content/uploads/2026/04/03_relacao_execucao_orcamentaria_de_marco_2026.pdf">Execução Orçamentária de Março</a></li>
<li><a href="https://portal.uern.br/proplan/wp-content/uploads/2026/04/03_relacao_execucao_orcamentaria_acumulado_ate_marco_2026.pdf">Execução Orçamentária Acumulada até Março</a></li>
</ul>
<p>&nbsp;</p>
<p><strong>ABRIL</strong></p>
<ul>
<li>Execução Orçamentária de Abril</li>
<li>Execução Orçamentária Acumulada até Abril</li>
</ul>
<p>&nbsp;</p>
<p><strong>MAIO</strong></p>
<ul>
<li>Execução Orçamentária de Maio</li>
<li>Execução Orçamentária Acumulada até Maio</li>
</ul>
<p>&nbsp;</p>
<p><strong>JUNHO</strong></p>
<ul>
<li>Execução Orçamentária de Junho</li>
<li>Execução Orçamentária Acumulada até Junho</li>
</ul>
<p>&nbsp;</p>
<p><strong>JULHO</strong></p>
<ul>
<li>Execução Orçamentária de Julho</li>
<li>Execução Orçamentária Acumulada até Julho</li>
</ul>
<p>&nbsp;</p>
<p><strong>AGOSTO</strong></p>
<ul>
<li>Execução Orçamentária de Agosto</li>
<li>Execução Orçamentária Acumulada até Agosto</li>
</ul>
<p>&nbsp;</p>
<p><strong>SETEMBRO</strong></p>
<ul>
<li>Execução Orçamentária de Setembro</li>
<li>Execução Orçamentária Acumulada até Setembro</li>
</ul>
<p>&nbsp;</p>
<p><strong>OUTUBRO</strong></p>
<ul>
<li>Execução Orçamentária de Outubro</li>
<li>Execução Orçamentária Acumulada até Outubro</li>
</ul>
<p>&nbsp;</p>
<p><strong>NOVEMBRO</strong></p>
<ul>
<li>Execução Orçamentária de Novembro</li>
<li>Execução Orçamentária Acumulada até Novembro</li>
</ul>
<p>&nbsp;</p>
<p><strong>DEZEMBRO</strong></p>
<ul>
<li>Execução Orçamentária de Dezembro</li>
<li>Execução Orçamentária Acumulada até Dezembro</li>
</ul>
<p>&nbsp;</p>
<h3>Execução Orçamentária Fonte 0.500 &#8211; Tesouro Estadual</h3>
<ul>
<li><a href="https://portal.uern.br/proplan/wp-content/uploads/2026/04/01_relacao_execucao_orcamentaria_jan.2026_fonte_0.500.pdf">Janeiro de 2026</a></li>
<li><a href="https://portal.uern.br/proplan/wp-content/uploads/2026/04/02_relacao_execucao_orcamentaria_fev.2026_fonte_0.500.pdf">Fevereiro de 2026</a></li>
<li><a href="https://portal.uern.br/proplan/wp-content/uploads/2026/04/03_relacao_execucao_orcamentaria_mar.2026_fonte_0.500.pdf">Março de 2026</a></li>
<li>Abril de 2026</li>
<li>Maio de 2026</li>
<li>Junho de 2026</li>
<li>Julho de 2026</li>
<li>Agosto de 2026</li>
<li>Setembro de 2026</li>
<li>Outubro de 2026</li>
<li>Novembro de 2026</li>
<li>Dezembro de 2026</li>
</ul>
<h3>Execução Orçamentária Fonte 5.500 &#8211; Superávit Financeiro &#8211; Contrapartida de Convênio</h3>
<ul>
<li><em>Janeiro de 2026</em></li>
<li><a href="https://portal.uern.br/proplan/wp-content/uploads/2026/04/02_relacao_execucao_orcamentaria_fev.2026_fonte_5.500.pdf">Fevereiro de 2026</a></li>
<li><a href="https://portal.uern.br/proplan/wp-content/uploads/2026/04/03_relacao_execucao_orcamentaria_mar.2026_fonte_5.500.pdf">Março de 2026</a></li>
<li>Abril de 2026</li>
<li>Maio de 2026</li>
<li>Junho de 2026</li>
<li>Julho de 2026</li>
<li>Agosto de 2026</li>
<li>Setembro de 2026</li>
<li>Outubro de 2026</li>
<li>Novembro de 2026</li>
<li>Dezembro de 2026</li>
</ul>
<h3>Execução Orçamentária Fonte 0.501 &#8211; Recursos Diretamente Arrecadados</h3>
<ul>
<li><a href="https://portal.uern.br/proplan/wp-content/uploads/2026/04/01_relacao_execucao_orcamentaria_jan.2026_fonte_0.501.pdf">Janeiro de 2026</a></li>
<li><a href="https://portal.uern.br/proplan/wp-content/uploads/2026/04/02_relacao_execucao_orcamentaria_fev.2026_fonte_0.501.pdf">Fevereiro de 2026</a></li>
<li><a href="https://portal.uern.br/proplan/wp-content/uploads/2026/04/03_relacao_execucao_orcamentaria_mar.2026_fonte_0.501.pdf">Março de 2026</a></li>
<li>Abril de 2026</li>
<li>Maio de 2026</li>
<li>Junho de 2026</li>
<li>Julho de 2026</li>
<li>Agosto de 2026</li>
<li>Setembro de 2026</li>
<li>Outubro de 2026</li>
<li>Novembro de 2026</li>
<li>Dezembro de 2026</li>
</ul>
<h3>Execução Orçamentária Fonte 4.501 &#8211; Recursos Diretamente Arrecadados &#8211; Superávit Financeiro</h3>
<ul>
<li><em>Janeiro de 2026</em></li>
<li><a href="https://portal.uern.br/proplan/wp-content/uploads/2026/04/02_relacao_execucao_orcamentaria_fev.2026_fonte_4.501.pdf">Fevereiro de 2026</a></li>
<li><a href="https://portal.uern.br/proplan/wp-content/uploads/2026/04/03_relacao_execucao_orcamentaria_mar.2026_fonte_4.501.pdf">Março de 2026</a></li>
<li>Abril de 2026</li>
<li>Maio de 2026</li>
<li>Junho de 2026</li>
<li>Julho de 2026</li>
<li>Agosto de 2026</li>
<li>Setembro de 2026</li>
<li>Outubro de 2026</li>
<li>Novembro de 2026</li>
<li>Dezembro de 2026</li>
</ul>
<h3>Execução Orçamentária Fonte 0.570 &#8211; Recursos de Convênios</h3>
<ul>
<li><a href="https://portal.uern.br/proplan/wp-content/uploads/2026/04/01_relacao_execucao_orcamentaria_jan.2026_fonte_0.570.pdf">Janeiro de 2026</a></li>
<li><a href="https://portal.uern.br/proplan/wp-content/uploads/2026/04/02_relacao_execucao_orcamentaria_fev.2026_fonte_0.570.pdf">Fevereiro de 2026</a></li>
<li><a href="https://portal.uern.br/proplan/wp-content/uploads/2026/04/03_relacao_execucao_orcamentaria_mar.2026_fonte_0.570.pdf">Março de 2026</a></li>
<li>Abril de 2026</li>
<li>Maio de 2026</li>
<li>Junho de 2026</li>
<li>Julho de 2026</li>
<li>Agosto de 2026</li>
<li>Setembro de 2026</li>
<li>Outubro de 2026</li>
<li>Novembro de 2026</li>
<li>Dezembro de 2026</li>
</ul>
<h3>Execução Orçamentária Fonte 4.570 &#8211; Recursos de Convênios &#8211; Superávit Financeiro</h3>
<ul>
<li><em>Janeiro de 2026</em></li>
<li><a href="https://portal.uern.br/proplan/wp-content/uploads/2026/04/02_relacao_execucao_orcamentaria_fev.2026_fonte_4.570.pdf">Fevereiro de 2026</a></li>
<li><a href="https://portal.uern.br/proplan/wp-content/uploads/2026/04/03_relacao_execucao_orcamentaria_mar.2026_fonte_4.570.pdf">Março de 2026</a></li>
<li>Abril de 2026</li>
<li>Maio de 2026</li>
<li>Junho de 2026</li>
<li>Julho de 2026</li>
<li>Agosto de 2026</li>
<li>Setembro de 2026</li>
<li>Outubro de 2026</li>
<li>Novembro de 2026</li>
<li>Dezembro de 2026</li>
</ul>

<p>PESSOAL E ENCARGOS Relatório de Execução da Folha de Pagamento FUERN &#8211; até Março &nbsp; EXECUÇÃO ORÇAMENTÁRIA JANEIRO Execução Orçamentária de Janeiro &nbsp; FEVEREIRO Execução Orçamentária de Fevereiro Execução Orçamentária Acumulada até Fevereiro &nbsp; MARÇO Execução Orçamentária de Março Execução Orçamentária Acumulada até Março &nbsp; ABRIL Execução Orçamentária de Abril Execução Orçamentária Acumulada até Abril [&hellip;]</p>
