{"id":2394,"date":"2025-08-07T10:24:27","date_gmt":"2025-08-07T13:24:27","guid":{"rendered":"https:\/\/portal.uern.br\/proplan\/?page_id=2394"},"modified":"2025-08-07T10:37:40","modified_gmt":"2025-08-07T13:37:40","slug":"emendas-estaduais-2024","status":"publish","type":"page","link":"https:\/\/portal.uern.br\/proplan\/emendas-estaduais-2024\/","title":{"rendered":"Emendas Estaduais 2024"},"content":{"rendered":"<p><strong>EMENDA N\u00ba 179<\/strong><\/p>\n<p><strong>Parlamentar: <\/strong>Francisco do PT<\/p>\n<p><strong>Objeto:\u00a0<\/strong>Destina cr\u00e9dito or\u00e7ament\u00e1rio para Equipamentos e material permanente.<\/p>\n<p><strong>Valor:<\/strong> R$ 100.000,00<\/p>\n<p><a href=\"https:\/\/portal.uern.br\/proplan\/wp-content\/uploads\/2025\/08\/emenda_179_francisco_do_PT.pdf\">Relat\u00f3rio SIGEF<\/a><\/p>\n<hr \/>\n<p><strong>EMENDA N\u00ba 349<\/strong><\/p>\n<p><strong>Parlamentar: <\/strong>Adjuto Dias<\/p>\n<p><strong>Objeto:\u00a0<\/strong>Destina cr\u00e9dito or\u00e7ament\u00e1rio para Equipamentos para o Curso de Odontologia.<\/p>\n<p><strong>Valor:<\/strong> R$ 50.000,00<\/p>\n<p><a href=\"https:\/\/portal.uern.br\/proplan\/wp-content\/uploads\/2025\/08\/emenda_349_adjuto_dias.pdf\">Relat\u00f3rio SIGEF<\/a><\/p>\n<hr \/>\n<p><strong>EMENDA N\u00ba 395<\/strong><\/p>\n<p><strong>Parlamentar: <\/strong>Isolda Dantas<\/p>\n<p><strong>Objeto: <\/strong>Destina cr\u00e9dito or\u00e7ament\u00e1rio para Obras.<\/p>\n<p><strong>Valor:<\/strong> R$ 500.000,00<\/p>\n<p><a href=\"https:\/\/portal.uern.br\/proplan\/wp-content\/uploads\/2025\/08\/emenda_395_isolda_dantas.pdf\">Relat\u00f3rio SIGEF<\/a><\/p>\n<hr \/>\n<p><strong>EMENDA N\u00ba 548<\/strong><\/p>\n<p><strong>Parlamentar: <\/strong>Neilton Di\u00f3genes<\/p>\n<p><strong>Objeto:\u00a0<\/strong>Destina cr\u00e9dito or\u00e7ament\u00e1rio para Equipamentos de Inform\u00e1tica e Processamento de Dados.<\/p>\n<p><strong>Valor:<\/strong> R$ 150.000,00<\/p>\n<p><a href=\"https:\/\/portal.uern.br\/proplan\/wp-content\/uploads\/2025\/08\/emenda_548_neilton_diogenes.pdf\">Relat\u00f3rio SIGEF<\/a><\/p>\n<hr \/>\n<p><strong>EMENDA N\u00ba 948<\/strong><\/p>\n<p><strong>Parlamentar: <\/strong>Divaneide Bas\u00edlio<\/p>\n<p><strong>Objeto:\u00a0<\/strong>Destina cr\u00e9dito or\u00e7ament\u00e1rio para Equipamentos e material permanente.<\/p>\n<p><strong>Valor:<\/strong> R$ 100.000,00<\/p>\n<p><a href=\"https:\/\/portal.uern.br\/proplan\/wp-content\/uploads\/2025\/08\/emenda_948_divaneide_basilio.pdf\">Relat\u00f3rio SIGEF<\/a><\/p>\n","protected":false},"excerpt":{"rendered":"<p>EMENDA N\u00ba 179 Parlamentar: Francisco do PT Objeto:\u00a0Destina cr\u00e9dito or\u00e7ament\u00e1rio para Equipamentos e material permanente. Valor: R$ 100.000,00 Relat\u00f3rio SIGEF EMENDA N\u00ba 349 Parlamentar: Adjuto Dias Objeto:\u00a0Destina cr\u00e9dito or\u00e7ament\u00e1rio para Equipamentos para o Curso de Odontologia. Valor: R$ 50.000,00 Relat\u00f3rio SIGEF EMENDA N\u00ba 395 Parlamentar: Isolda Dantas Objeto: Destina cr\u00e9dito or\u00e7ament\u00e1rio para Obras. Valor: R$ [&hellip;]<\/p>\n","protected":false},"author":2,"featured_media":0,"parent":0,"menu_order":0,"comment_status":"closed","ping_status":"closed","template":"","meta":{"footnotes":""},"class_list":["post-2394","page","type-page","status-publish","hentry"],"_links":{"self":[{"href":"https:\/\/portal.uern.br\/proplan\/wp-json\/wp\/v2\/pages\/2394","targetHints":{"allow":["GET"]}}],"collection":[{"href":"https:\/\/portal.uern.br\/proplan\/wp-json\/wp\/v2\/pages"}],"about":[{"href":"https:\/\/portal.uern.br\/proplan\/wp-json\/wp\/v2\/types\/page"}],"author":[{"embeddable":true,"href":"https:\/\/portal.uern.br\/proplan\/wp-json\/wp\/v2\/users\/2"}],"replies":[{"embeddable":true,"href":"https:\/\/portal.uern.br\/proplan\/wp-json\/wp\/v2\/comments?post=2394"}],"version-history":[{"count":3,"href":"https:\/\/portal.uern.br\/proplan\/wp-json\/wp\/v2\/pages\/2394\/revisions"}],"predecessor-version":[{"id":2402,"href":"https:\/\/portal.uern.br\/proplan\/wp-json\/wp\/v2\/pages\/2394\/revisions\/2402"}],"wp:attachment":[{"href":"https:\/\/portal.uern.br\/proplan\/wp-json\/wp\/v2\/media?parent=2394"}],"curies":[{"name":"wp","href":"https:\/\/api.w.org\/{rel}","templated":true}]}}