{"id":232,"date":"2022-11-22T08:34:36","date_gmt":"2022-11-22T11:34:36","guid":{"rendered":"http:\/\/beta.apps.uern.br\/wordpress\/proplan\/?page_id=232"},"modified":"2024-11-12T13:00:22","modified_gmt":"2024-11-12T16:00:22","slug":"orcamento-2022","status":"publish","type":"page","link":"https:\/\/portal.uern.br\/proplan\/orcamento-2022\/","title":{"rendered":"Or\u00e7amento 2022"},"content":{"rendered":"<h3>BALAN\u00c7O FINANCEIRO<\/h3>\n<ul>\n<li><a href=\"https:\/\/portal.uern.br\/proplan\/wp-content\/uploads\/2024\/11\/balanco_financeiro_uern_2022.pdf\">Balan\u00e7o Financeiro &#8211; Janeiro a Dezembro\/2022<\/a><\/li>\n<\/ul>\n<p>&nbsp;<\/p>\n<h3>PESSOAL E ENCARGOS<\/h3>\n<ul>\n<li><a href=\"https:\/\/portal.uern.br\/proplan\/wp-content\/uploads\/2023\/02\/relatorio_pessoal_e_encargos_2022.pdf\">Relat\u00f3rio de Pessoal e Encargos &#8211; Acumulado at\u00e9 Dezembro<\/a><\/li>\n<\/ul>\n<p>&nbsp;<\/p>\n<hr \/>\n<h3>EXECU\u00c7\u00c3O OR\u00c7AMENT\u00c1RIA<\/h3>\n<p><strong>JANEIRO<\/strong><\/p>\n<ul>\n<li><a href=\"https:\/\/portal.uern.br\/proplan\/wp-content\/uploads\/2023\/02\/01_relacao_execucao_orcamentaria_de_janeiro_2022.pdf\">Execu\u00e7\u00e3o Or\u00e7ament\u00e1ria de Janeiro<\/a><\/li>\n<\/ul>\n<p>&nbsp;<\/p>\n<p><strong>FEVEREIRO<\/strong><\/p>\n<ul>\n<li><a href=\"https:\/\/portal.uern.br\/proplan\/wp-content\/uploads\/2023\/02\/02_relacao_execucao_orcamentaria_de_fevereiro_2022.pdf\">Execu\u00e7\u00e3o Or\u00e7ament\u00e1ria de Fevereiro<\/a><\/li>\n<li><a href=\"https:\/\/portal.uern.br\/proplan\/wp-content\/uploads\/2023\/02\/02_relacao_execucao_orcamentaria_acumulado_ate_fevereiro_2022.pdf\">Execu\u00e7\u00e3o Or\u00e7ament\u00e1ria Acumulada at\u00e9 Fevereiro<\/a><\/li>\n<\/ul>\n<p>&nbsp;<\/p>\n<p><strong>MAR\u00c7O<\/strong><\/p>\n<ul>\n<li><a href=\"https:\/\/portal.uern.br\/proplan\/wp-content\/uploads\/2023\/02\/03_relacao_execucao_orcamentaria_de_marco_2022.pdf\">Execu\u00e7\u00e3o Or\u00e7ament\u00e1ria de Mar\u00e7o<\/a><\/li>\n<li><a href=\"https:\/\/portal.uern.br\/proplan\/wp-content\/uploads\/2023\/02\/03_relacao_execucao_orcamentaria_acumulado_ate_marco_2022.pdf\">Execu\u00e7\u00e3o Or\u00e7ament\u00e1ria Acumulada at\u00e9 Mar\u00e7o<\/a><\/li>\n<\/ul>\n<p>&nbsp;<\/p>\n<p><strong>ABRIL<\/strong><\/p>\n<ul>\n<li><a href=\"https:\/\/portal.uern.br\/proplan\/wp-content\/uploads\/2023\/02\/04_relacao_execucao_orcamentaria_de_abril_2022.pdf\">Execu\u00e7\u00e3o Or\u00e7ament\u00e1ria de Abril<\/a><\/li>\n<li><a href=\"https:\/\/portal.uern.br\/proplan\/wp-content\/uploads\/2023\/02\/04_relacao_execucao_orcamentaria_acumulado_ate_abril_2022.pdf\">Execu\u00e7\u00e3o Or\u00e7ament\u00e1ria Acumulada at\u00e9 Abril<\/a><\/li>\n<\/ul>\n<p>&nbsp;<\/p>\n<p><strong>MAIO<\/strong><\/p>\n<ul>\n<li><a href=\"https:\/\/portal.uern.br\/proplan\/wp-content\/uploads\/2023\/02\/05_relacao_execucao_orcamentaria_de_maio_2022.pdf\">Execu\u00e7\u00e3o Or\u00e7ament\u00e1ria de Maio<\/a><\/li>\n<li><a href=\"https:\/\/portal.uern.br\/proplan\/wp-content\/uploads\/2023\/02\/05_relacao_execucao_orcamentaria_acumulado_ate_maio_2022.pdf\">Execu\u00e7\u00e3o Or\u00e7ament\u00e1ria Acumulada at\u00e9 Maio<\/a><\/li>\n<\/ul>\n<p>&nbsp;<\/p>\n<p><strong>JUNHO<\/strong><\/p>\n<ul>\n<li><a href=\"https:\/\/portal.uern.br\/proplan\/wp-content\/uploads\/2023\/02\/06_relacao_execucao_orcamentaria_de_junho_2022.pdf\">Execu\u00e7\u00e3o Or\u00e7ament\u00e1ria de Junho<\/a><\/li>\n<li><a href=\"https:\/\/portal.uern.br\/proplan\/wp-content\/uploads\/2023\/02\/06_relacao_execucao_orcamentaria_acumulado_ate_junho_2022.pdf\">Execu\u00e7\u00e3o Or\u00e7ament\u00e1ria Acumulada at\u00e9 Junho<\/a><\/li>\n<\/ul>\n<p>&nbsp;<\/p>\n<p><strong>JULHO<\/strong><\/p>\n<ul>\n<li><a href=\"https:\/\/portal.uern.br\/proplan\/wp-content\/uploads\/2023\/02\/07_relacao_execucao_orcamentaria_de_julho_2022.pdf\">Execu\u00e7\u00e3o Or\u00e7ament\u00e1ria de Julho<\/a><\/li>\n<li><a href=\"https:\/\/portal.uern.br\/proplan\/wp-content\/uploads\/2023\/02\/07_relacao_execucao_orcamentaria_acumulado_ate_julho_2022.pdf\">Execu\u00e7\u00e3o Or\u00e7ament\u00e1ria Acumulada at\u00e9 Julho<\/a><\/li>\n<\/ul>\n<p>&nbsp;<\/p>\n<p><strong>AGOSTO<\/strong><\/p>\n<ul>\n<li><a href=\"https:\/\/portal.uern.br\/proplan\/wp-content\/uploads\/2023\/02\/08_relacao_execucao_orcamentaria_de_agosto_2022.pdf\">Execu\u00e7\u00e3o Or\u00e7ament\u00e1ria de Agosto<\/a><\/li>\n<li><a href=\"https:\/\/portal.uern.br\/proplan\/wp-content\/uploads\/2023\/02\/08_relacao_execucao_orcamentaria_acumulado_ate_agosto_2022.pdf\">Execu\u00e7\u00e3o Or\u00e7ament\u00e1ria Acumulada at\u00e9 Agosto<\/a><\/li>\n<\/ul>\n<p>&nbsp;<\/p>\n<p><strong>SETEMBRO<\/strong><\/p>\n<ul>\n<li><a href=\"https:\/\/portal.uern.br\/proplan\/wp-content\/uploads\/2023\/02\/09_relacao_execucao_orcamentaria_de_setembro_2022.pdf\">Execu\u00e7\u00e3o Or\u00e7ament\u00e1ria de Setembro<\/a><\/li>\n<li><a href=\"https:\/\/portal.uern.br\/proplan\/wp-content\/uploads\/2023\/02\/09_relacao_execucao_orcamentaria_acumulado_ate_setembro_2022.pdf\">Execu\u00e7\u00e3o Or\u00e7ament\u00e1ria Acumulada at\u00e9 Setembro<\/a><\/li>\n<\/ul>\n<p>&nbsp;<\/p>\n<p><strong>OUTUBRO<\/strong><\/p>\n<ul>\n<li><a href=\"https:\/\/portal.uern.br\/proplan\/wp-content\/uploads\/2023\/02\/10_relacao_execucao_orcamentaria_de_outubro_2022.pdf\">Execu\u00e7\u00e3o Or\u00e7ament\u00e1ria de Outubro<\/a><\/li>\n<li><a href=\"https:\/\/portal.uern.br\/proplan\/wp-content\/uploads\/2023\/02\/10_relacao_execucao_orcamentaria_acumulado_ate_outubro_2022.pdf\">Execu\u00e7\u00e3o Or\u00e7ament\u00e1ria Acumulada at\u00e9 Outubro<\/a><\/li>\n<\/ul>\n<p>&nbsp;<\/p>\n<p><strong>NOVEMBRO<\/strong><\/p>\n<ul>\n<li><a href=\"https:\/\/portal.uern.br\/proplan\/wp-content\/uploads\/2023\/02\/11_relacao_execucao_orcamentaria_de_novembro_2022.pdf\">Execu\u00e7\u00e3o Or\u00e7ament\u00e1ria de Novembro<\/a><\/li>\n<li><a href=\"https:\/\/portal.uern.br\/proplan\/wp-content\/uploads\/2023\/02\/11_relacao_execucao_orcamentaria_acumulado_ate_novembro_2022.pdf\">Execu\u00e7\u00e3o Or\u00e7ament\u00e1ria Acumulada at\u00e9 Novembro<\/a><\/li>\n<\/ul>\n<p>&nbsp;<\/p>\n<p><strong>DEZEMBRO<\/strong><\/p>\n<ul>\n<li><a href=\"https:\/\/portal.uern.br\/proplan\/wp-content\/uploads\/2023\/02\/12_relacao_execucao_orcamentaria_de_dezembro_2022.pdf\">Execu\u00e7\u00e3o Or\u00e7ament\u00e1ria de Dezembro<\/a><\/li>\n<li><a href=\"https:\/\/portal.uern.br\/proplan\/wp-content\/uploads\/2023\/02\/12_relacao_execucao_orcamentaria_acumulado_ate_dezembro_2022.pdf\">Execu\u00e7\u00e3o Or\u00e7ament\u00e1ria Acumulada at\u00e9 Dezembro<\/a><\/li>\n<\/ul>\n<p>&nbsp;<\/p>\n<h3>Execu\u00e7\u00e3o Or\u00e7ament\u00e1ria Fonte 100 &#8211; Tesouro Estadual<\/h3>\n<ul>\n<li><a href=\"https:\/\/portal.uern.br\/proplan\/wp-content\/uploads\/2023\/02\/01_relacao_execucao_orcamentaria_jan.2022_fonte_100.pdf\">Janeiro de 2022<\/a><\/li>\n<li><a href=\"https:\/\/portal.uern.br\/proplan\/wp-content\/uploads\/2023\/02\/02_relacao_execucao_orcamentaria_fev.2022_fonte_100.pdf\">Fevereiro de 2022<\/a><\/li>\n<li><a href=\"https:\/\/portal.uern.br\/proplan\/wp-content\/uploads\/2023\/02\/03_relacao_execucao_orcamentaria_mar.2022_fonte_100.pdf\">Mar\u00e7o de 2022<\/a><\/li>\n<li><a href=\"https:\/\/portal.uern.br\/proplan\/wp-content\/uploads\/2023\/02\/04_relacao_execucao_orcamentaria_abr.2022_fonte_100.pdf\">Abril de 2022<\/a><\/li>\n<li><a href=\"https:\/\/portal.uern.br\/proplan\/wp-content\/uploads\/2023\/02\/05_relacao_execucao_orcamentaria_mai.2022_fonte_100.pdf\">Maio de 2022<\/a><\/li>\n<li><a href=\"https:\/\/portal.uern.br\/proplan\/wp-content\/uploads\/2023\/02\/06_relacao_execucao_orcamentaria_jun.2022_fonte_100.pdf\">Junho de 2022<\/a><\/li>\n<li><a href=\"https:\/\/portal.uern.br\/proplan\/wp-content\/uploads\/2023\/02\/07_relacao_execucao_orcamentaria_jul.2022_fonte_100.pdf\">Julho de 2022<\/a><\/li>\n<li><a href=\"https:\/\/portal.uern.br\/proplan\/wp-content\/uploads\/2023\/02\/08_relacao_execucao_orcamentaria_ago.2022_fonte_100.pdf\">Agosto de 2022<\/a><\/li>\n<li><a href=\"https:\/\/portal.uern.br\/proplan\/wp-content\/uploads\/2023\/02\/09_relacao_execucao_orcamentaria_set.2022_fonte_100.pdf\">Setembro de 2022<\/a><\/li>\n<li><a href=\"https:\/\/portal.uern.br\/proplan\/wp-content\/uploads\/2023\/02\/10_relacao_execucao_orcamentaria_out.2022_fonte_100.pdf\">Outubro de 2022<\/a><\/li>\n<li><a href=\"https:\/\/portal.uern.br\/proplan\/wp-content\/uploads\/2023\/02\/11_relacao_execucao_orcamentaria_nov.2022_fonte_100.pdf\">Novembro de 2022<\/a><\/li>\n<li><a href=\"https:\/\/portal.uern.br\/proplan\/wp-content\/uploads\/2023\/02\/12_relacao_execucao_orcamentaria_dez.2022_fonte_100.pdf\">Dezembro de 2022<\/a><\/li>\n<\/ul>\n<h3>Execu\u00e7\u00e3o Or\u00e7ament\u00e1ria Fonte 250 &#8211; Recursos Diretamente Arrecadados<\/h3>\n<ul>\n<li><a href=\"https:\/\/portal.uern.br\/proplan\/wp-content\/uploads\/2023\/02\/01_relacao_execucao_orcamentaria_jan.2022_fonte_250.pdf\">Janeiro de 2022<\/a><\/li>\n<li><a href=\"https:\/\/portal.uern.br\/proplan\/wp-content\/uploads\/2023\/02\/02_relacao_execucao_orcamentaria_fev.2022_fonte_250.pdf\">Fevereiro de 2022<\/a><\/li>\n<li><a href=\"https:\/\/portal.uern.br\/proplan\/wp-content\/uploads\/2023\/02\/03_relacao_execucao_orcamentaria_mar.2022_fonte_250.pdf\">Mar\u00e7o de 2022<\/a><\/li>\n<li><a href=\"https:\/\/portal.uern.br\/proplan\/wp-content\/uploads\/2023\/02\/04_relacao_execucao_orcamentaria_abr.2022_fonte_250.pdf\">Abril de 2022<\/a><\/li>\n<li><a href=\"https:\/\/portal.uern.br\/proplan\/wp-content\/uploads\/2023\/02\/05_relacao_execucao_orcamentaria_mai.2022_fonte_250.pdf\">Maio de 2022<\/a><\/li>\n<li><a href=\"https:\/\/portal.uern.br\/proplan\/wp-content\/uploads\/2023\/02\/06_relacao_execucao_orcamentaria_jun.2022_fonte_250.pdf\">Junho de 2022<\/a><\/li>\n<li><a href=\"https:\/\/portal.uern.br\/proplan\/wp-content\/uploads\/2023\/02\/07_relacao_execucao_orcamentaria_jul.2022_fonte_250.pdf\">Julho de 2022<\/a><\/li>\n<li><a href=\"https:\/\/portal.uern.br\/proplan\/wp-content\/uploads\/2023\/02\/08_relacao_execucao_orcamentaria_ago.2022_fonte_250.pdf\">Agosto de 2022<\/a><\/li>\n<li><a href=\"https:\/\/portal.uern.br\/proplan\/wp-content\/uploads\/2023\/02\/09_relacao_execucao_orcamentaria_set.2022_fonte_250.pdf\">Setembro de 2022<\/a><\/li>\n<li><a href=\"https:\/\/portal.uern.br\/proplan\/wp-content\/uploads\/2023\/02\/10_relacao_execucao_orcamentaria_out.2022_fonte_250.pdf\">Outubro de 2022<\/a><\/li>\n<li><a href=\"https:\/\/portal.uern.br\/proplan\/wp-content\/uploads\/2023\/02\/11_relacao_execucao_orcamentaria_nov.2022_fonte_250.pdf\">Novembro de 2022<\/a><\/li>\n<li><a href=\"https:\/\/portal.uern.br\/proplan\/wp-content\/uploads\/2023\/02\/12_relacao_execucao_orcamentaria_dez.2022_fonte_250.pdf\">Dezembro de 2022<\/a><\/li>\n<\/ul>\n<h3>Execu\u00e7\u00e3o Or\u00e7ament\u00e1ria Fonte 281 &#8211; Recursos de Conv\u00eanios<\/h3>\n<ul>\n<li><a href=\"https:\/\/portal.uern.br\/proplan\/wp-content\/uploads\/2023\/02\/01_relacao_execucao_orcamentaria_jan.2022_fonte_281.pdf\">Janeiro de 2022<\/a><\/li>\n<li><a href=\"https:\/\/portal.uern.br\/proplan\/wp-content\/uploads\/2023\/02\/02_relacao_execucao_orcamentaria_fev.2022_fonte_281.pdf\">Fevereiro de 2022<\/a><\/li>\n<li><a href=\"https:\/\/portal.uern.br\/proplan\/wp-content\/uploads\/2023\/02\/03_relacao_execucao_orcamentaria_mar.2022_fonte_281.pdf\">Mar\u00e7o de 2022<\/a><\/li>\n<li><a href=\"https:\/\/portal.uern.br\/proplan\/wp-content\/uploads\/2023\/02\/04_relacao_execucao_orcamentaria_abr.2022_fonte_281.pdf\">Abril de 2022<\/a><\/li>\n<li><a href=\"https:\/\/portal.uern.br\/proplan\/wp-content\/uploads\/2023\/02\/05_relacao_execucao_orcamentaria_mai.2022_fonte_281.pdf\">Maio de 2022<\/a><\/li>\n<li><a href=\"https:\/\/portal.uern.br\/proplan\/wp-content\/uploads\/2023\/02\/06_relacao_execucao_orcamentaria_jun.2022_fonte_281.pdf\">Junho de 2022<\/a><\/li>\n<li><a href=\"https:\/\/portal.uern.br\/proplan\/wp-content\/uploads\/2023\/02\/07_relacao_execucao_orcamentaria_jul.2022_fonte_281.pdf\">Julho de 2022<\/a><\/li>\n<li><a href=\"https:\/\/portal.uern.br\/proplan\/wp-content\/uploads\/2023\/02\/08_relacao_execucao_orcamentaria_ago.2022_fonte_281.pdf\">Agosto de 2022<\/a><\/li>\n<li><a href=\"https:\/\/portal.uern.br\/proplan\/wp-content\/uploads\/2023\/02\/09_relacao_execucao_orcamentaria_set.2022_fonte_281.pdf\">Setembro de 2022<\/a><\/li>\n<li><a href=\"https:\/\/portal.uern.br\/proplan\/wp-content\/uploads\/2023\/02\/10_relacao_execucao_orcamentaria_out.2022_fonte_281.pdf\">Outubro de 2022<\/a><\/li>\n<li><a href=\"https:\/\/portal.uern.br\/proplan\/wp-content\/uploads\/2023\/02\/11_relacao_execucao_orcamentaria_nov.2022_fonte_281.pdf\">Novembro de 2022<\/a><\/li>\n<li><a href=\"https:\/\/portal.uern.br\/proplan\/wp-content\/uploads\/2023\/02\/12_relacao_execucao_orcamentaria_dez.2022_fonte_281.pdf\">Dezembro de 2022<\/a><\/li>\n<\/ul>\n<h3>Execu\u00e7\u00e3o Or\u00e7ament\u00e1ria Fonte 290 &#8211; Recursos Diversos<\/h3>\n<ul>\n<li><a href=\"https:\/\/portal.uern.br\/proplan\/wp-content\/uploads\/2023\/02\/01_relacao_execucao_orcamentaria_jan.2022_fonte_290.pdf\">Janeiro de 2022<\/a><\/li>\n<li><a href=\"https:\/\/portal.uern.br\/proplan\/wp-content\/uploads\/2023\/02\/02_relacao_execucao_orcamentaria_fev.2022_fonte_290.pdf\">Fevereiro de 2022<\/a><\/li>\n<li><a href=\"https:\/\/portal.uern.br\/proplan\/wp-content\/uploads\/2023\/02\/03_relacao_execucao_orcamentaria_mar.2022_fonte_290.pdf\">Mar\u00e7o de 2022<\/a><\/li>\n<li><a href=\"https:\/\/portal.uern.br\/proplan\/wp-content\/uploads\/2023\/02\/04_relacao_execucao_orcamentaria_abr.2022_fonte_290.pdf\">Abril de 2022<\/a><\/li>\n<li><a href=\"https:\/\/portal.uern.br\/proplan\/wp-content\/uploads\/2023\/02\/05_relacao_execucao_orcamentaria_mai.2022_fonte_290.pdf\">Maio de 2022<\/a><\/li>\n<li><a href=\"https:\/\/portal.uern.br\/proplan\/wp-content\/uploads\/2023\/02\/06_relacao_execucao_orcamentaria_jun.2022_fonte_290.pdf\">Junho de 2022<\/a><\/li>\n<li><a href=\"https:\/\/portal.uern.br\/proplan\/wp-content\/uploads\/2023\/02\/07_relacao_execucao_orcamentaria_jul.2022_fonte_290.pdf\">Julho de 2022<\/a><\/li>\n<li><a href=\"https:\/\/portal.uern.br\/proplan\/wp-content\/uploads\/2023\/02\/08_relacao_execucao_orcamentaria_ago.2022_fonte_290.pdf\">Agosto de 2022<\/a><\/li>\n<li><a href=\"https:\/\/portal.uern.br\/proplan\/wp-content\/uploads\/2023\/02\/09_relacao_execucao_orcamentaria_set.2022_fonte_290.pdf\">Setembro de 2022<\/a><\/li>\n<li><a href=\"https:\/\/portal.uern.br\/proplan\/wp-content\/uploads\/2023\/02\/10_relacao_execucao_orcamentaria_out.2022_fonte_290.pdf\">Outubro de 2022<\/a><\/li>\n<li><a href=\"https:\/\/portal.uern.br\/proplan\/wp-content\/uploads\/2023\/02\/11_relacao_execucao_orcamentaria_nov.2022_fonte_290.pdf\">Novembro de 2022<\/a><\/li>\n<li><a href=\"https:\/\/portal.uern.br\/proplan\/wp-content\/uploads\/2023\/02\/12_relacao_execucao_orcamentaria_dez.2022_fonte_290.pdf\">Dezembro de 2022<\/a><\/li>\n<\/ul>\n","protected":false},"excerpt":{"rendered":"<p>BALAN\u00c7O FINANCEIRO Balan\u00e7o Financeiro &#8211; Janeiro a Dezembro\/2022 &nbsp; PESSOAL E ENCARGOS Relat\u00f3rio de Pessoal e Encargos &#8211; Acumulado at\u00e9 Dezembro &nbsp; EXECU\u00c7\u00c3O OR\u00c7AMENT\u00c1RIA JANEIRO Execu\u00e7\u00e3o Or\u00e7ament\u00e1ria de Janeiro &nbsp; FEVEREIRO Execu\u00e7\u00e3o Or\u00e7ament\u00e1ria de Fevereiro Execu\u00e7\u00e3o Or\u00e7ament\u00e1ria Acumulada at\u00e9 Fevereiro &nbsp; MAR\u00c7O Execu\u00e7\u00e3o Or\u00e7ament\u00e1ria de Mar\u00e7o Execu\u00e7\u00e3o Or\u00e7ament\u00e1ria Acumulada at\u00e9 Mar\u00e7o &nbsp; ABRIL Execu\u00e7\u00e3o Or\u00e7ament\u00e1ria [&hellip;]<\/p>\n","protected":false},"author":2,"featured_media":0,"parent":0,"menu_order":0,"comment_status":"closed","ping_status":"closed","template":"","meta":{"footnotes":""},"class_list":["post-232","page","type-page","status-publish","hentry"],"_links":{"self":[{"href":"https:\/\/portal.uern.br\/proplan\/wp-json\/wp\/v2\/pages\/232","targetHints":{"allow":["GET"]}}],"collection":[{"href":"https:\/\/portal.uern.br\/proplan\/wp-json\/wp\/v2\/pages"}],"about":[{"href":"https:\/\/portal.uern.br\/proplan\/wp-json\/wp\/v2\/types\/page"}],"author":[{"embeddable":true,"href":"https:\/\/portal.uern.br\/proplan\/wp-json\/wp\/v2\/users\/2"}],"replies":[{"embeddable":true,"href":"https:\/\/portal.uern.br\/proplan\/wp-json\/wp\/v2\/comments?post=232"}],"version-history":[{"count":17,"href":"https:\/\/portal.uern.br\/proplan\/wp-json\/wp\/v2\/pages\/232\/revisions"}],"predecessor-version":[{"id":2157,"href":"https:\/\/portal.uern.br\/proplan\/wp-json\/wp\/v2\/pages\/232\/revisions\/2157"}],"wp:attachment":[{"href":"https:\/\/portal.uern.br\/proplan\/wp-json\/wp\/v2\/media?parent=232"}],"curies":[{"name":"wp","href":"https:\/\/api.w.org\/{rel}","templated":true}]}}