{"id":1853,"date":"2024-04-24T09:13:31","date_gmt":"2024-04-24T12:13:31","guid":{"rendered":"https:\/\/portal.uern.br\/proplan\/?page_id=1853"},"modified":"2024-08-08T16:30:28","modified_gmt":"2024-08-08T19:30:28","slug":"ordem-cronologica-2024","status":"publish","type":"page","link":"https:\/\/portal.uern.br\/proplan\/ordem-cronologica-2024\/","title":{"rendered":"Ordem Cronol\u00f3gica 2024"},"content":{"rendered":"<p><span class=\"fontstyle0\"><strong>Como Consultar a Ordem Cronol\u00f3gica no Portal da Transpar\u00eancia<\/strong><\/span><\/p>\n<p><span class=\"fontstyle0\"><br \/>\n<\/span><span class=\"fontstyle2\">Prezado(a) Usu\u00e1rio(a),<br \/>\nPara acessar as informa\u00e7\u00f5es sobre a ordem cronol\u00f3gica no Portal da Transpar\u00eancia, siga<br \/>\nos passos abaixo:<\/span><\/p>\n<p style=\"padding-left: 40px\"><span class=\"fontstyle2\"><br \/>\n<strong>1. <\/strong><\/span><strong><span class=\"fontstyle0\">Acesse o Portal da Transpar\u00eancia<\/span><\/strong><span class=\"fontstyle2\">: Navegue at\u00e9 o site oficial do Portal da<br \/>\nTranspar\u00eancia <\/span><a href=\"http:\/\/www.transparencia.rn.gov.br\/ordem-cronologica\"><span class=\"fontstyle2\">http:\/\/www.transparencia.rn.gov.br\/ordem-cronologica<\/span><\/a><span class=\"fontstyle2\">.<br \/>\n<strong>2. <\/strong><\/span><strong><span class=\"fontstyle0\">Preencha os Dados Relevantes<\/span><\/strong><span class=\"fontstyle2\">: Insira os dados solicitados, como o per\u00edodo<br \/>\ndesejado, n\u00famero do processo, fonte de recursos ou qualquer outra informa\u00e7\u00e3o<br \/>\nrelevante.<br \/>\n<strong>3. <\/strong><\/span><strong><span class=\"fontstyle0\">Visualize e Baixe os Relat\u00f3rios<\/span><\/strong><span class=\"fontstyle2\">: Ap\u00f3s realizar a pesquisa, voc\u00ea poder\u00e1 visualizar e<br \/>\nbaixar os relat\u00f3rios de acordo com a ordem cronol\u00f3gica.<\/span><\/p>\n<p><span class=\"fontstyle2\"><br \/>\nSe tiver alguma dificuldade ou precisar de ajuda adicional, n\u00e3o hesite em entrar em contato<br \/>\ncom o nosso suporte atrav\u00e9s do e-mail <a href=\"mailto:contabilidade@uern.br\">contabilidade@uern.br<\/a><\/span><\/p>\n","protected":false},"excerpt":{"rendered":"<p>Como Consultar a Ordem Cronol\u00f3gica no Portal da Transpar\u00eancia Prezado(a) Usu\u00e1rio(a), Para acessar as informa\u00e7\u00f5es sobre a ordem cronol\u00f3gica no Portal da Transpar\u00eancia, siga os passos abaixo: 1. Acesse o Portal da Transpar\u00eancia: Navegue at\u00e9 o site oficial do Portal da Transpar\u00eancia http:\/\/www.transparencia.rn.gov.br\/ordem-cronologica. 2. Preencha os Dados Relevantes: Insira os dados solicitados, como o per\u00edodo [&hellip;]<\/p>\n","protected":false},"author":2,"featured_media":0,"parent":0,"menu_order":0,"comment_status":"closed","ping_status":"closed","template":"","meta":{"footnotes":""},"class_list":["post-1853","page","type-page","status-publish","hentry"],"_links":{"self":[{"href":"https:\/\/portal.uern.br\/proplan\/wp-json\/wp\/v2\/pages\/1853","targetHints":{"allow":["GET"]}}],"collection":[{"href":"https:\/\/portal.uern.br\/proplan\/wp-json\/wp\/v2\/pages"}],"about":[{"href":"https:\/\/portal.uern.br\/proplan\/wp-json\/wp\/v2\/types\/page"}],"author":[{"embeddable":true,"href":"https:\/\/portal.uern.br\/proplan\/wp-json\/wp\/v2\/users\/2"}],"replies":[{"embeddable":true,"href":"https:\/\/portal.uern.br\/proplan\/wp-json\/wp\/v2\/comments?post=1853"}],"version-history":[{"count":13,"href":"https:\/\/portal.uern.br\/proplan\/wp-json\/wp\/v2\/pages\/1853\/revisions"}],"predecessor-version":[{"id":2110,"href":"https:\/\/portal.uern.br\/proplan\/wp-json\/wp\/v2\/pages\/1853\/revisions\/2110"}],"wp:attachment":[{"href":"https:\/\/portal.uern.br\/proplan\/wp-json\/wp\/v2\/media?parent=1853"}],"curies":[{"name":"wp","href":"https:\/\/api.w.org\/{rel}","templated":true}]}}