{"id":1137,"date":"2023-03-30T12:25:25","date_gmt":"2023-03-30T15:25:25","guid":{"rendered":"https:\/\/portal.uern.br\/proplan\/?page_id=1137"},"modified":"2026-02-13T11:37:48","modified_gmt":"2026-02-13T14:37:48","slug":"ppa","status":"publish","type":"page","link":"https:\/\/portal.uern.br\/proplan\/ppa\/","title":{"rendered":"PPA"},"content":{"rendered":"<ul>\n<li><a href=\"http:\/\/www.uern.br\/controledepaginas\/proplan-legislacao\/arquivos\/0539_ppa_2020_2023_lei_n_10.695.pdf\"><strong>PPA 2020\/2023<\/strong><\/a> \u2013 Plano Plurianual do Estado do Rio Grande do Norte 2020-2023\n<ul>\n<li><a href=\"http:\/\/www.uern.br\/controledepaginas\/proplan-legislacao\/arquivos\/0539_relatorio_avaliacao_ppa_2022_fuern.pdf\"><strong>Relat\u00f3rio de Avalia\u00e7\u00e3o PPA 2020-2023<\/strong><\/a> &#8211; Exerc\u00edcio 2022<\/li>\n<li><a href=\"https:\/\/portal.uern.br\/proplan\/wp-content\/uploads\/2024\/04\/Relatorio_Avaliacao_PPA_2023_Fuern.pdf\"><strong>Relat\u00f3rio de Avalia\u00e7\u00e3o PPA 2020-2023<\/strong><\/a> &#8211; Exerc\u00edcio 2023<\/li>\n<\/ul>\n<\/li>\n<\/ul>\n<p>&nbsp;<\/p>\n<ul>\n<li><a href=\"https:\/\/portal.uern.br\/proplan\/wp-content\/uploads\/2024\/02\/PPA_2024-2027_FUERN.pdf\"><strong>PPA 2024\/2027<\/strong><\/a> \u2013 Plano Plurianual do Estado do Rio Grande do Norte 2024-2027\n<ul>\n<li><a href=\"https:\/\/portal.uern.br\/proplan\/wp-content\/uploads\/2025\/09\/Relatorio_Avaliacao_PPA_2024_Fuern.pdf\"><strong>Relat\u00f3rio de Avalia\u00e7\u00e3o PPA 2024-2027<\/strong><\/a> &#8211; Exerc\u00edcio 2024<\/li>\n<li><a href=\"https:\/\/portal.uern.br\/proplan\/wp-content\/uploads\/2026\/02\/Relatorio_Avaliacao_PPA_2025_Fuern.pdf\"><strong>Relat\u00f3rio de Avalia\u00e7\u00e3o PPA 2024-2027<\/strong><\/a> &#8211; Exerc\u00edcio 2025<\/li>\n<\/ul>\n<\/li>\n<\/ul>\n","protected":false},"excerpt":{"rendered":"<p>PPA 2020\/2023 \u2013 Plano Plurianual do Estado do Rio Grande do Norte 2020-2023 Relat\u00f3rio de Avalia\u00e7\u00e3o PPA 2020-2023 &#8211; Exerc\u00edcio 2022 Relat\u00f3rio de Avalia\u00e7\u00e3o PPA 2020-2023 &#8211; Exerc\u00edcio 2023 &nbsp; PPA 2024\/2027 \u2013 Plano Plurianual do Estado do Rio Grande do Norte 2024-2027 Relat\u00f3rio de Avalia\u00e7\u00e3o PPA 2024-2027 &#8211; Exerc\u00edcio 2024 Relat\u00f3rio de Avalia\u00e7\u00e3o PPA [&hellip;]<\/p>\n","protected":false},"author":2,"featured_media":0,"parent":0,"menu_order":0,"comment_status":"closed","ping_status":"closed","template":"","meta":{"footnotes":""},"class_list":["post-1137","page","type-page","status-publish","hentry"],"_links":{"self":[{"href":"https:\/\/portal.uern.br\/proplan\/wp-json\/wp\/v2\/pages\/1137","targetHints":{"allow":["GET"]}}],"collection":[{"href":"https:\/\/portal.uern.br\/proplan\/wp-json\/wp\/v2\/pages"}],"about":[{"href":"https:\/\/portal.uern.br\/proplan\/wp-json\/wp\/v2\/types\/page"}],"author":[{"embeddable":true,"href":"https:\/\/portal.uern.br\/proplan\/wp-json\/wp\/v2\/users\/2"}],"replies":[{"embeddable":true,"href":"https:\/\/portal.uern.br\/proplan\/wp-json\/wp\/v2\/comments?post=1137"}],"version-history":[{"count":15,"href":"https:\/\/portal.uern.br\/proplan\/wp-json\/wp\/v2\/pages\/1137\/revisions"}],"predecessor-version":[{"id":2555,"href":"https:\/\/portal.uern.br\/proplan\/wp-json\/wp\/v2\/pages\/1137\/revisions\/2555"}],"wp:attachment":[{"href":"https:\/\/portal.uern.br\/proplan\/wp-json\/wp\/v2\/media?parent=1137"}],"curies":[{"name":"wp","href":"https:\/\/api.w.org\/{rel}","templated":true}]}}