{"id":437,"date":"2022-09-08T08:44:25","date_gmt":"2022-09-08T11:44:25","guid":{"rendered":"https:\/\/paisdemossoro.com.br\/wordpress\/propeg\/?page_id=437"},"modified":"2026-01-26T08:29:27","modified_gmt":"2026-01-26T11:29:27","slug":"comite-permanente-de-pos-graduacao-stricto-sensu-cppgss","status":"publish","type":"page","link":"https:\/\/portal.uern.br\/propeg\/comite-permanente-de-pos-graduacao-stricto-sensu-cppgss\/","title":{"rendered":"Comit\u00ea Permanente de P\u00f3s-Gradua\u00e7\u00e3o Stricto Sensu"},"content":{"rendered":"<p>Vinculado ao Gabinete da Pr\u00f3-Reitoria de Pesquisa e P\u00f3s-Gradua\u00e7\u00e3o (PROPEG),\u00a0 o Comit\u00ea Permanente de P\u00f3s-Gradua\u00e7\u00e3o Stricto Sensu (CPPGSS) \u00e9 uma inst\u00e2ncia deliberativa que visa apreciar as mat\u00e9rias referentes aos cursos e a\u00e7\u00f5es de P\u00f3s-Gradua\u00e7\u00e3o Stricto Sensu. Conforme a <a href=\"http:\/\/beta.apps.uern.br\/wordpress\/propeg\/wp-content\/uploads\/2022\/12\/resolucao_10_2015_cppgss_propeg.pdf\">Resolu\u00e7\u00e3o n\u00ba 10\/2015<\/a>, o CPPGSS \u00e9 formado pelo(a), Pr\u00f3-Reitor(a) de Pesquisa e P\u00f3s-Gradua\u00e7\u00e3o, que ser\u00e1 o presidente, pelos(as) membros, que corresponder\u00e3o aos Coordenadores(as) dos Programas de P\u00f3s-Gradua\u00e7\u00e3o Stricto Sensu da UERN, em exerc\u00edcio, e por uma representa\u00e7\u00e3o discente, eleito dentre os representantes discentes dos Colegiados dos Cursos e Programas de P\u00f3s-Gradua\u00e7\u00e3o Stricto Sensu.<\/p>\n<ul>\n<li><a href=\"https:\/\/portal.uern.br\/propeg\/wp-content\/uploads\/2022\/12\/resolucao_10_2015_cppgss_propeg.pdf\">Resolu\u00e7\u00e3o n\u00ba 10\/2015 &#8211; CONSEPE<\/a> &#8211; Cria e regulamenta o Comit\u00ea Permanente de P\u00f3s-Gradua\u00e7\u00e3o Stricto Sensu da Pr\u00f3-Reitoria de Pesquisa e P\u00f3s-Gradua\u00e7\u00e3o da UERN.<\/li>\n<li><a href=\"https:\/\/portal.uern.br\/propeg\/wp-content\/uploads\/2022\/12\/Regimento_CPPGSS_Propeg.pdf\">Funcionamento<\/a> &#8211; Regimento do Comit\u00ea Permanente de P\u00f3s-gradua\u00e7\u00e3o Stricto Sensu, publicado no JOUERN, n\u00ba 247, 12\/11\/2022.<\/li>\n<li><a href=\"https:\/\/docs.google.com\/spreadsheets\/d\/1lvDZzN47AzINnqx1Sb1lhhn5TVS6KbnSY_FkRaM_j30\/edit#gid=0\">Composi\u00e7\u00e3o<\/a> &#8211; Pr\u00f3-Reitor(a), Presidente, Coordenadores de PPGs da UERN, representante discente da P\u00f3s-Gradua\u00e7\u00e3o, como membros.<\/li>\n<li><a href=\"https:\/\/portal.uern.br\/propeg\/wp-content\/uploads\/2026\/01\/Minuta_Calendario_CPPGSS_2026.pdf\">Calend\u00e1rio de Reuni\u00f5es 2026<\/a> &#8211; Aprovado na Reuni\u00e3o Extraordin\u00e1ria do CPPGSS, 11\/12\/2025.<\/li>\n<\/ul>\n<h3 data-start=\"245\" data-end=\"286\"><\/h3>\n<p>&nbsp;<\/p>\n<h3 data-start=\"245\" data-end=\"286\"><strong data-start=\"249\" data-end=\"286\">Subcomiss\u00f5es Vinculadas ao CPPGSS<\/strong><\/h3>\n<p data-start=\"288\" data-end=\"985\"><strong data-start=\"288\" data-end=\"344\">Comiss\u00e3o de Autoavalia\u00e7\u00e3o e Planejamento Estrat\u00e9gico, <\/strong>vinculada ao Gabinete da Pr\u00f3-reitoria de Pesquisa e P\u00f3s-gradua\u00e7\u00e3o, tem como finalidade conduzir os processos de monitoramento, diagn\u00f3stico e melhoria cont\u00ednua dos Programas de P\u00f3s-Gradua\u00e7\u00e3o da UERN. Entre suas atribui\u00e7\u00f5es est\u00e3o a coordena\u00e7\u00e3o das a\u00e7\u00f5es de autoavalia\u00e7\u00e3o institucional da P\u00f3s-Gradua\u00e7\u00e3o Stricto Sensu, o acompanhamento dos indicadores acad\u00eamicos e administrativos dos PPGs, a proposi\u00e7\u00e3o de metas e estrat\u00e9gias alinhadas ao Plano de Desenvolvimento Institucional (PDI) e \u00e0s diretrizes da CAPES, bem como o suporte ao processo de planejamento estrat\u00e9gico da PROPEG.<\/p>\n<ul>\n<li><a href=\"https:\/\/portal.uern.br\/propeg\/wp-content\/uploads\/2025\/12\/SEI_38015378_UERN___Portaria___GP_4772.pdf\">Composi\u00e7\u00e3o<\/a> &#8211; Chefia do Departamento de Cursos Stricto Sensu, 1 coordenador representantes dos cursos acad\u00eamicos, 1 representante dos cursos profissionais da CPPGSS, 1 representante da Avalia\u00e7\u00e3o Institucional e 1 representante dos discentes da p\u00f3s-gradua\u00e7\u00e3o.<\/li>\n<\/ul>\n<p>&nbsp;<\/p>\n<p data-start=\"288\" data-end=\"985\"><strong data-start=\"288\" data-end=\"344\">Comiss\u00e3o de Bolsas de Capacita\u00e7\u00e3o, <\/strong>vinculada ao Gabinete da Pr\u00f3-reitoria de Pesquisa e P\u00f3s-gradua\u00e7\u00e3o, tem como finalidade conduzir os processos de sele\u00e7\u00e3o dos candidatos \u00e0 bolsa de capacita\u00e7\u00e3o conforme descrito nas Resolu\u00e7\u00f5es n\u00ba 05\/2024 &#8211; CD e n\u00ba 08\/2018-CD.<\/p>\n<ul>\n<li><a href=\"https:\/\/portal.uern.br\/propeg\/wp-content\/uploads\/2025\/02\/Portaria-n%C2%B0429.2025-Comissao-de-Bolsas.pdf\">Composi\u00e7\u00e3o<\/a> \u2013 Diretoria da P\u00f3s-gradua\u00e7\u00e3o, 03 representantes do CPPGSS e 01 representante dos discentes da p\u00f3s-gradua\u00e7\u00e3o.<\/li>\n<\/ul>\n","protected":false},"excerpt":{"rendered":"<p>Vinculado ao Gabinete da Pr\u00f3-Reitoria de Pesquisa e P\u00f3s-Gradua\u00e7\u00e3o (PROPEG),\u00a0 o Comit\u00ea Permanente de P\u00f3s-Gradua\u00e7\u00e3o Stricto Sensu (CPPGSS) \u00e9 uma inst\u00e2ncia deliberativa que visa apreciar as mat\u00e9rias referentes aos cursos e a\u00e7\u00f5es de P\u00f3s-Gradua\u00e7\u00e3o Stricto Sensu. Conforme a Resolu\u00e7\u00e3o n\u00ba 10\/2015, o CPPGSS \u00e9 formado pelo(a), Pr\u00f3-Reitor(a) de Pesquisa e P\u00f3s-Gradua\u00e7\u00e3o, que ser\u00e1 o presidente, [&hellip;]<\/p>\n","protected":false},"author":1,"featured_media":0,"parent":0,"menu_order":0,"comment_status":"closed","ping_status":"closed","template":"","meta":{"footnotes":""},"class_list":["post-437","page","type-page","status-publish","hentry"],"_links":{"self":[{"href":"https:\/\/portal.uern.br\/propeg\/wp-json\/wp\/v2\/pages\/437","targetHints":{"allow":["GET"]}}],"collection":[{"href":"https:\/\/portal.uern.br\/propeg\/wp-json\/wp\/v2\/pages"}],"about":[{"href":"https:\/\/portal.uern.br\/propeg\/wp-json\/wp\/v2\/types\/page"}],"author":[{"embeddable":true,"href":"https:\/\/portal.uern.br\/propeg\/wp-json\/wp\/v2\/users\/1"}],"replies":[{"embeddable":true,"href":"https:\/\/portal.uern.br\/propeg\/wp-json\/wp\/v2\/comments?post=437"}],"version-history":[{"count":32,"href":"https:\/\/portal.uern.br\/propeg\/wp-json\/wp\/v2\/pages\/437\/revisions"}],"predecessor-version":[{"id":4471,"href":"https:\/\/portal.uern.br\/propeg\/wp-json\/wp\/v2\/pages\/437\/revisions\/4471"}],"wp:attachment":[{"href":"https:\/\/portal.uern.br\/propeg\/wp-json\/wp\/v2\/media?parent=437"}],"curies":[{"name":"wp","href":"https:\/\/api.w.org\/{rel}","templated":true}]}}