{"id":435,"date":"2022-09-08T08:44:15","date_gmt":"2022-09-08T11:44:15","guid":{"rendered":"https:\/\/paisdemossoro.com.br\/wordpress\/propeg\/?page_id=435"},"modified":"2025-12-18T13:46:43","modified_gmt":"2025-12-18T16:46:43","slug":"comite-permanente-de-pos-graduacao-lato-sensu-cppgls","status":"publish","type":"page","link":"https:\/\/portal.uern.br\/propeg\/comite-permanente-de-pos-graduacao-lato-sensu-cppgls\/","title":{"rendered":"Comit\u00ea Permanente de P\u00f3s-Gradua\u00e7\u00e3o Lato Sensu"},"content":{"rendered":"<p>\u00c9 o colegiado deliberativo respons\u00e1vel por apreciar mat\u00e9rias de relev\u00e2ncia e projetos dos cursos de P\u00f3s-Gradua\u00e7\u00e3o Lato Sensu antes de seu encaminhamento ao CONSEPE, bem como por zelar pela observ\u00e2ncia da legisla\u00e7\u00e3o pertinente \u00e0s Especializa\u00e7\u00f5es. A CPPGLS \u00e9 composta pelo Pr\u00f3-Reitor de Pesquisa e P\u00f3s-Gradua\u00e7\u00e3o, pelo Chefe do Departamento de Cursos da Diretoria de P\u00f3s-Gradua\u00e7\u00e3o, por representantes docentes (de cada \u00e1rea do conhecimento) e por um representante dos coordenadores dos Programas de P\u00f3s-Gradua\u00e7\u00e3o Lato Sensu.<\/p>\n<ul>\n<li><a href=\"https:\/\/www.uern.br\/controledepaginas\/documentos-legislacao-pesquisa\/arquivos\/0066resolua%C2%A7a%C2%A3o_09_2015_consepe_cria_e_regulamenta_o_comita_permanente_de_pa%C2%B3s_graduaa%C2%A7a%C2%A3o_lato_sensu_da_pra%C2%B3_reitoria_de_pesquisa_e_pa%C2%B3s_graduaa%C2%A7a%C2%A3o_da_uern.pdf\">Resolu\u00e7\u00e3o 09\/2015 &#8211; CONSEPE<\/a>\u00a0&#8211; Cria e regulamenta o Comit\u00ea Permanente de P\u00f3s-Gradua\u00e7\u00e3o Lato Sensu da Pr\u00f3-Reitoria de Pesquisa e P\u00f3s-Gradua\u00e7\u00e3o da UERN.<\/li>\n<li><a href=\"https:\/\/portal.uern.br\/propeg\/wp-content\/uploads\/2024\/11\/1140resolua\u00a7ao_na_40_2022_consepe_aprova_o_regimento_do_comita_permanente_de_pa\u00b3s_graduaa\u00a7ao_lato_sensu_da_propeg.pdf\">Resolu\u00e7\u00e3o 40\/2022 &#8211; CONSEPE<\/a> &#8211; Aprova o regimento do Comit\u00ea Permanente de P\u00f3s-gradua\u00e7\u00e3o Lato sensu da Pr\u00f3-reitoria de Pesquisa e P\u00f3s-gradua\u00e7\u00e3o da UERN.<\/li>\n<li><a href=\"https:\/\/portal.uern.br\/propeg\/wp-content\/uploads\/2025\/06\/Portaria-n\u00b0-42-2025.pdf\" target=\"_blank\" rel=\"noopener\">Portaria n\u00ba 42\/2025 &#8211; Composi\u00e7\u00e3o (Bi\u00eanio 2025-2027) <\/a>\u2013 Pr\u00f3-Reitor(a), Presidente, 1 representante de cada grande \u00e1rea do conhecimento, Coordenador da Comiss\u00e3o de Resid\u00eancia M\u00e9dica, Coordenador da Comiss\u00e3o de Resid\u00eancia Multiprofissional, como membros.<\/li>\n<li><a href=\"https:\/\/portal.uern.br\/propeg\/wp-content\/uploads\/2025\/12\/Calendario-de-reunioes-ordinarias-CPPGLS-2026.pdf\">Calend\u00e1rio de Reuni\u00f5es 2026 <\/a>&#8211; Aprovado em Reuni\u00e3o do CPPGLS em 17\/12\/2025.<\/li>\n<\/ul>\n","protected":false},"excerpt":{"rendered":"<p>\u00c9 o colegiado deliberativo respons\u00e1vel por apreciar mat\u00e9rias de relev\u00e2ncia e projetos dos cursos de P\u00f3s-Gradua\u00e7\u00e3o Lato Sensu antes de seu encaminhamento ao CONSEPE, bem como por zelar pela observ\u00e2ncia da legisla\u00e7\u00e3o pertinente \u00e0s Especializa\u00e7\u00f5es. A CPPGLS \u00e9 composta pelo Pr\u00f3-Reitor de Pesquisa e P\u00f3s-Gradua\u00e7\u00e3o, pelo Chefe do Departamento de Cursos da Diretoria de P\u00f3s-Gradua\u00e7\u00e3o, [&hellip;]<\/p>\n","protected":false},"author":1,"featured_media":0,"parent":0,"menu_order":0,"comment_status":"closed","ping_status":"closed","template":"","meta":{"footnotes":""},"class_list":["post-435","page","type-page","status-publish","hentry"],"_links":{"self":[{"href":"https:\/\/portal.uern.br\/propeg\/wp-json\/wp\/v2\/pages\/435","targetHints":{"allow":["GET"]}}],"collection":[{"href":"https:\/\/portal.uern.br\/propeg\/wp-json\/wp\/v2\/pages"}],"about":[{"href":"https:\/\/portal.uern.br\/propeg\/wp-json\/wp\/v2\/types\/page"}],"author":[{"embeddable":true,"href":"https:\/\/portal.uern.br\/propeg\/wp-json\/wp\/v2\/users\/1"}],"replies":[{"embeddable":true,"href":"https:\/\/portal.uern.br\/propeg\/wp-json\/wp\/v2\/comments?post=435"}],"version-history":[{"count":19,"href":"https:\/\/portal.uern.br\/propeg\/wp-json\/wp\/v2\/pages\/435\/revisions"}],"predecessor-version":[{"id":4453,"href":"https:\/\/portal.uern.br\/propeg\/wp-json\/wp\/v2\/pages\/435\/revisions\/4453"}],"wp:attachment":[{"href":"https:\/\/portal.uern.br\/propeg\/wp-json\/wp\/v2\/media?parent=435"}],"curies":[{"name":"wp","href":"https:\/\/api.w.org\/{rel}","templated":true}]}}