{"id":429,"date":"2022-09-08T08:43:46","date_gmt":"2022-09-08T11:43:46","guid":{"rendered":"https:\/\/paisdemossoro.com.br\/wordpress\/propeg\/?page_id=429"},"modified":"2026-03-13T07:26:27","modified_gmt":"2026-03-13T10:26:27","slug":"residencias-em-saude","status":"publish","type":"page","link":"https:\/\/portal.uern.br\/propeg\/residencias-em-saude\/","title":{"rendered":"Resid\u00eancias em Sa\u00fade"},"content":{"rendered":"<h3>Campus Mossor\u00f3<\/h3>\n<p><strong>Resid\u00eancia M\u00e9dica em Medicina de Fam\u00edlia e Comunidade<\/strong><br \/>\n<strong>Coordenadora:<\/strong>\u00a0Profa. Andrea Taborda Ribas da Cunha<br \/>\n<strong>E-mail:<\/strong> coreme@uern.br<\/p>\n<p><strong>Resid\u00eancia M\u00e9dica em Ginecologia e Obstetr\u00edcia<\/strong><br \/>\n<strong>Coordenadora:<\/strong> Profa. Isabelle Cant\u00eddio Fernandes Di\u00f3genes<br \/>\n<strong>E-mail:<\/strong> coreme@uern.br<\/p>\n<p><strong>Resid\u00eancia M\u00e9dica em Cl\u00ednica M\u00e9dica<\/strong><br \/>\n<strong>Coordenador:<\/strong> Prof. Fl\u00e1vio Henrique Amaral Pires Veras<br \/>\n<strong>E-mail:<\/strong> coreme@uern.br<\/p>\n<p><strong>Resid\u00eancia Multiprofissional em Aten\u00e7\u00e3o B\u00e1sica\/Sa\u00fade da Fam\u00edlia e Comunidade<\/strong><br \/>\n<strong>Coordenador: <\/strong>Prof. Luc\u00eddio Clebeson de Oliveira<strong><br \/>\nE-mail: <\/strong>coremu@uern.br<\/p>\n","protected":false},"excerpt":{"rendered":"<p>Campus Mossor\u00f3 Resid\u00eancia M\u00e9dica em Medicina de Fam\u00edlia e Comunidade Coordenadora:\u00a0Profa. Andrea Taborda Ribas da Cunha E-mail: coreme@uern.br Resid\u00eancia M\u00e9dica em Ginecologia e Obstetr\u00edcia Coordenadora: Profa. Isabelle Cant\u00eddio Fernandes Di\u00f3genes E-mail: coreme@uern.br Resid\u00eancia M\u00e9dica em Cl\u00ednica M\u00e9dica Coordenador: Prof. Fl\u00e1vio Henrique Amaral Pires Veras E-mail: coreme@uern.br Resid\u00eancia Multiprofissional em Aten\u00e7\u00e3o B\u00e1sica\/Sa\u00fade da Fam\u00edlia e Comunidade [&hellip;]<\/p>\n","protected":false},"author":1,"featured_media":0,"parent":0,"menu_order":0,"comment_status":"closed","ping_status":"closed","template":"","meta":{"footnotes":""},"class_list":["post-429","page","type-page","status-publish","hentry"],"_links":{"self":[{"href":"https:\/\/portal.uern.br\/propeg\/wp-json\/wp\/v2\/pages\/429","targetHints":{"allow":["GET"]}}],"collection":[{"href":"https:\/\/portal.uern.br\/propeg\/wp-json\/wp\/v2\/pages"}],"about":[{"href":"https:\/\/portal.uern.br\/propeg\/wp-json\/wp\/v2\/types\/page"}],"author":[{"embeddable":true,"href":"https:\/\/portal.uern.br\/propeg\/wp-json\/wp\/v2\/users\/1"}],"replies":[{"embeddable":true,"href":"https:\/\/portal.uern.br\/propeg\/wp-json\/wp\/v2\/comments?post=429"}],"version-history":[{"count":9,"href":"https:\/\/portal.uern.br\/propeg\/wp-json\/wp\/v2\/pages\/429\/revisions"}],"predecessor-version":[{"id":4527,"href":"https:\/\/portal.uern.br\/propeg\/wp-json\/wp\/v2\/pages\/429\/revisions\/4527"}],"wp:attachment":[{"href":"https:\/\/portal.uern.br\/propeg\/wp-json\/wp\/v2\/media?parent=429"}],"curies":[{"name":"wp","href":"https:\/\/api.w.org\/{rel}","templated":true}]}}

Residências em Saúde

<h3>Campus Mossoró</h3>
<p><strong>Residência Médica em Medicina de Família e Comunidade</strong><br />
<strong>Coordenadora:</strong> Profa. Andrea Taborda Ribas da Cunha<br />
<strong>E-mail:</strong> coreme@uern.br</p>
<p><strong>Residência Médica em Ginecologia e Obstetrícia</strong><br />
<strong>Coordenadora:</strong> Profa. Isabelle Cantídio Fernandes Diógenes<br />
<strong>E-mail:</strong> coreme@uern.br</p>
<p><strong>Residência Médica em Clínica Médica</strong><br />
<strong>Coordenador:</strong> Prof. Flávio Henrique Amaral Pires Veras<br />
<strong>E-mail:</strong> coreme@uern.br</p>
<p><strong>Residência Multiprofissional em Atenção Básica/Saúde da Família e Comunidade</strong><br />
<strong>Coordenador: </strong>Prof. Lucídio Clebeson de Oliveira<strong><br />
E-mail: </strong>coremu@uern.br</p>

<p>Campus Mossoró Residência Médica em Medicina de Família e Comunidade Coordenadora: Profa. Andrea Taborda Ribas da Cunha E-mail: coreme@uern.br Residência Médica em Ginecologia e Obstetrícia Coordenadora: Profa. Isabelle Cantídio Fernandes Diógenes E-mail: coreme@uern.br Residência Médica em Clínica Médica Coordenador: Prof. Flávio Henrique Amaral Pires Veras E-mail: coreme@uern.br Residência Multiprofissional em Atenção Básica/Saúde da Família e Comunidade [&hellip;]</p>
