{"id":427,"date":"2022-09-08T08:43:35","date_gmt":"2022-09-08T11:43:35","guid":{"rendered":"https:\/\/paisdemossoro.com.br\/wordpress\/propeg\/?page_id=427"},"modified":"2026-03-05T08:14:46","modified_gmt":"2026-03-05T11:14:46","slug":"cursos-de-pos-graduacao-lato-sensu-especializacao","status":"publish","type":"page","link":"https:\/\/portal.uern.br\/propeg\/cursos-de-pos-graduacao-lato-sensu-especializacao\/","title":{"rendered":"Cursos Lato Sensu"},"content":{"rendered":"<hr \/>\n<h3>Especializa\u00e7\u00f5es em andamento<\/h3>\n<hr \/>\n<h3>CAMPUS MOSSOR\u00d3 &#8211; CENTRAL<\/h3>\n<p><a href=\"https:\/\/sigaa.uern.br\/sigaa\/public\/curso\/portal.jsf?id=2503807&amp;lc=pt_BR&amp;nivel=L\"><strong>Contabilidade, Controladoria e Gest\u00e3o de Custos no Setor P\u00fablico &#8211; EaD<\/strong><\/a><br \/>\n<strong>Coordenador<\/strong>: Auris Martins de Oliveira<br \/>\n<strong>E-mail<\/strong>: aurismartins@uern.br<\/p>\n<p><a href=\"https:\/\/sigaa.uern.br\/sigaa\/public\/curso\/portal.jsf?id=2343674&amp;lc=pt_BR&amp;nivel=L\"><strong>Gest\u00e3o da Escola P\u00fablica de Ensino M\u00e9dio &#8211; EaD<\/strong><\/a><br \/>\n<strong>Coordenadora<\/strong>: Maria Edgleuma de Andrade<br \/>\n<strong>E-mail<\/strong>: gepem@especializacao.uern.br<\/p>\n<p><a href=\"https:\/\/sigaa.uern.br\/sigaa\/public\/curso\/portal.jsf?id=1810830&amp;lc=pt_BR&amp;nivel=L\"><strong>M\u00eddias na Educa\u00e7\u00e3o (6\u00aa Edi\u00e7\u00e3o) &#8211; EaD<\/strong><\/a><br \/>\n<strong>Coordenador<\/strong>: Carlos Eduardo Martins Torcato<br \/>\n<strong>E-mail<\/strong>: midiasnaeducacao@especializacao.uern.br<\/p>\n<p><a href=\"https:\/\/sigaa.uern.br\/sigaa\/public\/curso\/portal.jsf?id=2100662&amp;lc=pt_BR&amp;nivel=L\"><strong>Trabalho profissional: quest\u00e3o social e fundamentos te\u00f3rico-hist\u00f3ricos e \u00e9tico-pol\u00edticos do servi\u00e7o social &#8211; EaD<\/strong><\/a><br \/>\n<strong>Coordenadora<\/strong>: S\u00e2mya Rodrigues Ramos<br \/>\n<strong>E-mail<\/strong>: servicosocial.ead@especializacao.uern.br<\/p>\n<hr \/>\n<h3>CAMPUS AVAN\u00c7ADO DE NATAL &#8211; CAN<\/h3>\n<p><a href=\"https:\/\/sigaa.uern.br\/sigaa\/public\/curso\/portal.jsf?id=1108135&amp;lc=pt_BR&amp;nivel=L\"><strong>Gest\u00e3o P\u00fablica &#8211; Presencial<\/strong><\/a><br \/>\n<strong>C<\/strong><strong>oordenador<\/strong>: Jos\u00e9 Orlando Costa Nunes<br \/>\n<strong>E-mail:<\/strong> dad@uern.br<\/p>\n<p><a href=\"https:\/\/sigaa.uern.br\/sigaa\/public\/curso\/portal.jsf?id=1807465&amp;lc=pt_BR&amp;nivel=L\"><strong>Turismo, Literatura e Cultura (2\u00aa Edi\u00e7\u00e3o) &#8211; Presencial<\/strong><\/a><br \/>\n<strong>C<\/strong><strong>oordenador<\/strong>: Wellington Medeiros de Ara\u00fajo<br \/>\n<strong>E-mail:<\/strong> estulic@uern.br<\/p>\n<p><strong><a href=\"https:\/\/sigaa.uern.br\/sigaa\/public\/curso\/portal.jsf?id=2357969&amp;lc=pt_BR&amp;nivel=L\">Direito Previdenci\u00e1rio (3\u00aa Edi\u00e7\u00e3o) &#8211; Presencial<\/a> &#8211; Processo seletivo <a href=\"https:\/\/sigaa.uern.br\/sigaa\/public\/processo_seletivo\/lista.jsf?aba=p-lato&amp;nivel=L\">AQUI<\/a>!<\/strong><br \/>\n<strong>C<\/strong><strong>oordenador<\/strong>: Carlos S\u00e9rgio Gurgel da Silva<br \/>\n<strong>E-mail:<\/strong> direitoprevidenciario@especializacao.uern.br<\/p>\n<hr \/>\n<h3>FORMUL\u00c1RIOS PARA ACOMPANHAMENTO DOS CURSOS<\/h3>\n<p><span style=\"color: #000000\"><a style=\"color: #000000\" href=\"https:\/\/portal.uern.br\/propeg\/wp-content\/uploads\/2025\/12\/Formulario-Inicial-de-Inscricao-Selecao-e-Matricula.doc\">1. Formul\u00e1rio Inicial de Especializa\u00e7\u00e3o\u00a0<\/a><\/span><\/p>\n<p><span style=\"color: #000000\"><a style=\"color: #000000\" href=\"https:\/\/portal.uern.br\/propeg\/wp-content\/uploads\/2023\/05\/FORMULARIO-002-Formulario-Final-Lato-sensu.odt\">2. Formul\u00e1rio Final de Especializa\u00e7\u00e3o<\/a><\/span><\/p>\n<p><span style=\"color: #000000\"><a style=\"color: #000000\" href=\"https:\/\/portal.uern.br\/propeg\/wp-content\/uploads\/2025\/12\/Formulario-de-projeto-de-curso-de-especializacao-1.xlsx\">3. Formul\u00e1rio de Projetos de Cursos de Especializa\u00e7\u00e3o <\/a><a href=\"https:\/\/portal.uern.br\/propeg\/wp-content\/uploads\/2023\/07\/3447documentos_apresentaa\u2021a\u0192o_de_propostas_de_criaa\u2021a\u0192o_de_cursos_de_pas.pdf\"><span style=\"color: #ff0000\"><strong><sup>Novo(12<\/sup><\/strong><\/span><\/a><\/span><span style=\"color: #000000\"><a href=\"https:\/\/portal.uern.br\/propeg\/wp-content\/uploads\/2023\/07\/3447documentos_apresentaa\u2021a\u0192o_de_propostas_de_criaa\u2021a\u0192o_de_cursos_de_pas.pdf\"><span style=\"color: #ff0000\"><strong><sup>\/2025)<\/sup><\/strong><\/span><\/a><\/span><\/p>\n<p><span style=\"color: #000000\"><a style=\"color: #000000\" href=\"https:\/\/portal.uern.br\/propeg\/wp-content\/uploads\/2023\/05\/FORMULARIO-004-Relatorio-consolidado-final.xlsx\">4. Formul\u00e1rio Consolidado de Notas<\/a><\/span><\/p>\n<p><span style=\"color: #000000\"><a style=\"color: #000000\" href=\"https:\/\/portal.uern.br\/propeg\/wp-content\/uploads\/2024\/09\/Termo-de-Compromisso-Coordenacao.pdf\">5. Termo de Compromisso <\/a><a href=\"https:\/\/portal.uern.br\/propeg\/wp-content\/uploads\/2023\/07\/3447documentos_apresentaa\u2021a\u0192o_de_propostas_de_criaa\u2021a\u0192o_de_cursos_de_pas.pdf\"><span style=\"color: #ff0000\"><strong><sup>Novo<\/sup><\/strong><\/span><\/a><\/span><\/p>\n<p><span style=\"color: #000000\"><a style=\"color: #000000\" href=\"https:\/\/portal.uern.br\/propeg\/wp-content\/uploads\/2024\/09\/Carta-de-Anuencia.pdf\">6. Carta de Anu\u00eancia <\/a><a href=\"https:\/\/portal.uern.br\/propeg\/wp-content\/uploads\/2023\/07\/3447documentos_apresentaa\u2021a\u0192o_de_propostas_de_criaa\u2021a\u0192o_de_cursos_de_pas.pdf\"><span style=\"color: #ff0000\"><strong><sup>Novo<\/sup><\/strong><\/span><\/a><\/span><\/p>\n<p><a href=\"https:\/\/portal.uern.br\/propeg\/wp-content\/uploads\/2024\/09\/Relacao-de-documentos_necessarios-para-apresentacaode-propostas-de-ofertas-de-cursos-de-especializacao.pdf\"><span style=\"color: #000000\">7. Documentos necess\u00e1rios para apresenta\u00e7\u00e3o de Propostas <\/span><span style=\"color: #ff0000\"><strong><sup>Novo (09\/2024)<\/sup><\/strong><\/span><\/a><\/p>\n<p><a href=\"https:\/\/portal.uern.br\/propeg\/wp-content\/uploads\/2025\/07\/modelo-relatorio-avaliacao.docx\"><span style=\"color: #000000\">8. Modelo de Relat\u00f3rio de Avalia\u00e7\u00e3o Interna do Curso de Especializa\u00e7\u00e3o<\/span><\/a><\/p>\n<p>&nbsp;<\/p>\n<hr \/>\n<h3>MANUAL DA COORDENA\u00c7\u00c3O DA P\u00d3S-GRADUA\u00c7\u00c3O LATO SENSU<\/h3>\n<p><a href=\"https:\/\/portal.uern.br\/propeg\/wp-content\/uploads\/2025\/10\/Manual_Coordenador_LatoSensu_FINAL.pdf\">Manual da Coordena\u00e7\u00e3o da P\u00f3s-Gradua\u00e7\u00e3o Lato Sensu &#8211; UERN<\/a><\/p>\n<hr \/>\n<h3>CURSOS DE P\u00d3S-GRADUA\u00c7\u00c3O LATO SENSU APROVADOS PELO CONSELHO DE ENSINO, PESQUISA E EXTENS\u00c3O &#8211; CONSEPE<\/h3>\n<p><a href=\"https:\/\/portal.uern.br\/propeg\/wp-content\/uploads\/2025\/12\/CURSOS-APROVADOS-PELO-CONSEPE.pdf\" target=\"_blank\" rel=\"noopener\">Cursos de P\u00f3s-Gradua\u00e7\u00e3o Lato Sensu aprovados pelo Conselho de Ensino, Pesquisa e Extens\u00e3o &#8211; CONSEPE<\/a><\/p>\n","protected":false},"excerpt":{"rendered":"<p>Especializa\u00e7\u00f5es em andamento CAMPUS MOSSOR\u00d3 &#8211; CENTRAL Contabilidade, Controladoria e Gest\u00e3o de Custos no Setor P\u00fablico &#8211; EaD Coordenador: Auris Martins de Oliveira E-mail: aurismartins@uern.br Gest\u00e3o da Escola P\u00fablica de Ensino M\u00e9dio &#8211; EaD Coordenadora: Maria Edgleuma de Andrade E-mail: gepem@especializacao.uern.br M\u00eddias na Educa\u00e7\u00e3o (6\u00aa Edi\u00e7\u00e3o) &#8211; EaD Coordenador: Carlos Eduardo Martins Torcato E-mail: midiasnaeducacao@especializacao.uern.br [&hellip;]<\/p>\n","protected":false},"author":1,"featured_media":0,"parent":0,"menu_order":0,"comment_status":"closed","ping_status":"closed","template":"","meta":{"footnotes":""},"class_list":["post-427","page","type-page","status-publish","hentry"],"_links":{"self":[{"href":"https:\/\/portal.uern.br\/propeg\/wp-json\/wp\/v2\/pages\/427","targetHints":{"allow":["GET"]}}],"collection":[{"href":"https:\/\/portal.uern.br\/propeg\/wp-json\/wp\/v2\/pages"}],"about":[{"href":"https:\/\/portal.uern.br\/propeg\/wp-json\/wp\/v2\/types\/page"}],"author":[{"embeddable":true,"href":"https:\/\/portal.uern.br\/propeg\/wp-json\/wp\/v2\/users\/1"}],"replies":[{"embeddable":true,"href":"https:\/\/portal.uern.br\/propeg\/wp-json\/wp\/v2\/comments?post=427"}],"version-history":[{"count":94,"href":"https:\/\/portal.uern.br\/propeg\/wp-json\/wp\/v2\/pages\/427\/revisions"}],"predecessor-version":[{"id":4513,"href":"https:\/\/portal.uern.br\/propeg\/wp-json\/wp\/v2\/pages\/427\/revisions\/4513"}],"wp:attachment":[{"href":"https:\/\/portal.uern.br\/propeg\/wp-json\/wp\/v2\/media?parent=427"}],"curies":[{"name":"wp","href":"https:\/\/api.w.org\/{rel}","templated":true}]}}

<hr />
<h3>Especializações em andamento</h3>
<hr />
<h3>CAMPUS MOSSORÓ &#8211; CENTRAL</h3>
<p><a href="https://sigaa.uern.br/sigaa/public/curso/portal.jsf?id=2503807&amp;lc=pt_BR&amp;nivel=L"><strong>Contabilidade, Controladoria e Gestão de Custos no Setor Público &#8211; EaD</strong></a><br />
<strong>Coordenador</strong>: Auris Martins de Oliveira<br />
<strong>E-mail</strong>: aurismartins@uern.br</p>
<p><a href="https://sigaa.uern.br/sigaa/public/curso/portal.jsf?id=2343674&amp;lc=pt_BR&amp;nivel=L"><strong>Gestão da Escola Pública de Ensino Médio &#8211; EaD</strong></a><br />
<strong>Coordenadora</strong>: Maria Edgleuma de Andrade<br />
<strong>E-mail</strong>: gepem@especializacao.uern.br</p>
<p><a href="https://sigaa.uern.br/sigaa/public/curso/portal.jsf?id=1810830&amp;lc=pt_BR&amp;nivel=L"><strong>Mídias na Educação (6ª Edição) &#8211; EaD</strong></a><br />
<strong>Coordenador</strong>: Carlos Eduardo Martins Torcato<br />
<strong>E-mail</strong>: midiasnaeducacao@especializacao.uern.br</p>
<p><a href="https://sigaa.uern.br/sigaa/public/curso/portal.jsf?id=2100662&amp;lc=pt_BR&amp;nivel=L"><strong>Trabalho profissional: questão social e fundamentos teórico-históricos e ético-políticos do serviço social &#8211; EaD</strong></a><br />
<strong>Coordenadora</strong>: Sâmya Rodrigues Ramos<br />
<strong>E-mail</strong>: servicosocial.ead@especializacao.uern.br</p>
<hr />
<h3>CAMPUS AVANÇADO DE NATAL &#8211; CAN</h3>
<p><a href="https://sigaa.uern.br/sigaa/public/curso/portal.jsf?id=1108135&amp;lc=pt_BR&amp;nivel=L"><strong>Gestão Pública &#8211; Presencial</strong></a><br />
<strong>C</strong><strong>oordenador</strong>: José Orlando Costa Nunes<br />
<strong>E-mail:</strong> dad@uern.br</p>
<p><a href="https://sigaa.uern.br/sigaa/public/curso/portal.jsf?id=1807465&amp;lc=pt_BR&amp;nivel=L"><strong>Turismo, Literatura e Cultura (2ª Edição) &#8211; Presencial</strong></a><br />
<strong>C</strong><strong>oordenador</strong>: Wellington Medeiros de Araújo<br />
<strong>E-mail:</strong> estulic@uern.br</p>
<p><strong><a href="https://sigaa.uern.br/sigaa/public/curso/portal.jsf?id=2357969&amp;lc=pt_BR&amp;nivel=L">Direito Previdenciário (3ª Edição) &#8211; Presencial</a> &#8211; Processo seletivo <a href="https://sigaa.uern.br/sigaa/public/processo_seletivo/lista.jsf?aba=p-lato&amp;nivel=L">AQUI</a>!</strong><br />
<strong>C</strong><strong>oordenador</strong>: Carlos Sérgio Gurgel da Silva<br />
<strong>E-mail:</strong> direitoprevidenciario@especializacao.uern.br</p>
<hr />
<h3>FORMULÁRIOS PARA ACOMPANHAMENTO DOS CURSOS</h3>
<p><span style="color: #000000"><a style="color: #000000" href="https://portal.uern.br/propeg/wp-content/uploads/2025/12/Formulario-Inicial-de-Inscricao-Selecao-e-Matricula.doc">1. Formulário Inicial de Especialização </a></span></p>
<p><span style="color: #000000"><a style="color: #000000" href="https://portal.uern.br/propeg/wp-content/uploads/2023/05/FORMULARIO-002-Formulario-Final-Lato-sensu.odt">2. Formulário Final de Especialização</a></span></p>
<p><span style="color: #000000"><a style="color: #000000" href="https://portal.uern.br/propeg/wp-content/uploads/2025/12/Formulario-de-projeto-de-curso-de-especializacao-1.xlsx">3. Formulário de Projetos de Cursos de Especialização </a><a href="https://portal.uern.br/propeg/wp-content/uploads/2023/07/3447documentos_apresentaa‡aƒo_de_propostas_de_criaa‡aƒo_de_cursos_de_pas.pdf"><span style="color: #ff0000"><strong><sup>Novo(12</sup></strong></span></a></span><span style="color: #000000"><a href="https://portal.uern.br/propeg/wp-content/uploads/2023/07/3447documentos_apresentaa‡aƒo_de_propostas_de_criaa‡aƒo_de_cursos_de_pas.pdf"><span style="color: #ff0000"><strong><sup>/2025)</sup></strong></span></a></span></p>
<p><span style="color: #000000"><a style="color: #000000" href="https://portal.uern.br/propeg/wp-content/uploads/2023/05/FORMULARIO-004-Relatorio-consolidado-final.xlsx">4. Formulário Consolidado de Notas</a></span></p>
<p><span style="color: #000000"><a style="color: #000000" href="https://portal.uern.br/propeg/wp-content/uploads/2024/09/Termo-de-Compromisso-Coordenacao.pdf">5. Termo de Compromisso </a><a href="https://portal.uern.br/propeg/wp-content/uploads/2023/07/3447documentos_apresentaa‡aƒo_de_propostas_de_criaa‡aƒo_de_cursos_de_pas.pdf"><span style="color: #ff0000"><strong><sup>Novo</sup></strong></span></a></span></p>
<p><span style="color: #000000"><a style="color: #000000" href="https://portal.uern.br/propeg/wp-content/uploads/2024/09/Carta-de-Anuencia.pdf">6. Carta de Anuência </a><a href="https://portal.uern.br/propeg/wp-content/uploads/2023/07/3447documentos_apresentaa‡aƒo_de_propostas_de_criaa‡aƒo_de_cursos_de_pas.pdf"><span style="color: #ff0000"><strong><sup>Novo</sup></strong></span></a></span></p>
<p><a href="https://portal.uern.br/propeg/wp-content/uploads/2024/09/Relacao-de-documentos_necessarios-para-apresentacaode-propostas-de-ofertas-de-cursos-de-especializacao.pdf"><span style="color: #000000">7. Documentos necessários para apresentação de Propostas </span><span style="color: #ff0000"><strong><sup>Novo (09/2024)</sup></strong></span></a></p>
<p><a href="https://portal.uern.br/propeg/wp-content/uploads/2025/07/modelo-relatorio-avaliacao.docx"><span style="color: #000000">8. Modelo de Relatório de Avaliação Interna do Curso de Especialização</span></a></p>
<p>&nbsp;</p>
<hr />
<h3>MANUAL DA COORDENAÇÃO DA PÓS-GRADUAÇÃO LATO SENSU</h3>
<p><a href="https://portal.uern.br/propeg/wp-content/uploads/2025/10/Manual_Coordenador_LatoSensu_FINAL.pdf">Manual da Coordenação da Pós-Graduação Lato Sensu &#8211; UERN</a></p>
<hr />
<h3>CURSOS DE PÓS-GRADUAÇÃO LATO SENSU APROVADOS PELO CONSELHO DE ENSINO, PESQUISA E EXTENSÃO &#8211; CONSEPE</h3>
<p><a href="https://portal.uern.br/propeg/wp-content/uploads/2025/12/CURSOS-APROVADOS-PELO-CONSEPE.pdf" target="_blank" rel="noopener">Cursos de Pós-Graduação Lato Sensu aprovados pelo Conselho de Ensino, Pesquisa e Extensão &#8211; CONSEPE</a></p>

<p>Especializações em andamento CAMPUS MOSSORÓ &#8211; CENTRAL Contabilidade, Controladoria e Gestão de Custos no Setor Público &#8211; EaD Coordenador: Auris Martins de Oliveira E-mail: aurismartins@uern.br Gestão da Escola Pública de Ensino Médio &#8211; EaD Coordenadora: Maria Edgleuma de Andrade E-mail: gepem@especializacao.uern.br Mídias na Educação (6ª Edição) &#8211; EaD Coordenador: Carlos Eduardo Martins Torcato E-mail: midiasnaeducacao@especializacao.uern.br [&hellip;]</p>
