{"id":4154,"date":"2025-09-17T15:44:43","date_gmt":"2025-09-17T18:44:43","guid":{"rendered":"https:\/\/portal.uern.br\/propeg\/?page_id=4154"},"modified":"2025-12-03T10:29:35","modified_gmt":"2025-12-03T13:29:35","slug":"transferencia-de-tecnologia","status":"publish","type":"page","link":"https:\/\/portal.uern.br\/propeg\/transferencia-de-tecnologia\/","title":{"rendered":"Transfer\u00eancia de Tecnologia"},"content":{"rendered":"<ul>\n<li><a href=\"https:\/\/portal.uern.br\/propeg\/wp-content\/uploads\/2025\/12\/Tecnologias-ofertadas-para-licenciamento-nao-exclusivo_compressed-1.pdf\">Tecnologias Para Licenciamento N\u00e3o Exclusivo<\/a><\/li>\n<\/ul>\n<p>&nbsp;<\/p>\n<ul>\n<li>Editais de Licenciamento Sem Exclusividade\n<ul>\n<li><a href=\"https:\/\/portal.uern.br\/propeg\/wp-content\/uploads\/2025\/09\/EDITAL-no-11-2025-PropegUern.pdf\"><b>EDITAL n\u00ba <\/b><b>11\/202<\/b><b>5 Propeg\/Uern &#8211; EDITAL DE FLUXO CONT\u00cdNUO PARA CHAMADA DE EMPRESAS, \u00d3RG\u00c3OS E ENTIDADES DA ADMINISTRA\u00c7\u00c3O P\u00daBLICA PARA O LICENCIAMENTO N\u00c3O EXCLUSIVO DE OUTORGA DE DIREITO DE USO DE TECNOLOGIAS DA UNIVERSIDADE DO ESTADO DO RIO GRANDE DO NORTE (UERN)<\/b><\/a><\/li>\n<\/ul>\n<\/li>\n<\/ul>\n","protected":false},"excerpt":{"rendered":"<p>Tecnologias Para Licenciamento N\u00e3o Exclusivo &nbsp; Editais de Licenciamento Sem Exclusividade EDITAL n\u00ba 11\/2025 Propeg\/Uern &#8211; EDITAL DE FLUXO CONT\u00cdNUO PARA CHAMADA DE EMPRESAS, \u00d3RG\u00c3OS E ENTIDADES DA ADMINISTRA\u00c7\u00c3O P\u00daBLICA PARA O LICENCIAMENTO N\u00c3O EXCLUSIVO DE OUTORGA DE DIREITO DE USO DE TECNOLOGIAS DA UNIVERSIDADE DO ESTADO DO RIO GRANDE DO NORTE (UERN)<\/p>\n","protected":false},"author":2,"featured_media":0,"parent":0,"menu_order":0,"comment_status":"closed","ping_status":"closed","template":"","meta":{"footnotes":""},"class_list":["post-4154","page","type-page","status-publish","hentry"],"_links":{"self":[{"href":"https:\/\/portal.uern.br\/propeg\/wp-json\/wp\/v2\/pages\/4154","targetHints":{"allow":["GET"]}}],"collection":[{"href":"https:\/\/portal.uern.br\/propeg\/wp-json\/wp\/v2\/pages"}],"about":[{"href":"https:\/\/portal.uern.br\/propeg\/wp-json\/wp\/v2\/types\/page"}],"author":[{"embeddable":true,"href":"https:\/\/portal.uern.br\/propeg\/wp-json\/wp\/v2\/users\/2"}],"replies":[{"embeddable":true,"href":"https:\/\/portal.uern.br\/propeg\/wp-json\/wp\/v2\/comments?post=4154"}],"version-history":[{"count":8,"href":"https:\/\/portal.uern.br\/propeg\/wp-json\/wp\/v2\/pages\/4154\/revisions"}],"predecessor-version":[{"id":4421,"href":"https:\/\/portal.uern.br\/propeg\/wp-json\/wp\/v2\/pages\/4154\/revisions\/4421"}],"wp:attachment":[{"href":"https:\/\/portal.uern.br\/propeg\/wp-json\/wp\/v2\/media?parent=4154"}],"curies":[{"name":"wp","href":"https:\/\/api.w.org\/{rel}","templated":true}]}}