{"id":4004,"date":"2025-07-01T09:13:42","date_gmt":"2025-07-01T12:13:42","guid":{"rendered":"https:\/\/portal.uern.br\/propeg\/?page_id=4004"},"modified":"2025-07-01T10:28:20","modified_gmt":"2025-07-01T13:28:20","slug":"social-lab-2","status":"publish","type":"page","link":"https:\/\/portal.uern.br\/propeg\/social-lab-2\/","title":{"rendered":"Social Lab"},"content":{"rendered":"<p data-start=\"1843\" data-end=\"2134\"><img fetchpriority=\"high\" decoding=\"async\" class=\"wp-image-4024 aligncenter\" src=\"https:\/\/portal.uern.br\/propeg\/wp-content\/uploads\/2025\/07\/WhatsApp-Image-2025-06-30-at-13.15.39.jpeg\" alt=\"\" width=\"657\" height=\"344\" srcset=\"https:\/\/portal.uern.br\/propeg\/wp-content\/uploads\/2025\/07\/WhatsApp-Image-2025-06-30-at-13.15.39.jpeg 1600w, https:\/\/portal.uern.br\/propeg\/wp-content\/uploads\/2025\/07\/WhatsApp-Image-2025-06-30-at-13.15.39-300x157.jpeg 300w, https:\/\/portal.uern.br\/propeg\/wp-content\/uploads\/2025\/07\/WhatsApp-Image-2025-06-30-at-13.15.39-1024x536.jpeg 1024w, https:\/\/portal.uern.br\/propeg\/wp-content\/uploads\/2025\/07\/WhatsApp-Image-2025-06-30-at-13.15.39-768x402.jpeg 768w, https:\/\/portal.uern.br\/propeg\/wp-content\/uploads\/2025\/07\/WhatsApp-Image-2025-06-30-at-13.15.39-1536x804.jpeg 1536w\" sizes=\"(max-width: 657px) 100vw, 657px\" \/><\/p>\n<p data-start=\"1843\" data-end=\"2134\">O <strong data-start=\"1845\" data-end=\"1859\">Social Lab<\/strong> \u00e9 fruto de uma parceria entre a UERN e o SEBRAE, criado para ser um laborat\u00f3rio de inova\u00e7\u00e3o social. Destinado a projetos colaborativos, pesquisas aplicadas e capacita\u00e7\u00f5es, o Social Lab visa transformar ideias em solu\u00e7\u00f5es pr\u00e1ticas que gerem impacto positivo para a sociedade.<\/p>\n<p data-start=\"2136\" data-end=\"2513\">\ud83d\udccd <strong data-start=\"2139\" data-end=\"2155\">Localiza\u00e7\u00e3o:<\/strong> Departamento de Administra\u00e7\u00e3o (DAD) &#8211; Campus Central da UERN<br data-start=\"2216\" data-end=\"2219\" \/>\ud83d\udcdd <strong data-start=\"2222\" data-end=\"2241\">Para que serve:<\/strong> Promover projetos, workshops, oficinas e eventos ligados \u00e0 inova\u00e7\u00e3o social e ao empreendedorismo comunit\u00e1rio.<br data-start=\"2351\" data-end=\"2354\" \/>\ud83d\udcc5 <strong data-start=\"2357\" data-end=\"2373\">Agende aqui:<\/strong> <a class=\"\" href=\"https:\/\/docs.google.com\/forms\/d\/e\/1FAIpQLSfeIcAL4aBDW2Y1K6cFouXlavhilU8gJ8kDxFfI8gjrV0SjUA\/viewform\" target=\"_new\" rel=\"noopener\" data-start=\"2374\" data-end=\"2513\">Formul\u00e1rio de Agendamento Social Lab<\/a><\/p>\n","protected":false},"excerpt":{"rendered":"<p>O Social Lab \u00e9 fruto de uma parceria entre a UERN e o SEBRAE, criado para ser um laborat\u00f3rio de inova\u00e7\u00e3o social. Destinado a projetos colaborativos, pesquisas aplicadas e capacita\u00e7\u00f5es, o Social Lab visa transformar ideias em solu\u00e7\u00f5es pr\u00e1ticas que gerem impacto positivo para a sociedade. \ud83d\udccd Localiza\u00e7\u00e3o: Departamento de Administra\u00e7\u00e3o (DAD) &#8211; Campus Central [&hellip;]<\/p>\n","protected":false},"author":2,"featured_media":0,"parent":0,"menu_order":0,"comment_status":"closed","ping_status":"closed","template":"","meta":{"footnotes":""},"class_list":["post-4004","page","type-page","status-publish","hentry"],"_links":{"self":[{"href":"https:\/\/portal.uern.br\/propeg\/wp-json\/wp\/v2\/pages\/4004","targetHints":{"allow":["GET"]}}],"collection":[{"href":"https:\/\/portal.uern.br\/propeg\/wp-json\/wp\/v2\/pages"}],"about":[{"href":"https:\/\/portal.uern.br\/propeg\/wp-json\/wp\/v2\/types\/page"}],"author":[{"embeddable":true,"href":"https:\/\/portal.uern.br\/propeg\/wp-json\/wp\/v2\/users\/2"}],"replies":[{"embeddable":true,"href":"https:\/\/portal.uern.br\/propeg\/wp-json\/wp\/v2\/comments?post=4004"}],"version-history":[{"count":4,"href":"https:\/\/portal.uern.br\/propeg\/wp-json\/wp\/v2\/pages\/4004\/revisions"}],"predecessor-version":[{"id":4031,"href":"https:\/\/portal.uern.br\/propeg\/wp-json\/wp\/v2\/pages\/4004\/revisions\/4031"}],"wp:attachment":[{"href":"https:\/\/portal.uern.br\/propeg\/wp-json\/wp\/v2\/media?parent=4004"}],"curies":[{"name":"wp","href":"https:\/\/api.w.org\/{rel}","templated":true}]}}

<p data-start="1843" data-end="2134"><img fetchpriority="high" decoding="async" class="wp-image-4024 aligncenter" src="https://portal.uern.br/propeg/wp-content/uploads/2025/07/WhatsApp-Image-2025-06-30-at-13.15.39.jpeg" alt="" width="657" height="344" srcset="https://portal.uern.br/propeg/wp-content/uploads/2025/07/WhatsApp-Image-2025-06-30-at-13.15.39.jpeg 1600w, https://portal.uern.br/propeg/wp-content/uploads/2025/07/WhatsApp-Image-2025-06-30-at-13.15.39-300x157.jpeg 300w, https://portal.uern.br/propeg/wp-content/uploads/2025/07/WhatsApp-Image-2025-06-30-at-13.15.39-1024x536.jpeg 1024w, https://portal.uern.br/propeg/wp-content/uploads/2025/07/WhatsApp-Image-2025-06-30-at-13.15.39-768x402.jpeg 768w, https://portal.uern.br/propeg/wp-content/uploads/2025/07/WhatsApp-Image-2025-06-30-at-13.15.39-1536x804.jpeg 1536w" sizes="(max-width: 657px) 100vw, 657px" /></p>
<p data-start="1843" data-end="2134">O <strong data-start="1845" data-end="1859">Social Lab</strong> é fruto de uma parceria entre a UERN e o SEBRAE, criado para ser um laboratório de inovação social. Destinado a projetos colaborativos, pesquisas aplicadas e capacitações, o Social Lab visa transformar ideias em soluções práticas que gerem impacto positivo para a sociedade.</p>
<p data-start="2136" data-end="2513">📍 <strong data-start="2139" data-end="2155">Localização:</strong> Departamento de Administração (DAD) &#8211; Campus Central da UERN<br data-start="2216" data-end="2219" />📝 <strong data-start="2222" data-end="2241">Para que serve:</strong> Promover projetos, workshops, oficinas e eventos ligados à inovação social e ao empreendedorismo comunitário.<br data-start="2351" data-end="2354" />📅 <strong data-start="2357" data-end="2373">Agende aqui:</strong> <a class="" href="https://docs.google.com/forms/d/e/1FAIpQLSfeIcAL4aBDW2Y1K6cFouXlavhilU8gJ8kDxFfI8gjrV0SjUA/viewform" target="_new" rel="noopener" data-start="2374" data-end="2513">Formulário de Agendamento Social Lab</a></p>

<p>O Social Lab é fruto de uma parceria entre a UERN e o SEBRAE, criado para ser um laboratório de inovação social. Destinado a projetos colaborativos, pesquisas aplicadas e capacitações, o Social Lab visa transformar ideias em soluções práticas que gerem impacto positivo para a sociedade. 📍 Localização: Departamento de Administração (DAD) &#8211; Campus Central [&hellip;]</p>
