{"id":393,"date":"2022-07-29T09:23:51","date_gmt":"2022-07-29T12:23:51","guid":{"rendered":"https:\/\/paisdemossoro.com.br\/wordpress\/propeg\/?page_id=393"},"modified":"2025-11-12T12:10:17","modified_gmt":"2025-11-12T15:10:17","slug":"equipe","status":"publish","type":"page","link":"https:\/\/portal.uern.br\/propeg\/equipe\/","title":{"rendered":"Equipe"},"content":{"rendered":"<h4><span style=\"color: #000080\">Gabinete<\/span><\/h4>\n<p><strong>Pr\u00f3-Reitora<\/strong><br \/>\nProfa. Dra. Ellany Gurgel Cosme do Nascimento<br \/>\nEmail:\u00a0propeg@uern.br<\/p>\n<p><strong>Pr\u00f3-Reitor Adjunto<\/strong><br \/>\nProf. Dr. Cl\u00e1udio Lopes de Vasconcelos<br \/>\nEmail: propeg@uern.br<\/p>\n<p><strong>Secret\u00e1ria<\/strong><br \/>\nTNS. Esp. Georgia Maria Pinto N\u00f3brega e Freitas<br \/>\nEmail: propeg@uern.br<\/p>\n<p><strong>T\u00e9cnico de N\u00edvel Superior<\/strong><br \/>\nTNS. Me. Francisco Anchieta Pinheiro Pinto<br \/>\nEmail: propeg@uern.br<\/p>\n<p><strong>Assessor<br \/>\n<\/strong>Prof. Dr. Jos\u00e9 Anselmo de Carvalho J\u00fanior<br \/>\nEmail: ajur.propeg@uern.br<\/p>\n<p><strong>Assessor de Fomento<\/strong><br \/>\nTNS. Me. Francisco Felipe da Silva<br \/>\nEmail: fomento.propeg@uern.br<\/p>\n<p><strong>Assessora<\/strong><br \/>\nProfa. Dra. Gabriela Cem\u00edrames de Sousa Gurgel<br \/>\nEmail: dap@uern.br<\/p>\n<p><strong>Assessor<br \/>\n<\/strong>Prof. Dr. Vin\u00edcius Claudino de S\u00e1<br \/>\nEmail: propeg@uern.br<\/p>\n<p><strong>Endere\u00e7o:<\/strong> Campus Central &#8211; Av. Prof. Ant\u00f4nio Campos &#8211; Pres. Costa e Silva, Mossor\u00f3\/RN &#8211; Pr\u00e9dio das Pr\u00f3-reitorias<\/p>\n<p><strong>Hor\u00e1rio de funcionamento:<\/strong> Segunda a Sexta, de 7h \u00e0s 17h<\/p>\n<hr \/>\n<h4><span style=\"color: #000080\">Diretoria de P\u00f3s-Gradua\u00e7\u00e3o<\/span><\/h4>\n<p><strong>Diretor<\/strong><br \/>\nProf. Dr. Wogelsanger Oliveira Pereira<br \/>\nEmail: posgraduacao.propeg@uern.br<\/p>\n<p><strong>Secret\u00e1ria<\/strong><br \/>\nTNM. Esp. Samyra Viviane Oliveira Ferreira e Silva<br \/>\nEmail: posgraduacao.propeg@uern.br<\/p>\n<p><strong>Chefe do Departamento de Cursos Stricto Sensu<\/strong><br \/>\nProf. Dr. Francisco Chagas de Lima Junior<br \/>\nEmail: strictosensu@uern.br<\/p>\n<p><strong>Secret\u00e1rio do Departamento de Cursos Stricto Sensu<\/strong><br \/>\nTNS. Rejane Sonara da Silva<br \/>\nEmail: strictosensu@uern.br<\/p>\n<p><strong>Chefe do Departamento de Cursos Lato Sensu<\/strong><br \/>\nProfa. Dra. Maura Vanessa Silva Sobreira<br \/>\nEmail: latosensu@uern.br<\/p>\n<p><strong>Secret\u00e1rio do Departamento de Cursos Lato Sensu<\/strong><br \/>\nTNS. Daniel Gomes da Silva<br \/>\nEmail: latosensu@uern.br<\/p>\n<p><strong>Chefe do Setor de Bolsas<\/strong><\/p>\n<p>TNS. Me. Maria Aline Neto<br \/>\nEmail: sb.propeg@uern.br<\/p>\n<p><strong>Endere\u00e7o:<\/strong> Campus Central &#8211; Av. Prof. Ant\u00f4nio Campos &#8211; Pres. Costa e Silva, Mossor\u00f3\/RN &#8211; Pr\u00e9dio das Pr\u00f3-reitorias<\/p>\n<p><strong>Hor\u00e1rio de funcionamento:<\/strong> Segunda a Sexta, de 7h \u00e0s 17h<\/p>\n<hr \/>\n<h4><span style=\"color: #000080\">Diretoria de Pesquisa\u00a0<\/span><\/h4>\n<p><strong>Diretor<\/strong><br \/>\nProf. Dr. Kleberson de Oliveira Porpino<br \/>\nEmail:\u00a0dp@uern.br<\/p>\n<p><strong>Secret\u00e1rio<\/strong><br \/>\nTNS. Esp. Andr\u00e9 Studart Soares<br \/>\nEmail: dp@uern.br; gruposdepesquisa@uern.br; cipi@uern.br<\/p>\n<p><strong>Chefe do Departamento de Institucionaliza\u00e7\u00e3o de Pesquisa<\/strong><br \/>\nProf. Dr. Pablo de Castro Santos<br \/>\nEmail: dp@uern.br; pibic@uern.br<\/p>\n<p><strong>Chefe do Setor de Programas de Inicia\u00e7\u00e3o \u00e0 Pesquisa<\/strong><br \/>\nTNS. Esp. Hebert Torquato Silva<br \/>\nEmail: pibic@uern.br<\/p>\n<p><strong>Institucionaliza\u00e7\u00e3o de Laborat\u00f3rios de Pesquisa<\/strong><br \/>\nTNS. Ma. Carla Luciana de Oliveira Marques<br \/>\nEmail: ipp@uern.br<\/p>\n<p><strong>Chefe do\u00a0Departamento de Apoio ao Pesquisador<\/strong><br \/>\nProfa. Dra. Patr\u00edcia Batista Barra<br \/>\nEmail: dap@uern.br<\/p>\n<p><strong>Chefe do\u00a0Setor de Peri\u00f3dicos e Editora\u00e7\u00e3o<\/strong><br \/>\nTNS. Ma. Carla Luciana de Oliveira Marques<br \/>\nEmail:\u00a0periodicosuern@uern.br<\/p>\n<p><strong>Endere\u00e7o:<\/strong> Campus Central &#8211; Av. Prof. Ant\u00f4nio Campos &#8211; Pres. Costa e Silva, Mossor\u00f3\/RN &#8211; Pr\u00e9dio das Pr\u00f3-reitorias<\/p>\n<p><strong>Hor\u00e1rio de funcionamento:<\/strong> Segunda a Sexta, de 7h \u00e0s 17h<\/p>\n<hr \/>\n<h4><span style=\"color: #000080\">Ag\u00eancia UERN Inova<\/span><\/h4>\n<p><strong>Diretora da Ag\u00eancia UERN Inova<\/strong><br \/>\nTNM. Ma. Priscilla Felipe de Sousa<br \/>\nEmail: inova.propeg@uern.br<\/p>\n<p><strong>Secret\u00e1ria da Ag\u00eancia UERN Inova<\/strong><br \/>\nTNM. Esp. Nayara Ticianny Meneses de Oliveira<br \/>\nEmail: inova.propeg@uern.br<\/p>\n<p><strong>Chefe do\u00a0Setor de Propriedade Intelectual<\/strong><br \/>\nTNS. Ma. Edigleyce de Lima Costa<br \/>\nEmail: pi.inova@uern.br<\/p>\n<p><strong>Chefe do Setor de Neg\u00f3cios e Projetos<\/strong><br \/>\nProf. Dr. Rafael Demetrius Rodrigues de Sousa<br \/>\nEmail: nep.inova@uern.br<\/p>\n<p><strong>Chefe do Setor de Empreendedorismo<\/strong><br \/>\nProfa. Jacinta de F\u00e1tima Martins Malala<br \/>\nEmail: empreendedorismo.inova@uern.br<\/p>\n<p><strong>Endere\u00e7o:<\/strong> Campus Central &#8211; Av. Prof. Ant\u00f4nio Campos &#8211; Pres. Costa e Silva, Mossor\u00f3\/RN &#8211; Pr\u00e9dio das Pr\u00f3-reitorias<\/p>\n<p><strong>Hor\u00e1rio de funcionamento:<\/strong> Segunda a Sexta, de 7h \u00e0s 17h<\/p>\n<hr \/>\n<h4><span style=\"color: #000080\">Comit\u00ea de \u00c9tica em Pesquisa<\/span><\/h4>\n<p><strong>Coordenadora<\/strong><br \/>\nProfa. Dra. Juce Ally Lopes de Melo<br \/>\nEmail: cep@uern<br \/>\nTelefone: (84) 3315-2094<\/p>\n<p><strong>Vice-Coordenador<\/strong><br \/>\nTNS Me. Jo\u00e3o Bezerra de Queiroz Neto<br \/>\nEmail: cep@uern<\/p>\n<p><strong>Secret\u00e1ria<\/strong><br \/>\nTNS. Esp. Francisca Keyla Guimar\u00e3es de Oliveira<br \/>\nEmail: cep@uern<\/p>\n<p><strong>Endere\u00e7o: <\/strong><\/p>\n<p>Rua Miguel Antonio da Silva Neto, s\/n &#8211; Bairro: Aeroporto<\/p>\n<p>CEP: 59.607-360<\/p>\n<p><strong>Hor\u00e1rio de funcionamento:<\/strong><\/p>\n<p>Segunda a Sexta, de 12h \u00e0s 17h<\/p>\n<hr \/>\n<h4><span style=\"color: #000080\">Comiss\u00e3o de \u00c9tica em Experimenta\u00e7\u00e3o Animal<\/span><\/h4>\n<p><strong>Coordenadora<\/strong><br \/>\nTNS Dra. Kizzy Millenn de Freitas Mendon\u00e7a Costa<br \/>\nEmail: ceua@uern.br<br \/>\nTelefone: (84) 3315-2094<\/p>\n<p><strong>Vice-Coordenador:<\/strong><br \/>\nProfa. Ma. Luciana Alves Bezerra Dantas Itto<br \/>\nEmail: ceua@uern.br<\/p>\n<p><strong>Secret\u00e1ria<\/strong><br \/>\nTNS. Esp. Francisca Keyla Guimar\u00e3es de Oliveira<br \/>\nEmail: ceua@uern.br<\/p>\n<p><strong>Endere\u00e7o:<\/strong><\/p>\n<p>Rua Miguel Antonio da Silva Neto, s\/n &#8211; Bairro: Aeroporto<\/p>\n<p>CEP: 59.607-360<\/p>\n<p><strong>Hor\u00e1rio de funcionamento:<\/strong><\/p>\n<p>Segunda a Sexta, de 12h \u00e0s 17h<\/p>\n","protected":false},"excerpt":{"rendered":"<p>Gabinete Pr\u00f3-Reitora Profa. Dra. Ellany Gurgel Cosme do Nascimento Email:\u00a0propeg@uern.br Pr\u00f3-Reitor Adjunto Prof. Dr. Cl\u00e1udio Lopes de Vasconcelos Email: propeg@uern.br Secret\u00e1ria TNS. Esp. Georgia Maria Pinto N\u00f3brega e Freitas Email: propeg@uern.br T\u00e9cnico de N\u00edvel Superior TNS. Me. Francisco Anchieta Pinheiro Pinto Email: propeg@uern.br Assessor Prof. Dr. Jos\u00e9 Anselmo de Carvalho J\u00fanior Email: ajur.propeg@uern.br Assessor de [&hellip;]<\/p>\n","protected":false},"author":1,"featured_media":0,"parent":0,"menu_order":0,"comment_status":"closed","ping_status":"closed","template":"","meta":{"footnotes":""},"class_list":["post-393","page","type-page","status-publish","hentry"],"_links":{"self":[{"href":"https:\/\/portal.uern.br\/propeg\/wp-json\/wp\/v2\/pages\/393","targetHints":{"allow":["GET"]}}],"collection":[{"href":"https:\/\/portal.uern.br\/propeg\/wp-json\/wp\/v2\/pages"}],"about":[{"href":"https:\/\/portal.uern.br\/propeg\/wp-json\/wp\/v2\/types\/page"}],"author":[{"embeddable":true,"href":"https:\/\/portal.uern.br\/propeg\/wp-json\/wp\/v2\/users\/1"}],"replies":[{"embeddable":true,"href":"https:\/\/portal.uern.br\/propeg\/wp-json\/wp\/v2\/comments?post=393"}],"version-history":[{"count":41,"href":"https:\/\/portal.uern.br\/propeg\/wp-json\/wp\/v2\/pages\/393\/revisions"}],"predecessor-version":[{"id":4388,"href":"https:\/\/portal.uern.br\/propeg\/wp-json\/wp\/v2\/pages\/393\/revisions\/4388"}],"wp:attachment":[{"href":"https:\/\/portal.uern.br\/propeg\/wp-json\/wp\/v2\/media?parent=393"}],"curies":[{"name":"wp","href":"https:\/\/api.w.org\/{rel}","templated":true}]}}