{"id":322,"date":"2022-04-04T09:11:44","date_gmt":"2022-04-04T12:11:44","guid":{"rendered":"https:\/\/paisdemossoro.com.br\/wordpress\/propeg\/?page_id=322"},"modified":"2023-06-05T12:51:12","modified_gmt":"2023-06-05T15:51:12","slug":"apresentacao","status":"publish","type":"page","link":"https:\/\/portal.uern.br\/propeg\/","title":{"rendered":"Apresenta\u00e7\u00e3o"},"content":{"rendered":"<p>A Pr\u00f3-Reitoria de Pesquisa e P\u00f3s-Gradua\u00e7\u00e3o (Propeg) \u00e9 um\u00a0\u00f3rg\u00e3o executivo que tem como\u00a0objetivo fomentar atividades cient\u00edficas voltadas para o desenvolvimento social e regional. A forma pela qual desenvolve suas atividades se baseia na edifica\u00e7\u00e3o de pilares que contemplem a consecu\u00e7\u00e3o de\u00a0 resultados favor\u00e1veis ao fortalecimento da Ci\u00eancia. Desse modo, viabiliza uma pol\u00edtica de capacita\u00e7\u00e3o docente, atendendo os anseios da contemporaneidade, qual seja: dotar a Universidade de mestres e doutores capazes de efetivar uma pesquisa cient\u00edfica de qualidade.<\/p>\n<p>Sua estrutura organizacional \u00e9 formada pela Diretoria de Pesquisa e Inova\u00e7\u00e3o (DPI), a qual est\u00e3o vinculados o Departamento de Institucionaliza\u00e7\u00e3o de Pesquisa (DIP), o Departamento de Apoio ao Pesquisador (DPA) e o Departamento de Inova\u00e7\u00e3o e Empreendedorismo (DIE); e a Diretoria de P\u00f3s-Gradua\u00e7\u00e3o (DPG), a qual est\u00e3o vinculados o Departamento de Capacita\u00e7\u00e3o (DC) e o Departamento de Cursos. Essa estrutura foi concebida com o prop\u00f3sito de tornar din\u00e2mica as a\u00e7\u00f5es e dot\u00e1-la de h\u00e1bil execu\u00e7\u00e3o. Cabem aos departamentos conhecer, planejar, supervisionar e acompanhar as atividades de pesquisa (inicia\u00e7\u00e3o cient\u00edfica, bolsas de estudo para discentes, grupos de pesquisa e projetos de pesquisa), p\u00f3s-gradua\u00e7\u00e3o (especializa\u00e7\u00e3o, programas de resid\u00eancias, mestrado e doutorado), publica\u00e7\u00f5es (livros, peri\u00f3dicos e anais), eventos cient\u00edficos (participa\u00e7\u00f5es), capacita\u00e7\u00e3o docente (bolsas de estudos para docentes e bolsas de demanda social) e de fomento a parcerias institucionais com vistas ao fortalecimento da pesquisa acad\u00eamica, empreendedorismo e inova\u00e7\u00e3o. Ainda \u00e9 mantida uma integra\u00e7\u00e3o com ag\u00eancias de financiamento governamentais, tais como a Coordena\u00e7\u00e3o de Acompanhamento de Pessoal de N\u00edvel Superior (CAPES), o Conselho Nacional de Desenvolvimento Cient\u00edfico e Tecnol\u00f3gico (CNPq), a Financiadora de Estudos e Projetos (FINEP) e a Funda\u00e7\u00e3o de Apoio \u00e0 Pesquisa do Rio Grande do Norte (FAPERN).<\/p>\n<p>Conjugando os valores da pesquisa e p\u00f3s-gradua\u00e7\u00e3o, esta pr\u00f3-reitoria procura constituir-se como n\u00facleo difusor das ideias acad\u00eamicas e desenvolver a express\u00e3o do pensamento cient\u00edfico para todos os centros produtores de Ci\u00eancia no pa\u00eds. As atividades relacionadas \u00e0 Propeg re\u00fanem uma equipe de docentes e t\u00e9cnicos administrativos que trabalham para consecu\u00e7\u00e3o de seus objetivos &#8211; desde o planejamento at\u00e9 a execu\u00e7\u00e3o dessas a\u00e7\u00f5es acad\u00eamicas.<\/p>\n<p>Considerando o Projeto de Desenvolvimento Institucional (PDI) e o Projeto Pedag\u00f3gico Institucional (PPI) da UERN, a Propeg apresenta-se como apoiadora para o alcance das seguintes diretrizes: ampliar qualitativa e quantitativamente os programas e cursos de p\u00f3s-gradua\u00e7\u00e3o; fortalecer a educa\u00e7\u00e3o a dist\u00e2ncia (EaD); aperfei\u00e7oar a pol\u00edtica de capacita\u00e7\u00e3o do pessoal docente e t\u00e9cnico em n\u00edvel de p\u00f3s-gradua\u00e7\u00e3o; viabilizar a oferta regular e permanente de cursos de p\u00f3s-gradua\u00e7\u00e3o de qualidade, com foco na forma\u00e7\u00e3o profissional continuada e nas demandas da din\u00e2mica inerente ao mundo do trabalho, expandindo tamb\u00e9m a oferta de programas de resid\u00eancias; aperfei\u00e7oar a pol\u00edtica de inclus\u00e3o no ensino da p\u00f3s-gradua\u00e7\u00e3o; institucionalizar a pol\u00edtica de internacionaliza\u00e7\u00e3o dos programas de p\u00f3s-gradua\u00e7\u00e3o stricto sensu; desenvolver uma arrojada pol\u00edtica de pesquisa e inova\u00e7\u00e3o, com expans\u00e3o da infraestrutura laboratorial e tecnol\u00f3gica por meio da capta\u00e7\u00e3o externa de recursos e do investimento de recursos advindos da mantenedora; instituir e consolidar a pol\u00edtica de inova\u00e7\u00e3o e empreendedorismo, materializando a rela\u00e7\u00e3o universidade\/sociedade\/empresas; e consolidar a pesquisa acad\u00eamica.<\/p>\n","protected":false},"excerpt":{"rendered":"<p>A Pr\u00f3-Reitoria de Pesquisa e P\u00f3s-Gradua\u00e7\u00e3o (Propeg) \u00e9 um\u00a0\u00f3rg\u00e3o executivo que tem como\u00a0objetivo fomentar atividades cient\u00edficas voltadas para o desenvolvimento social e regional. A forma pela qual desenvolve suas atividades se baseia na edifica\u00e7\u00e3o de pilares que contemplem a consecu\u00e7\u00e3o de\u00a0 resultados favor\u00e1veis ao fortalecimento da Ci\u00eancia. Desse modo, viabiliza uma pol\u00edtica de capacita\u00e7\u00e3o docente, [&hellip;]<\/p>\n","protected":false},"author":1,"featured_media":0,"parent":0,"menu_order":0,"comment_status":"closed","ping_status":"closed","template":"","meta":{"footnotes":""},"class_list":["post-322","page","type-page","status-publish","hentry"],"_links":{"self":[{"href":"https:\/\/portal.uern.br\/propeg\/wp-json\/wp\/v2\/pages\/322","targetHints":{"allow":["GET"]}}],"collection":[{"href":"https:\/\/portal.uern.br\/propeg\/wp-json\/wp\/v2\/pages"}],"about":[{"href":"https:\/\/portal.uern.br\/propeg\/wp-json\/wp\/v2\/types\/page"}],"author":[{"embeddable":true,"href":"https:\/\/portal.uern.br\/propeg\/wp-json\/wp\/v2\/users\/1"}],"replies":[{"embeddable":true,"href":"https:\/\/portal.uern.br\/propeg\/wp-json\/wp\/v2\/comments?post=322"}],"version-history":[{"count":13,"href":"https:\/\/portal.uern.br\/propeg\/wp-json\/wp\/v2\/pages\/322\/revisions"}],"predecessor-version":[{"id":1872,"href":"https:\/\/portal.uern.br\/propeg\/wp-json\/wp\/v2\/pages\/322\/revisions\/1872"}],"wp:attachment":[{"href":"https:\/\/portal.uern.br\/propeg\/wp-json\/wp\/v2\/media?parent=322"}],"curies":[{"name":"wp","href":"https:\/\/api.w.org\/{rel}","templated":true}]}}

Apresentação

<p>A Pró-Reitoria de Pesquisa e Pós-Graduação (Propeg) é um órgão executivo que tem como objetivo fomentar atividades científicas voltadas para o desenvolvimento social e regional. A forma pela qual desenvolve suas atividades se baseia na edificação de pilares que contemplem a consecução de  resultados favoráveis ao fortalecimento da Ciência. Desse modo, viabiliza uma política de capacitação docente, atendendo os anseios da contemporaneidade, qual seja: dotar a Universidade de mestres e doutores capazes de efetivar uma pesquisa científica de qualidade.</p>
<p>Sua estrutura organizacional é formada pela Diretoria de Pesquisa e Inovação (DPI), a qual estão vinculados o Departamento de Institucionalização de Pesquisa (DIP), o Departamento de Apoio ao Pesquisador (DPA) e o Departamento de Inovação e Empreendedorismo (DIE); e a Diretoria de Pós-Graduação (DPG), a qual estão vinculados o Departamento de Capacitação (DC) e o Departamento de Cursos. Essa estrutura foi concebida com o propósito de tornar dinâmica as ações e dotá-la de hábil execução. Cabem aos departamentos conhecer, planejar, supervisionar e acompanhar as atividades de pesquisa (iniciação científica, bolsas de estudo para discentes, grupos de pesquisa e projetos de pesquisa), pós-graduação (especialização, programas de residências, mestrado e doutorado), publicações (livros, periódicos e anais), eventos científicos (participações), capacitação docente (bolsas de estudos para docentes e bolsas de demanda social) e de fomento a parcerias institucionais com vistas ao fortalecimento da pesquisa acadêmica, empreendedorismo e inovação. Ainda é mantida uma integração com agências de financiamento governamentais, tais como a Coordenação de Acompanhamento de Pessoal de Nível Superior (CAPES), o Conselho Nacional de Desenvolvimento Científico e Tecnológico (CNPq), a Financiadora de Estudos e Projetos (FINEP) e a Fundação de Apoio à Pesquisa do Rio Grande do Norte (FAPERN).</p>
<p>Conjugando os valores da pesquisa e pós-graduação, esta pró-reitoria procura constituir-se como núcleo difusor das ideias acadêmicas e desenvolver a expressão do pensamento científico para todos os centros produtores de Ciência no país. As atividades relacionadas à Propeg reúnem uma equipe de docentes e técnicos administrativos que trabalham para consecução de seus objetivos &#8211; desde o planejamento até a execução dessas ações acadêmicas.</p>
<p>Considerando o Projeto de Desenvolvimento Institucional (PDI) e o Projeto Pedagógico Institucional (PPI) da UERN, a Propeg apresenta-se como apoiadora para o alcance das seguintes diretrizes: ampliar qualitativa e quantitativamente os programas e cursos de pós-graduação; fortalecer a educação a distância (EaD); aperfeiçoar a política de capacitação do pessoal docente e técnico em nível de pós-graduação; viabilizar a oferta regular e permanente de cursos de pós-graduação de qualidade, com foco na formação profissional continuada e nas demandas da dinâmica inerente ao mundo do trabalho, expandindo também a oferta de programas de residências; aperfeiçoar a política de inclusão no ensino da pós-graduação; institucionalizar a política de internacionalização dos programas de pós-graduação stricto sensu; desenvolver uma arrojada política de pesquisa e inovação, com expansão da infraestrutura laboratorial e tecnológica por meio da captação externa de recursos e do investimento de recursos advindos da mantenedora; instituir e consolidar a política de inovação e empreendedorismo, materializando a relação universidade/sociedade/empresas; e consolidar a pesquisa acadêmica.</p>

<p>A Pró-Reitoria de Pesquisa e Pós-Graduação (Propeg) é um órgão executivo que tem como objetivo fomentar atividades científicas voltadas para o desenvolvimento social e regional. A forma pela qual desenvolve suas atividades se baseia na edificação de pilares que contemplem a consecução de  resultados favoráveis ao fortalecimento da Ciência. Desse modo, viabiliza uma política de capacitação docente, [&hellip;]</p>
