{"id":2559,"date":"2023-12-21T10:49:03","date_gmt":"2023-12-21T13:49:03","guid":{"rendered":"https:\/\/portal.uern.br\/propeg\/?page_id=2559"},"modified":"2025-01-27T11:59:57","modified_gmt":"2025-01-27T14:59:57","slug":"central-das-empresas-juniores","status":"publish","type":"page","link":"https:\/\/portal.uern.br\/propeg\/central-das-empresas-juniores\/","title":{"rendered":"Central das Empresas Juniores"},"content":{"rendered":"<p><strong>O que \u00e9 a CEJ?<\/strong><br \/>\nA Central das Empresas Juniores (CEJ) \u00e9 um \u00f3rg\u00e3o vinculado ao N\u00facleo de Inova\u00e7\u00e3o Tecnol\u00f3gica (NIT), integrado \u00e0 Ag\u00eancia UERN Inova, subordinado \u00e0 Pr\u00f3-Reitoria de Pesquisa e P\u00f3s-Gradua\u00e7\u00e3o (PROPEG) da Universidade do Estado do Rio Grande do Norte (UERN). A CEJ atua como inst\u00e2ncia de apoio, regulamenta\u00e7\u00e3o e fomento \u00e0s Empresas Juniores da UERN, seguindo as diretrizes estabelecidas pela Resolu\u00e7\u00e3o n\u00ba 83\/2022 \u2013 CONSEPE\/UERN e pelo seu Regimento Interno.<\/p>\n<p><strong>Para que serve a CEJ?<\/strong><br \/>\nA CEJ tem como objetivo principal estimular o empreendedorismo universit\u00e1rio por meio do fortalecimento das Empresas Juniores. Suas principais fun\u00e7\u00f5es incluem:<\/p>\n<ul>\n<li><strong>Apoiar e regulamentar:<\/strong> Credenciamento, recredenciamento e desvincula\u00e7\u00e3o de Empresas Juniores.<\/li>\n<li><strong>Divulgar:<\/strong> Promover as atividades das Empresas Juniores no \u00e2mbito acad\u00eamico e perante a sociedade.<\/li>\n<li><strong>Fomentar o empreendedorismo:<\/strong> Estimular a cria\u00e7\u00e3o de novas iniciativas juniores e o apoio m\u00fatuo entre as empresas existentes.<\/li>\n<li><strong>Auxiliar na infraestrutura:<\/strong> Colaborar na busca por espa\u00e7os f\u00edsicos e outros recursos necess\u00e1rios para o funcionamento das empresas.<\/li>\n<li><strong>Representar:<\/strong> Atuar como ponte entre as Empresas Juniores da UERN e outras institui\u00e7\u00f5es ou organiza\u00e7\u00f5es externas.<\/li>\n<\/ul>\n<p><strong>Quem s\u00e3o os membros da CEJ?<\/strong><br \/>\nA CEJ \u00e9 composta por membros representativos de diversas \u00e1reas, garantindo um funcionamento democr\u00e1tico e plural.<\/p>\n<hr \/>\n<h3><strong>Membros da CEJ &#8211; Composi\u00e7\u00e3o Atual<\/strong><\/h3>\n<table>\n<thead>\n<tr>\n<th><strong>Nome<\/strong><\/th>\n<th><strong>Fun\u00e7\u00e3o<\/strong><\/th>\n<th><strong>Representa\u00e7\u00e3o<\/strong><\/th>\n<th><strong>Mandato<\/strong><\/th>\n<\/tr>\n<\/thead>\n<tbody>\n<tr>\n<td>Priscilla Felipe de Sousa<\/td>\n<td>Presidente<\/td>\n<td>Nato<\/td>\n<td>Permanente<\/td>\n<\/tr>\n<tr>\n<td>Jacinta de F\u00e1tima Martins Malala<\/td>\n<td>Presidente &#8211; Suplente<\/td>\n<td>Nato<\/td>\n<td>Permanente<\/td>\n<\/tr>\n<tr>\n<td>Genivalda Cordeiro da Costa<\/td>\n<td>Docente Coordenador &#8211; 1\u00ba Titular<\/td>\n<td>Lastro<\/td>\n<td>29\/05\/2023 a 29\/05\/2025<\/td>\n<\/tr>\n<tr>\n<td>Carlos S\u00e9rgio Gurgel da Silva<\/td>\n<td>Docente Coordenador &#8211; 1\u00ba Suplente<\/td>\n<td>Honoris<\/td>\n<td>29\/05\/2023 a 29\/05\/2025<\/td>\n<\/tr>\n<tr>\n<td>Jozenir Calixta de Medeiros<\/td>\n<td>Docente Coordenador &#8211; 2\u00ba Titular<\/td>\n<td>Emcap Jr.<\/td>\n<td>20\/05\/2024 a 29\/05\/2025<\/td>\n<\/tr>\n<tr>\n<td>Prof. Franklin Alves Filgueira<\/td>\n<td>Docente Coordenador &#8211; 2\u00ba Suplente<\/td>\n<td>Lastro<\/td>\n<td>29\/05\/2023 a 29\/05\/2025<\/td>\n<\/tr>\n<tr>\n<td>Enio Germano Rodrigues do Vale<\/td>\n<td>1\u00ba Titular<\/td>\n<td>Presid\u00eancia da Lastro<\/td>\n<td>20\/05\/2024 a 29\/05\/2025<\/td>\n<\/tr>\n<tr>\n<td>Magnus Victor Lopes Felinto de Oliveira<\/td>\n<td>1\u00ba Suplente<\/td>\n<td>Presidente de D3TEC<\/td>\n<td>29\/05\/2023 a 29\/05\/2025<\/td>\n<\/tr>\n<tr>\n<td>Jhonata Oliveira Aquino<\/td>\n<td>2\u00ba Titular<\/td>\n<td>Presid\u00eancia da Apex<\/td>\n<td>20\/05\/2024 a 29\/05\/2025<\/td>\n<\/tr>\n<tr>\n<td>Denylson Alves de Lima<\/td>\n<td>2\u00ba Suplente<\/td>\n<td>Presidente da Emcap<\/td>\n<td>29\/05\/2023 a 29\/05\/2025<\/td>\n<\/tr>\n<tr>\n<td>Lais Silva de Medeiros<\/td>\n<td>3\u00ba Titular<\/td>\n<td>Presidente da Honoris<\/td>\n<td>20\/05\/2024 a 29\/05\/2025<\/td>\n<\/tr>\n<tr>\n<td>Ana Laura Jales Pinheiros<\/td>\n<td>3\u00ba Suplente<\/td>\n<td>Vice-presidente da Apex<\/td>\n<td>20\/05\/2024 a 29\/05\/2025<\/td>\n<\/tr>\n<tr>\n<td>Edigleyce de Lima Costa<\/td>\n<td>Representante da PROPEG &#8211; Titular<\/td>\n<td>PROPEG<\/td>\n<td>A partir de 08\/04\/2024 (indeterminado)<\/td>\n<\/tr>\n<tr>\n<td>Rafael Demetrius Rodrigues de Sousa<\/td>\n<td>Representante da PROPEG &#8211; Suplente<\/td>\n<td>PROPEG<\/td>\n<td>23\/01\/2025 a 29\/05\/2026<\/td>\n<\/tr>\n<tr>\n<td>Saulo Gomes Batista<\/td>\n<td>Membro da PROEX &#8211; Titular<\/td>\n<td>PROEX<\/td>\n<td>A partir de 08\/04\/2024 (indeterminado)<\/td>\n<\/tr>\n<tr>\n<td>Rosangela Diniz Cavalcante<\/td>\n<td>Membro da PROEX &#8211; Suplente<\/td>\n<td>PROEX<\/td>\n<td>A partir de 08\/04\/2024 (indeterminado)<\/td>\n<\/tr>\n<\/tbody>\n<\/table>\n<p>&nbsp;<\/p>\n<p><strong>Atividades e Reuni\u00f5es<\/strong><br \/>\nAs atividades da CEJ s\u00e3o realizadas por meio de reuni\u00f5es ordin\u00e1rias bimestrais e extraordin\u00e1rias quando necess\u00e1rio, podendo ocorrer de forma presencial ou remota. Nessas reuni\u00f5es, s\u00e3o discutidos e votados processos relacionados ao credenciamento, avalia\u00e7\u00e3o e suporte \u00e0s Empresas Juniores.<\/p>\n<p><strong>Contato<\/strong><br \/>\nPara mais informa\u00e7\u00f5es ou envio de documentos relacionados \u00e0s Empresas Juniores, entre em contato pelo e-mail: <a rel=\"noopener\">centralejs@uern.br<\/a>.<\/p>\n<p><strong><a href=\"https:\/\/portal.uern.br\/propeg\/wp-content\/uploads\/2025\/01\/SEI_SEAD-31554086-UERN-Portaria-GR-1.pdf\">Portaria n\u00ba 17\/2025-GR\/UERN de 23 de Janeiro de 2025<\/a> <\/strong>&#8211; Designar membros para compor a Central das Empresas Juniores (CEJ) da Universidade do Estado do Rio Grande do Norte (Uern).<\/p>\n<p><a href=\"https:\/\/portal.uern.br\/propeg\/wp-content\/uploads\/2024\/11\/regimento.pdf\"><em><strong>Regimento da Central das Empresas Juniores<\/strong><\/em><\/a><\/p>\n<p>&nbsp;<\/p>\n<p><a href=\"https:\/\/portal.uern.br\/propeg\/wp-content\/uploads\/2024\/11\/IN_12_2024_recredenciamento_de_EJ-1.pdf\"><em><strong>Instru\u00e7\u00e3o Normativa\u00a0 de Recredenciamento e Funcionamento de Empresas Juniores pela UERN<\/strong><\/em><em><strong>.<\/strong><\/em><\/a><\/p>\n","protected":false},"excerpt":{"rendered":"<p>O que \u00e9 a CEJ? A Central das Empresas Juniores (CEJ) \u00e9 um \u00f3rg\u00e3o vinculado ao N\u00facleo de Inova\u00e7\u00e3o Tecnol\u00f3gica (NIT), integrado \u00e0 Ag\u00eancia UERN Inova, subordinado \u00e0 Pr\u00f3-Reitoria de Pesquisa e P\u00f3s-Gradua\u00e7\u00e3o (PROPEG) da Universidade do Estado do Rio Grande do Norte (UERN). A CEJ atua como inst\u00e2ncia de apoio, regulamenta\u00e7\u00e3o e fomento \u00e0s [&hellip;]<\/p>\n","protected":false},"author":2,"featured_media":0,"parent":0,"menu_order":0,"comment_status":"closed","ping_status":"closed","template":"","meta":{"footnotes":""},"class_list":["post-2559","page","type-page","status-publish","hentry"],"_links":{"self":[{"href":"https:\/\/portal.uern.br\/propeg\/wp-json\/wp\/v2\/pages\/2559","targetHints":{"allow":["GET"]}}],"collection":[{"href":"https:\/\/portal.uern.br\/propeg\/wp-json\/wp\/v2\/pages"}],"about":[{"href":"https:\/\/portal.uern.br\/propeg\/wp-json\/wp\/v2\/types\/page"}],"author":[{"embeddable":true,"href":"https:\/\/portal.uern.br\/propeg\/wp-json\/wp\/v2\/users\/2"}],"replies":[{"embeddable":true,"href":"https:\/\/portal.uern.br\/propeg\/wp-json\/wp\/v2\/comments?post=2559"}],"version-history":[{"count":16,"href":"https:\/\/portal.uern.br\/propeg\/wp-json\/wp\/v2\/pages\/2559\/revisions"}],"predecessor-version":[{"id":3619,"href":"https:\/\/portal.uern.br\/propeg\/wp-json\/wp\/v2\/pages\/2559\/revisions\/3619"}],"wp:attachment":[{"href":"https:\/\/portal.uern.br\/propeg\/wp-json\/wp\/v2\/media?parent=2559"}],"curies":[{"name":"wp","href":"https:\/\/api.w.org\/{rel}","templated":true}]}}