{"id":2172,"date":"2023-07-28T12:06:23","date_gmt":"2023-07-28T15:06:23","guid":{"rendered":"https:\/\/portal.uern.br\/propeg\/?page_id=2172"},"modified":"2024-05-01T15:43:46","modified_gmt":"2024-05-01T18:43:46","slug":"editais-pibic-pibiti-e-pibic-em","status":"publish","type":"page","link":"https:\/\/portal.uern.br\/propeg\/editais-pibic-pibiti-e-pibic-em\/","title":{"rendered":"Editais vigentes PIBIC, PIBIC-AF, PIBITI e PIBIC-EM"},"content":{"rendered":"<p><strong>Links e avisos fixos:<\/strong><\/p>\n<ul>\n<li>E-mail para contato:\u00a0<strong>pibic@uern.br<\/strong><\/li>\n<li>Telefone:<strong> (84) 3315-2180<\/strong><\/li>\n<\/ul>\n<h3><strong>&#8212;&#8212;&#8212;- NOVA <\/strong><strong>EDI\u00c7\u00c3O <\/strong><strong>&#8211; 2024\/2025 &#8212;&#8212;&#8212;<\/strong><\/h3>\n<p><strong>2024\/2025<\/strong><\/p>\n<p><strong>PIBIC, PIBIC-Af, PIBITI e PIBIC-EM &#8211; DE 1\u00ba DE SETEMBRO 2024 A 31 DE AGOSTO DE 2025<\/strong><\/p>\n<p><strong><br \/>\n<\/strong>Editais publicados no Jornal Oficial da FUERN (JOUERN) na edi\u00e7\u00e3o de 27 de fevereiro de 2024, ano VI, n\u00ba 545.<\/p>\n<p>IMPORTANTE! <strong><a href=\"https:\/\/portal.uern.br\/propeg\/wp-content\/uploads\/2024\/02\/2024_2025_TUTORIAL_SUBMISSAO_PROJETOS.pdf\" target=\"_blank\" rel=\"noopener\">Tutorial para submiss\u00e3o dos projetos.<\/a><\/strong><\/p>\n<p><a href=\"https:\/\/portal.uern.br\/propeg\/wp-content\/uploads\/2024\/02\/2024_2025_EDITAL_PIBIC.pdf\" target=\"_blank\" rel=\"noopener\">Edital PIBIC n\u00ba 001\/2024-PROPEG\/UERN<\/a><\/p>\n<ul>\n<li>Formul\u00e1rio Padr\u00e3o para Submiss\u00e3o<\/li>\n<li>Anexo I &#8211; Planilha de Produtividade<\/li>\n<li>Anexo II &#8211; Formul\u00e1rio para Recurso &#8211; Indeferimento da Submiss\u00e3o<\/li>\n<li><a href=\"https:\/\/portal.uern.br\/propeg\/wp-content\/uploads\/2024\/02\/2024_2025_pibic_ANEXO_III.docx\" target=\"_blank\" rel=\"noopener\">Anexo III &#8211; <\/a><a href=\"https:\/\/portal.uern.br\/propeg\/wp-content\/uploads\/2024\/02\/2024_2025_pibic_ANEXO_II.docx\" target=\"_blank\" rel=\"noopener\">Formul\u00e1rio para Recurso<\/a><a href=\"https:\/\/portal.uern.br\/propeg\/wp-content\/uploads\/2024\/02\/2024_2025_pibic_ANEXO_III.docx\" target=\"_blank\" rel=\"noopener\"> contra o Resultado Preliminar<\/a><\/li>\n<\/ul>\n<p>&nbsp;<\/p>\n<p><a href=\"https:\/\/portal.uern.br\/propeg\/wp-content\/uploads\/2024\/02\/2024_2025_EDITAL_PIBICAF.pdf\" target=\"_blank\" rel=\"noopener\">Edital PIBIC-Af n\u00ba 002\/2024-PROPEG\/UERN<\/a><\/p>\n<ul>\n<li>Formul\u00e1rio Padr\u00e3o para Submiss\u00e3o<\/li>\n<li>Anexo I &#8211; Planilha de Produtividade<\/li>\n<li>Anexo II &#8211; Formul\u00e1rio para Recurso- Indeferimento da Submiss\u00e3o<\/li>\n<li><a href=\"https:\/\/portal.uern.br\/propeg\/wp-content\/uploads\/2024\/02\/2024_2025_pibicaf_ANEXO_III.docx\" target=\"_blank\" rel=\"noopener\">Anexo III &#8211; Formul\u00e1rio para Recurso contra o Resultado Preliminar<\/a><\/li>\n<\/ul>\n<p>&nbsp;<\/p>\n<p><a href=\"https:\/\/portal.uern.br\/propeg\/wp-content\/uploads\/2024\/02\/2024_2025_EDITAL_PIBITI.pdf\" target=\"_blank\" rel=\"noopener\">Edital PIBITI n\u00ba 003\/2024-PROPEG\/UERN<\/a><\/p>\n<ul>\n<li>Formul\u00e1rio Padr\u00e3o para Submiss\u00e3o<\/li>\n<li>Anexo I &#8211; Planilha de Produtividade<\/li>\n<li>Anexo II &#8211; Formul\u00e1rio para Recurso- Indeferimento da Submiss\u00e3o<\/li>\n<li><a href=\"https:\/\/portal.uern.br\/propeg\/wp-content\/uploads\/2024\/02\/2024_2025_pibiti_ANEXO_III.docx\" target=\"_blank\" rel=\"noopener\">Anexo III &#8211; Formul\u00e1rio para Recurso contra o Resultado Preliminar<\/a><\/li>\n<li>Anexo IV &#8211; Modelo de Carta de Anu\u00eancia<\/li>\n<li>Anexo V &#8211; Formul\u00e1rio para Parecer do NIT<\/li>\n<\/ul>\n<p>&nbsp;<\/p>\n<p><a href=\"https:\/\/portal.uern.br\/propeg\/wp-content\/uploads\/2024\/02\/2024_2025_EDITAL_PIBICEM.pdf\" target=\"_blank\" rel=\"noopener\">Edital PIBIC-EM n\u00ba 004\/2024-PROPEG\/UERN<\/a><\/p>\n<ul>\n<li>Formul\u00e1rio Padr\u00e3o para Submiss\u00e3o<\/li>\n<li>Anexo I &#8211; Planilha de Produtividade<\/li>\n<li>Anexo II &#8211; Formul\u00e1rio para Recurso- Indeferimento da Submiss\u00e3o<\/li>\n<li><a href=\"https:\/\/portal.uern.br\/propeg\/wp-content\/uploads\/2024\/02\/2024_2025_pibic_em_ANEXO_III.docx\" target=\"_blank\" rel=\"noopener\">Anexo III &#8211; Formul\u00e1rio para Recurso contra o Resultado Preliminar<\/a><\/li>\n<\/ul>\n<p>&nbsp;<\/p>\n<p><a href=\"https:\/\/portal.uern.br\/propeg\/wp-content\/uploads\/2024\/04\/RESULTADO-PRELIMINAR-DAS-SUBMISSOES.pdf\" target=\"_blank\" rel=\"noopener\">Resultado Preliminar das Inscri\u00e7\u00f5es Deferidas<\/a><\/p>\n<p><a href=\"https:\/\/portal.uern.br\/propeg\/wp-content\/uploads\/2024\/04\/RESULTADO-FINAL-DAS-SUBMISSOES.pdf\" target=\"_blank\" rel=\"noopener\">Resultado Final das Inscri\u00e7\u00f5es Deferidas<\/a><\/p>\n<p>Formul\u00e1rio de Indica\u00e7\u00e3o de Discente &#8211; PIBIC, PIBIC-Af e PIBITI<\/p>\n<p>Modelo de Declara\u00e7\u00e3o do Bolsista &#8211; PIBIC, PIBIC-Af e PIBITI<\/p>\n<p>Formul\u00e1rio de Indica\u00e7\u00e3o de Discente &#8211; PIBIC-EM<\/p>\n<p><a href=\"https:\/\/sucupira.capes.gov.br\/sucupira\/public\/consultas\/coleta\/veiculoPublicacaoQualis\/listaConsultaGeralPeriodicos.jsf\" target=\"_blank\" rel=\"noopener\">Tabela Qualis &#8211; Classifica\u00e7\u00e3o dos Peri\u00f3dicos<\/a><\/p>\n<h3><strong>&#8212;&#8212;&#8212;- <\/strong><strong>EDI\u00c7\u00c3O ATUAL <\/strong><strong>&#8211; 2023\/2024 &#8212;&#8212;&#8212;\u00a0<\/strong><\/h3>\n<p><strong>2023\/2024<\/strong><\/p>\n<p><strong>PIBIC, PIBITI e PIBIC-EM &#8211; DE 1\u00ba DE SETEMBRO 2023 A 31 DE AGOSTO DE 2024<\/strong><\/p>\n<p><strong><br \/>\n<\/strong>Editais publicados no Jornal Oficial da FUERN (JOUERN) na edi\u00e7\u00e3o de 21 de dezembro de 2022, ano IV, n\u00ba 271.<\/p>\n<p><a href=\"http:\/\/www.uern.br\/controledepaginas\/propeg-iniciacao-cientifica-pibic\/arquivos\/15952022_2023_tutorial_submissao_projetos.pdf\" target=\"_blank\" rel=\"noopener\">IMPORTANTE! Tutorial para submiss\u00e3o dos projetos.<\/a><\/p>\n<p><a href=\"http:\/\/www.uern.br\/controledepaginas\/propeg-iniciacao-cientifica-pibic\/arquivos\/159523_24_edital_024.2022_pibic_23.24..pdf\" target=\"_blank\" rel=\"noopener\">Edital PIBIC n\u00ba 024\/2022-PROPEG\/UERN<\/a><\/p>\n<p><a href=\"http:\/\/www.uern.br\/controledepaginas\/propeg-iniciacao-cientifica-pibic\/arquivos\/159523_24_edital_025.2022_pibiti_23.24.pdf\" target=\"_blank\" rel=\"noopener\">Edital PIBITI n\u00ba 025\/2022-PROPEG\/UERN<\/a><\/p>\n<p><a href=\"http:\/\/www.uern.br\/controledepaginas\/propeg-iniciacao-cientifica-pibic\/arquivos\/159523_24_edital_026.2022_pibic_em_23.24.pdf\" target=\"_blank\" rel=\"noopener\">Edital PIBIC-EM n\u00ba 026\/2022-PROPEG\/UERN<\/a><\/p>\n<p><strong>Termos Aditivos aos Editais<\/strong><\/p>\n<p><a href=\"https:\/\/portal.uern.br\/propeg\/wp-content\/uploads\/2023\/03\/Edital-004.2023-PROPEG-Aditivo-aos-024-025-e-026.2022-MUDANCA-DE-QUALIS.pdf\" target=\"_blank\" rel=\"noopener\">Edital 004.2023 &#8211; PROPEG &#8211; Aditivo aos 024, 025 e 026.2022 &#8211; QUALIS PERI\u00d3DICOS QUADRI\u00caNIO 2017-2020<\/a><\/p>\n<p><a href=\"https:\/\/portal.uern.br\/propeg\/wp-content\/uploads\/2023\/03\/Edital-005.2023-PROPEG-Aditivo-aos-024-025-e-026.2022-ALTERA-PRAZO-PARA-SUBMISSAO.pdf\" target=\"_blank\" rel=\"noopener\">Edital 005.2023 &#8211; PROPEG &#8211; Aditivo aos 024, 025 e 026.2022 &#8211; ALTERA PRAZO PARA SUBMISS\u00c3O DE PROPOSTAS<\/a><\/p>\n<p><a href=\"https:\/\/portal.uern.br\/propeg\/wp-content\/uploads\/2023\/03\/Edital-006.2023-PROPEG-Aditivo-ao-025.2022-IMPLEMENTA-BOLSAS-PIBITI-UERN.pdf\" target=\"_blank\" rel=\"noopener\">Edital 006.2023 &#8211; PROPEG &#8211; Aditivo ao 025.2022 &#8211; IMPLEMENTA BOLSAS PIBITI UERN<\/a><\/p>\n<p><a href=\"https:\/\/portal.uern.br\/propeg\/wp-content\/uploads\/2023\/04\/EDITAL-No-007.2023-divulga-deferimentos-de-submissoes.pdf\" target=\"_blank\" rel=\"noopener\">Edital 007.2023 &#8211; PROPEG &#8211; Deferimento preliminar das submiss\u00f5es<\/a>\u00a0(Publicado no\u00a0<a href=\"https:\/\/portal.uern.br\/jouern\/download\/jouern-347\/?wpdmdl=1297&amp;refresh=644917982c8231682511768\" target=\"_blank\" rel=\"noopener\">JOUERN, ano V, n\u00ba 347, de 25 de abril de 2023<\/a>)<\/p>\n<p><a href=\"https:\/\/portal.uern.br\/propeg\/wp-content\/uploads\/2023\/05\/EDITAL-No-008.2023-divulga-deferimento-final-de-submissoes-apos-recursos.pdf\" target=\"_blank\" rel=\"noopener\">Edital 008.2023 &#8211; PROPEG &#8211; Deferimento final das submiss\u00f5es<\/a>\u00a0(<a href=\"https:\/\/portal.uern.br\/jouern\/download\/jouern-353\/?wpdmdl=1303&amp;refresh=6453e2f64b9d31683219190\" target=\"_blank\" rel=\"noopener\">Publicado no\u00a0JOUERN, ano V, n\u00ba 353, de 04 de maio de 2023)<\/a><\/p>\n<p><a href=\"https:\/\/portal.uern.br\/propeg\/wp-content\/uploads\/2023\/06\/EDITAL-No-009.2023-divulga-resultado-das-avaliacoes-de-projetos-PIBITI-pelo-NIT-PARA-PUBLICAR-NA-PAGINA.pdf\" target=\"_blank\" rel=\"noopener\">Edital 009.2023 &#8211; PROPEG &#8211; Deferimento das propostas PIBITI pelo NIT UERN<\/a> (Publicado no <a href=\"https:\/\/portal.uern.br\/jouern\/download\/jouern-376\/?wpdmdl=1331&amp;refresh=647f10cc899141686048972\" target=\"_blank\" rel=\"noopener\">JOUERN, ano V, n\u00ba 376, de 06 de junho de 2023)<\/a><\/p>\n<p><a href=\"https:\/\/portal.uern.br\/propeg\/wp-content\/uploads\/2023\/06\/NOTA-PIBITI-SUSPENDE-EFEITOS-DO-EDITAL-009.2023.docx.pdf\" target=\"_blank\" rel=\"noopener\">NOTA &#8211; PIBITI &#8211; Suspende efeitos do Edital 009.2023<\/a> (Publicado no <a href=\"https:\/\/portal.uern.br\/jouern\/download\/jouern-379\/?wpdmdl=1334&amp;refresh=648860b89b4d71686659256\" target=\"_blank\" rel=\"noopener\">JOUERN, ano V, n\u00ba 379, de 13 de junho de 2023<\/a>).<\/p>\n<p><a href=\"https:\/\/portal.uern.br\/propeg\/wp-content\/uploads\/2023\/07\/EDITAL-No-010.2023-divulga-resultado-definitivo-das-avaliacoes-de-projetos-PIBITI-pelo-NIT.pdf\" target=\"_blank\" rel=\"noopener\">Edital 010.2023 &#8211; PROPEG &#8211; Divulga resultado definitivo das avalia\u00e7\u00f5es de propostas PIBITI pelo NIT<\/a> (Publicado no <a href=\"https:\/\/portal.uern.br\/jouern\/download\/jouern-391\/?wpdmdl=1349&amp;refresh=64a408ce80a7c1688471758\" target=\"_blank\" rel=\"noopener\">JOUERN, ano V, n\u00ba 391, de 29 de junho de 2023<\/a>)<\/p>\n<p><a href=\"https:\/\/portal.uern.br\/propeg\/wp-content\/uploads\/2023\/07\/RESULTADO-PRELIMINAR-DO-EDITAL-024.2022-PROPEG-UERN-PIBIC.pdf\" target=\"_blank\" rel=\"noopener\">Resultado preliminar do Edital n\u00ba 024\/2022 &#8211; PIBIC<\/a> (Publicado no <a href=\"https:\/\/portal.uern.br\/jouern\/download\/jouern-398\/?wpdmdl=1356&amp;refresh=64ad34421c6c71689072706\" target=\"_blank\" rel=\"noopener\">JOUERN, ano V, n\u00ba 398, de 11 de julho de 2023<\/a>)<\/p>\n<p><a href=\"https:\/\/portal.uern.br\/propeg\/wp-content\/uploads\/2023\/07\/RESULTADO-PRELIMINAR-DO-EDITAL-025.2022-PROPEG-UERN-PIBITI.pdf\" target=\"_blank\" rel=\"noopener\">Resultado preliminar do Edital n\u00ba 025\/2022 &#8211; PIBITI<\/a> (Publicado no <a href=\"https:\/\/portal.uern.br\/jouern\/download\/jouern-398\/?wpdmdl=1356&amp;refresh=64ad34421c6c71689072706\" target=\"_blank\" rel=\"noopener\">JOUERN, ano V, n\u00ba 398, de 11 de julho de 2023<\/a>)<\/p>\n<p><a href=\"https:\/\/portal.uern.br\/propeg\/wp-content\/uploads\/2023\/07\/RESULTADO-PRELIMINAR-DO-EDITAL-026.2022-PROPEG-UERN-PIBIC-EM-EDICAO-2023.2024.pdf\" target=\"_blank\" rel=\"noopener\">Resultado preliminar do Edital n\u00ba 026\/2022 &#8211; PIBIC-EM<\/a> (Publicado no <a href=\"https:\/\/portal.uern.br\/jouern\/download\/jouern-398\/?wpdmdl=1356&amp;refresh=64ad34421c6c71689072706\" target=\"_blank\" rel=\"noopener\">JOUERN, ano V, n\u00ba 398, de 11 de julho de 2023<\/a>)<\/p>\n<p><a href=\"https:\/\/portal.uern.br\/propeg\/wp-content\/uploads\/2023\/07\/NOTA-RESULTADO-PRELIMINAR-PRAZO-PARA-RECURSOS-1.pdf\" target=\"_blank\" rel=\"noopener\">NOTA &#8211; Resultado Preliminar &#8211; Prazo para Recursos<\/a><\/p>\n<p><a href=\"https:\/\/portal.uern.br\/propeg\/wp-content\/uploads\/2023\/07\/RESULTADO-FINAL-PIBIC-23.24.pdf\" target=\"_blank\" rel=\"noopener\">Resultado Final do Edital n\u00ba 024\/2022 &#8211; PIBIC<\/a> (Publicado no <a href=\"https:\/\/portal.uern.br\/jouern\/download\/jouern-406\/?wpdmdl=1364&amp;refresh=64ba61cbcda561689936331\" target=\"_blank\" rel=\"noopener\">JOUERN, ano V, n\u00ba 406, de 21 de julho de 2023<\/a>)<\/p>\n<p><a href=\"https:\/\/portal.uern.br\/propeg\/wp-content\/uploads\/2023\/07\/RESULTADO-FINAL-PIBITI-23.24.pdf\" target=\"_blank\" rel=\"noopener\">Resultado Final do Edital n\u00ba 025\/2022 &#8211; PIBITI<\/a> (Publicado no <a href=\"https:\/\/portal.uern.br\/jouern\/download\/jouern-406\/?wpdmdl=1364&amp;refresh=64ba61cbcda561689936331\" target=\"_blank\" rel=\"noopener\">JOUERN, ano V, n\u00ba 406, de 21 de julho de 2023<\/a>)<\/p>\n<p><a href=\"https:\/\/portal.uern.br\/propeg\/wp-content\/uploads\/2023\/07\/RESULTADO-FINAL-PIBIC-EM-23.24.pdf\" target=\"_blank\" rel=\"noopener\">Resultado Final do Edital n\u00ba 026\/2022 &#8211; PIBIC-EM<\/a> (Publicado no <a href=\"https:\/\/portal.uern.br\/jouern\/download\/jouern-406\/?wpdmdl=1364&amp;refresh=64ba61cbcda561689936331\" target=\"_blank\" rel=\"noopener\">JOUERN, ano V, n\u00ba 406, de 21 de julho de 2023<\/a>)<\/p>\n<p><a href=\"https:\/\/portal.uern.br\/propeg\/wp-content\/uploads\/2023\/07\/Formulario_Indicacao_de_Discente_PIBIC_PIBITI-ed.-2023.2024.doc\" target=\"_blank\" rel=\"noopener\">Formul\u00e1rio de Indica\u00e7\u00e3o de Discente &#8211; PIBIC e PIBITI<\/a><\/p>\n<p><a href=\"https:\/\/portal.uern.br\/propeg\/wp-content\/uploads\/2023\/07\/Modelo_de_Declaracao_para_Bolsista-PIBIC-e-PIBITI-ed.-2023.2024.docx\" target=\"_blank\" rel=\"noopener\">Modelo de Declara\u00e7\u00e3o do Bolsista &#8211; PIBIC e PIBITI<\/a><\/p>\n<p><a href=\"https:\/\/portal.uern.br\/propeg\/wp-content\/uploads\/2023\/07\/Formulario_Indicacao_de_Discente_PIBIC-EM-ed.-2023.2024.doc\" target=\"_blank\" rel=\"noopener\">Formul\u00e1rio de Indica\u00e7\u00e3o de Discente &#8211; PIBIC-EM<\/a><\/p>\n<p><a href=\"https:\/\/sucupira.capes.gov.br\/sucupira\/public\/consultas\/coleta\/veiculoPublicacaoQualis\/listaConsultaGeralPeriodicos.jsf\" target=\"_blank\" rel=\"noopener\">Tabela Qualis &#8211; Classifica\u00e7\u00e3o dos Peri\u00f3dicos<\/a><\/p>\n<h3><\/h3>\n<h3><strong>&#8212;&#8212;&#8212;- EDI\u00c7\u00c3O ANTERIOR &#8212;&#8212;&#8212;-\u00a0<\/strong><\/h3>\n<p><strong>2022\/2023<\/strong><\/p>\n<p><strong>PIBIC, PIBITI e PIBIC-EM &#8211; DE 1\u00ba DE SETEMBRO 2022 A 31 DE AGOSTO DE 2023<\/strong><\/p>\n<p><strong><br \/>\n<\/strong><a href=\"http:\/\/portal.uern.br\/jouern\/wp-content\/uploads\/sites\/18\/2022\/01\/JOUERN-117-14-jan-22.pdf\" target=\"_blank\" rel=\"noopener\">Editais publicados no Jornal Oficial da FUERN (JOUERN) na edi\u00e7\u00e3o de 14 de janeiro de 2022, ano IV, n\u00ba 117<\/a>\u00a0(publicado em 14\/01\/2022)<\/p>\n<p><a href=\"http:\/\/www.uern.br\/controledepaginas\/propeg-iniciacao-cientifica-pibic\/arquivos\/15952022_2023_tutorial_submissao_projetos.pdf\" target=\"_blank\" rel=\"noopener\">IMPORTANTE! Tutorial para submiss\u00e3o dos projetos.<\/a><\/p>\n<p><a href=\"http:\/\/www.uern.br\/controledepaginas\/propeg-iniciacao-cientifica-pibic\/arquivos\/15952022_2023_pibic_edital_002_2022_propeg_uern..pdf\" target=\"_blank\" rel=\"noopener\">Edital PIBIC n\u00ba 002\/2022-PROPEG\/UERN<\/a> (publicado em 14\/01\/2022)<\/p>\n<p><a href=\"http:\/\/www.uern.br\/controledepaginas\/propeg-iniciacao-cientifica-pibic\/arquivos\/15952022_2023_pibiti_edital_003_2022_propeg_uern.pdf\" target=\"_blank\" rel=\"noopener\">Edital PIBITI n\u00ba 003\/2022-PROPEG\/UERN<\/a>\u00a0(publicado em 14\/01\/2022)<\/p>\n<p><a href=\"http:\/\/www.uern.br\/controledepaginas\/propeg-iniciacao-cientifica-pibic\/arquivos\/15952022_2023_pibic_em_edital_004_2022_propeg_uern.pdf\" target=\"_blank\" rel=\"noopener\">Edital PIBIC-EM n\u00ba 004\/2022-PROPEG\/UERN<\/a>\u00a0(publicado em 14\/01\/2022)<\/p>\n<p>&nbsp;<\/p>\n<p><a href=\"http:\/\/www.uern.br\/controledepaginas\/propeg-iniciacao-cientifica-pibic\/arquivos\/15952022_2023_edital_na_017.2022_divulga_deferimentos_de_submissa%C2%B5es_preliminar.pdf\" target=\"_blank\" rel=\"noopener\">Deferimento das inscri\u00e7\u00f5es<\/a>\u00a0(Publicado no\u00a0<a href=\"http:\/\/www.uern.br\/controledepaginas\/propeg-iniciacao-cientifica-pibic\/arquivos\/15952022_2023_edital_na_017.2022_divulga_deferimentos_de_submissa%C2%B5es_preliminar.pdf\" target=\"_blank\" rel=\"noopener\">JOUERN, ano IV, n\u00ba 131, de 22 de abril de 2022<\/a>)<\/p>\n<p><a href=\"http:\/\/www.uern.br\/controledepaginas\/propeg-iniciacao-cientifica-pibic\/arquivos\/15952022_2023_edital_na_018.2022_divulga_deferimentos_de_inscria%C2%A7a%C2%B5es_apa%C2%B3s_recursos.pdf\" target=\"_blank\" rel=\"noopener\">Deferimento das inscri\u00e7\u00f5es ap\u00f3s rescursos<\/a>\u00a0(Publicado no\u00a0<a href=\"http:\/\/portal.uern.br\/jouern\/wp-content\/uploads\/sites\/18\/2022\/05\/JOUERN-133-06-maio-22.pdf\" target=\"_blank\" rel=\"noopener\">JOUERN, ano IV, 133, de 06 de maio de 2022<\/a>)<\/p>\n<p><a href=\"http:\/\/www.uern.br\/controledepaginas\/propeg-iniciacao-cientifica-pibic\/arquivos\/15952022_2023_edital_n_020.2022_divulga_resultado_das_avaliaa%C2%A7a%C2%B5es_de_projetos_pibit_pelo_nit.pdf\" target=\"_blank\" rel=\"noopener\">Deferimentos das inscri\u00e7\u00f5es PIBITI pelo NIT UERN<\/a>\u00a0(Publicado no\u00a0<a href=\"http:\/\/portal.uern.br\/jouern\/wp-content\/uploads\/sites\/18\/2022\/06\/JOUERN-142-08-jun-22.pdf\" target=\"_blank\" rel=\"noopener\">JOUERN, ano IV, 142, de 08 de junho de 2022<\/a>)<\/p>\n<p><a href=\"http:\/\/www.uern.br\/controledepaginas\/propeg-iniciacao-cientifica-pibic\/arquivos\/15952022_2023_edital_na_021.2023_divulga_resultado_preliminar.pdf\" target=\"_blank\" rel=\"noopener\">Resultado Preliminar da Sele\u00e7\u00e3o PIBIC, PIBITI e PIBIC-EM<\/a>\u00a0(Conforme Memorando n\u00ba 037\/2022 &#8211; PROPEG\/UERN, publicado no\u00a0<a href=\"http:\/\/portal.uern.br\/jouern\/wp-content\/uploads\/sites\/18\/2022\/07\/JOUERN-163-12-jul-22.pdf\" target=\"_blank\" rel=\"noopener\">JOUERN, ano IV, 163, de 12 de julho de 2022)<\/a><\/p>\n<p><a href=\"http:\/\/www.uern.br\/controledepaginas\/propeg-iniciacao-cientifica-pibic\/arquivos\/15952022_2023_edital_na_022.2022_divulga_resultado_final_pibic_pibiti_e_pibic_em.pdf\" target=\"_blank\" rel=\"noopener\">Resultado Final da Sele\u00e7\u00e3o PIBIC, PIBITI e PIBIC-EM<\/a>\u00a0(Publicado no\u00a0<a href=\"http:\/\/portal.uern.br\/jouern\/wp-content\/uploads\/sites\/18\/2022\/07\/JOUERN-168.pdf\" target=\"_blank\" rel=\"noopener\">JOUERN, ano IV, 168, de 19 de julho de 2022<\/a>)<\/p>\n<p><a href=\"https:\/\/portal.uern.br\/propeg\/wp-content\/uploads\/2023\/06\/ORIENTACOES-ELABORACAO-DO-RESUMO-EXPANDIDO.pdf\" target=\"_blank\" rel=\"noopener\">Orienta\u00e7\u00f5es para elabora\u00e7\u00e3o do Resumo Expandido<\/a><\/p>\n<p><a href=\"https:\/\/portal.uern.br\/propeg\/wp-content\/uploads\/2023\/06\/ORIENTACOES-PARA-ENVIO-DO-RESUMO-EXPANDIDO.pdf\" target=\"_blank\" rel=\"noopener\">Orienta\u00e7\u00f5es para envio do Resumo Expandido<\/a><\/p>\n<p>Aten\u00e7\u00e3o! Enviar as indica\u00e7\u00f5es de alunos em formato pdf, para o e-mail pibic@uern.br<\/p>\n<p>&nbsp;<\/p>\n<p>&nbsp;<\/p>\n","protected":false},"excerpt":{"rendered":"<p>Links e avisos fixos: E-mail para contato:\u00a0pibic@uern.br Telefone: (84) 3315-2180 &#8212;&#8212;&#8212;- NOVA EDI\u00c7\u00c3O &#8211; 2024\/2025 &#8212;&#8212;&#8212; 2024\/2025 PIBIC, PIBIC-Af, PIBITI e PIBIC-EM &#8211; DE 1\u00ba DE SETEMBRO 2024 A 31 DE AGOSTO DE 2025 Editais publicados no Jornal Oficial da FUERN (JOUERN) na edi\u00e7\u00e3o de 27 de fevereiro de 2024, ano VI, n\u00ba 545. IMPORTANTE! [&hellip;]<\/p>\n","protected":false},"author":12,"featured_media":0,"parent":0,"menu_order":0,"comment_status":"closed","ping_status":"closed","template":"","meta":{"footnotes":""},"class_list":["post-2172","page","type-page","status-publish","hentry"],"_links":{"self":[{"href":"https:\/\/portal.uern.br\/propeg\/wp-json\/wp\/v2\/pages\/2172","targetHints":{"allow":["GET"]}}],"collection":[{"href":"https:\/\/portal.uern.br\/propeg\/wp-json\/wp\/v2\/pages"}],"about":[{"href":"https:\/\/portal.uern.br\/propeg\/wp-json\/wp\/v2\/types\/page"}],"author":[{"embeddable":true,"href":"https:\/\/portal.uern.br\/propeg\/wp-json\/wp\/v2\/users\/12"}],"replies":[{"embeddable":true,"href":"https:\/\/portal.uern.br\/propeg\/wp-json\/wp\/v2\/comments?post=2172"}],"version-history":[{"count":13,"href":"https:\/\/portal.uern.br\/propeg\/wp-json\/wp\/v2\/pages\/2172\/revisions"}],"predecessor-version":[{"id":2959,"href":"https:\/\/portal.uern.br\/propeg\/wp-json\/wp\/v2\/pages\/2172\/revisions\/2959"}],"wp:attachment":[{"href":"https:\/\/portal.uern.br\/propeg\/wp-json\/wp\/v2\/media?parent=2172"}],"curies":[{"name":"wp","href":"https:\/\/api.w.org\/{rel}","templated":true}]}}