{"id":1443,"date":"2023-03-31T10:02:26","date_gmt":"2023-03-31T13:02:26","guid":{"rendered":"https:\/\/portal.uern.br\/propeg\/?page_id=1443"},"modified":"2025-12-12T11:25:27","modified_gmt":"2025-12-12T14:25:27","slug":"https-portal-uern-br-propeg-wp-content-uploads-2025-09-regimento_alterado_versao_final_2024-pdf","status":"publish","type":"page","link":"https:\/\/portal.uern.br\/propeg\/https-portal-uern-br-propeg-wp-content-uploads-2025-09-regimento_alterado_versao_final_2024-pdf\/","title":{"rendered":"Comit\u00ea de \u00c9tica em Pesquisa em Seres Humanos"},"content":{"rendered":"<p><strong>Comit\u00ea de \u00c9tica em Pesquisa \u2013 CEP<\/strong><\/p>\n<p>O Comit\u00ea de \u00c9tica em Pesquisa\u00a0 \u00e9 composto de um colegiado com \u201cmunus p\u00fablico\u201d, independente, multidisciplinar, misto, equitativo, deliberativo e educativo, criado para defender a integridade e dignidade de seres humanos envolvidos em projetos de pesquisa em conson\u00e2ncia com as Resolu\u00e7\u00f5es n\u00ba 466\/12 e 510\/16 do Conselho Nacional de Sa\u00fade (CNS) \/ Minist\u00e9rio da Sa\u00fade(MS).<\/p>\n<ul>\n<li><a href=\"https:\/\/portal.uern.br\/propeg\/wp-content\/uploads\/2025\/09\/Regimento_CEP_assinadodigitalmente.pdf\">Regimento do Comit\u00ea de \u00c9tica em Pesquisa da UERN<\/a><\/li>\n<li><a href=\"https:\/\/portal.uern.br\/wp-content\/uploads\/2022\/10\/0066resolua%C2%A7ao_10_2013_cd_aprova_a_vinculaa%C2%A7ao_do_comita_de_a%E2%80%B0tica_em_pesquisa_a-_propeg_nova.pdf\">Resolu\u00e7\u00e3o N\u00ba 10\/2013 \u2013 CD<\/a>\u00a0\u2013\u00a0Aprova a vincula\u00e7\u00e3o institucional do Comit\u00ea de \u00c9tica em Pesquisa \u00e0 Pr\u00f3-Reitoria de Pesquisa e P\u00f3s-Gradua\u00e7\u00e3o \u2013 PROPEG<\/li>\n<li><a href=\"https:\/\/portal.uern.br\/wp-content\/uploads\/2022\/10\/3121memorando_circular_03_2016_gabinete_propeg_uern.pdf\">Memorando Circular N\u00b003\/2016 \u2013 GABINETE\/PROPEG\/UERN<\/a>\u00a0 \u2013 Exig\u00eancia de Submiss\u00e3o de Projetos de Pesquisas que Envolvam Seres Humanos ao Comit\u00ea de \u00c9tica em Pesquisa \u2013 CEP<\/li>\n<li><a href=\"https:\/\/portal.uern.br\/propeg\/wp-content\/uploads\/2025\/09\/Portaria_GR_66_jul_2025.pdf\">Membros<\/a><\/li>\n<\/ul>\n<h3><strong>CALEND\u00c1RIO DE REUNI\u00d5ES<\/strong><\/h3>\n<p><a href=\"https:\/\/portal.uern.br\/propeg\/wp-content\/uploads\/2025\/12\/Calendario_CEP_2026.pdf\"><strong><span style=\"font-family: Times New Roman, serif\"><u>Calend\u00e1rio 2026<\/u><\/span>\u00a0<\/strong><\/a><\/p>\n<p><strong>Orienta\u00e7\u00f5es Para Submiss\u00e3o de Projetos de Pesquisa ao Comit\u00ea de \u00c9tica em Pesquisa \u2013 CEP<\/strong><\/p>\n<p><strong>Para Submiss\u00e3o de Projetos de Pesquisa ao CEP, o pesquisador dever\u00e1:<\/strong><\/p>\n<ul>\n<li>efetuar cadastro de pesquisador na Plataforma Brasil<a href=\"http:\/\/plataformabrasil.saude.gov.br\/login.jsf\">\u00a0http:\/\/plataformabrasil.saude.gov.br\/login.jsf<\/a><\/li>\n<li>o projeto de pesquisa deve ser cadastrado na pr\u00f3pria Plataforma Brasil e todos os documentos necess\u00e1rios para avalia\u00e7\u00e3o \u00e9tica dever\u00e3o serem anexados no pr\u00f3prio sistema (Plataforma Brasil);<\/li>\n<li>\u00e9 importante visitar a p\u00e1gina do CEP\u00a0http:\/\/propeg.uern.br\/default.asp?item=propeg-comissoes-cep\u00a0para se informar de quais documentos ser\u00e3o necess\u00e1rios para avalia\u00e7\u00e3o \u00e9tica, calend\u00e1rio de reuni\u00f5es, modelos de documentos solicitados, legisla\u00e7\u00e3o e etc.<\/li>\n<li><a href=\"https:\/\/portal.uern.br\/wp-content\/uploads\/2022\/10\/3121algumas_informacoes_importantes_em_torno_do_preenchimento.pdf\">Algumas Informa\u00e7\u00f5es Importantes Para Submiss\u00e3o de Projetos de Pesquisa na Plataforma Brasil<\/a><\/li>\n<li><a href=\"https:\/\/portal.uern.br\/wp-content\/uploads\/2022\/10\/3121erros_mais_comuns_de_submissa%C6%92o_de_projetos_ao_cep.pdf\">Erros Mais Comuns na Submiss\u00e3o de Projetos ao CEP<\/a><\/li>\n<li><a href=\"https:\/\/portal.uern.br\/propeg\/wp-content\/uploads\/2025\/09\/Manual_Pesquisador_V_3.8.pdf\">Manual do pesquisador<\/a>;<\/li>\n<li><a href=\"https:\/\/portal.uern.br\/propeg\/wp-content\/uploads\/2025\/09\/Manual_de_Orientacao_Pendencias_Frequentes_em_Protocolos_Pesquisa_Clinica.pdf\">Manual de pend\u00eancias mais comuns em pesquisas cl\u00ednicas<\/a>;<\/li>\n<li><a href=\"https:\/\/portal.uern.br\/propeg\/wp-content\/uploads\/2025\/09\/Manual_de_Orientacao_Pendencias_comuns_em_protocolos_CHS_v_23102023.pdf\">Manual de pend\u00eancias mais comuns em pesquisas em Ci\u00eancias Humanas e Sociais<\/a>.<\/li>\n<\/ul>\n<p>Caso haja alguma d\u00favida, entrar em contato com o CEP atrav\u00e9s do e-mail\u00a0cep@uern.br<\/p>\n<p><strong>Documentos Necess\u00e1rios<\/strong><\/p>\n<p>Folha de Rosto devidamente preenchida, assinada e carimbada (gerada pela pr\u00f3pria Plataforma Brasil ao final do cadastro do projeto);<\/p>\n<p>Projeto de pesquisa completo conforme modelo determinado pelo CEP\/UERN (<a href=\"https:\/\/portal.uern.br\/wp-content\/uploads\/2022\/10\/3121roteiro_elaboracao_de_projeto_2015.pdf\">Modelo para elabora\u00e7\u00e3o de projeto<\/a>);<\/p>\n<p>Instrumento de coleta de dados (roteiro de entrevista, question\u00e1rios, formul\u00e1rios, etc);<\/p>\n<p><a href=\"https:\/\/portal.uern.br\/propeg\/wp-content\/uploads\/2023\/08\/TCLE_modificado-3.docx\">Termo de Consentimento Livre e Esclarecido \u2013 TCLE<\/a>;<\/p>\n<p>Obs.: Em caso de solicita\u00e7\u00e3o de dispensa do TCLE, o pesquisador dever\u00e1 postar documento com a justificativa devidamente assinado.<\/p>\n<p><a href=\"https:\/\/portal.uern.br\/propeg\/wp-content\/uploads\/2023\/05\/TALE_reformulado.odt\">Termo de Assentimento Livre e Esclarecido \u2013 TALE<\/a>\u00a0(utilizado para menores de idade, pessoas com sua capacidade de decis\u00e3o reduzida ou grupos vulner\u00e1veis), caso se aplique;<\/p>\n<p><a href=\"https:\/\/portal.uern.br\/propeg\/wp-content\/uploads\/2023\/05\/modelo_carta_de_anuencia.odt\">Carta de Anu\u00eancia<\/a>\u00a0(com papel timbrado da institui\u00e7\u00e3o que concede a anu\u00eancia, devidamente assinada e com carimbo do respons\u00e1vel);<\/p>\n<p><a href=\"https:\/\/portal.uern.br\/propeg\/wp-content\/uploads\/2023\/08\/Declaracao_inicio_pesquisa.odt\">Declara\u00e7\u00e3o de compromisso do pesquisador para in\u00edcio da pesquisa<\/a>;<\/p>\n<p><a href=\"https:\/\/portal.uern.br\/wp-content\/uploads\/2022\/10\/3121roteiro_uso_de_prontuarios_2015.pdf\">Autoriza\u00e7\u00e3o para uso de Prontu\u00e1rio M\u00e9dico<\/a>, caso se aplique;<\/p>\n<p>Termo de doa\u00e7\u00e3o de material biol\u00f3gico, caso se aplique;<\/p>\n<p>Documentos relativos \u00e0 instala\u00e7\u00e3o de biobanco ou bioreposit\u00f3rio, caso se aplique;<\/p>\n<p><a href=\"https:\/\/portal.uern.br\/propeg\/wp-content\/uploads\/2023\/05\/TERMOAUDIO.odt\">Termo de autoriza\u00e7\u00e3o para grava\u00e7\u00e3o de voz<\/a>, caso se aplique;<\/p>\n<p><a href=\"https:\/\/portal.uern.br\/propeg\/wp-content\/uploads\/2023\/05\/TERMOIMAGEM.odt\">Termo de autoriza\u00e7\u00e3o para grava\u00e7\u00e3o de imagem<\/a>, caso se aplique;<\/p>\n<p><strong>Obs.1<\/strong>:\u00a0Nos projetos de Inicia\u00e7\u00e3o Cientifica, Trabalho de Conclus\u00e3o de Curso \u2013 TCC, que envolvam seres humanos, o respons\u00e1vel pela pesquisa \u00e9 o orientador. Em projetos de especializa\u00e7\u00e3o, mestrado, doutorado e p\u00f3s doutorado o respons\u00e1vel \u00e9 o orientando;<\/p>\n<p><strong>Obs.2:<\/strong>\u00a0Padronizar os t\u00edtulos em todos os campos, conforme o t\u00edtulo da \u201cFolha de Rosto\u201d e em todos os documentos postados.<\/p>\n<p><strong>Como Encontrar o Parecer na Plataforma Brasil<\/strong><\/p>\n<p>1\u00ba \u2013 localizar o projeto na \u201cLista de projetos de pesquisa\u201d, em seguida, clicar na lupa ao lado;<br \/>\n2\u00ba \u2013 o sistema lhe direcionar\u00e1 para uma nova tela onde ser\u00e1 visualizado um organograma de pastas chamado de \u201cDocumentos do projeto de pesquisa\u201d. Neste organograma de pastas, voc\u00ea dever\u00e1 clicar nas SETAS (Aten\u00e7\u00e3o, clicar nas setas!) at\u00e9 localizar uma pasta chamada \u201cAPRECIA\u00c7\u00c3O\u201d;<br \/>\n3\u00ba \u2013 clique na SETA da pasta Aprecia\u00e7\u00e3o, dentro dela estar\u00e1 a pasta PARECERES;<br \/>\n4\u00ba \u2013 clique na pasta Pareceres. Os pareceres aparecer\u00e3o do lado direito do organograma. Desloque a barra de rolagem para a direita para visualizar a lupa e em seguida clique nela. Assim voc\u00ea baixar\u00e1 seu parecer.<br \/>\n<strong>Obs:\u00a0<\/strong>O pesquisador respons\u00e1vel s\u00f3 receber\u00e1 parecer mediante resposta via Plataforma Brasil.<\/p>\n<p><strong>Como Responder as Pend\u00eancias:<\/strong><\/p>\n<p>o pesquisador respons\u00e1vel dever\u00e1 postar uma\u00a0<a href=\"https:\/\/portal.uern.br\/propeg\/wp-content\/uploads\/2025\/09\/Modelo_carta_resposta.pdf\">Carta Resposta \u00e0s pend\u00eancias<\/a>, apontando a pend\u00eancia e a resposta, conforme modelo.<br \/>\nse alguma pend\u00eancia resultar em altera\u00e7\u00e3o nos documentos postados, ex. Projeto completo, TCLE ou em outros documentos, os esclarecimentos que responder\u00e3o as pend\u00eancias devem estar destacadas no texto\u00a0<strong>(realce no texto)<\/strong>\u00a0do referido documento\u00a0<strong>em amarelo<\/strong>, para facilitar a corre\u00e7\u00e3o dos relatores, sendo necess\u00e1ria a inclus\u00e3o de um novo arquivo eletr\u00f4nico contendo o documento alterado, o qual dever\u00e1 ser nomeado seguido da palavra \u201calterado\u201d. Ex.: TCLE \u2013 alterado.<\/p>\n<p><strong>Resubmiss\u00e3o de projetos n\u00e3o aprovados<\/strong><\/p>\n<p>Os projetos<strong>\u00a0n\u00e3o aprovados<\/strong>\u00a0poder\u00e3o serem ressubmetidos ao CEP, desde que a pesquisa n\u00e3o tenha sido iniciada. Para isso, o pesquisador far\u00e1 uma\u00a0<strong>nova submiss\u00e3o<\/strong>\u00a0do projeto na Plataforma Brasil, podendo utilizar o mesmo t\u00edtulo do projeto. O pesquisador dever\u00e1 postar o \u00faltimo parecer emitido pelo CEP, com as pend\u00eancias atendidas e destacadas. Os demais documentos postados na vers\u00e3o do projeto\u00a0<strong>n\u00e3o aprovado<\/strong>, poder\u00e3o serem utilizados, desde que o t\u00edtulo seja o mesmo da Plataforma Brasil e que os respons\u00e1veis pela emiss\u00e3o do(s) documento(s) seja(m) o(s) mesmo(s).<\/p>\n<p><strong>Notifica\u00e7\u00f5es (Envio de Relat\u00f3rios, Suspens\u00e3o e Cancelamento de pesquisa)<\/strong><\/p>\n<p>As notifica\u00e7\u00f5es \u00e9 uma funcionalidade da Plataforma Brasil que devem ser utilizadas quando houver necessidade de encaminhar documentos ao CEP, como: comunica\u00e7\u00e3o de in\u00edcio do projeto, envio de RELAT\u00d3RIOS PARCIAIS E FINAIS, informar suspens\u00e3o ou cancelamento de pesquisa entre outros.<\/p>\n<p>Para enviar uma notifica\u00e7\u00e3o, acesse o\u00a0<a href=\"https:\/\/portal.uern.br\/wp-content\/uploads\/2022\/10\/3121notificacao.pdf\">Manual de Instru\u00e7\u00e3o<\/a>.<\/p>\n<p><strong>Para o Envio de Relat\u00f3rios Parciais e Finais, Utilize os Modelos Abaixo<\/strong><\/p>\n<ul>\n<li><a href=\"https:\/\/portal.uern.br\/propeg\/wp-content\/uploads\/2023\/05\/Relatorio_Parcial_CEP_UERN_2020.odt\">Modelo Relat\u00f3rio Parcial<\/a>.<\/li>\n<li><a href=\"https:\/\/portal.uern.br\/propeg\/wp-content\/uploads\/2023\/05\/Relatorio_Final_CEP_UERN_2020.odt\">Modelo de Relat\u00f3rio Final<\/a>.<\/li>\n<\/ul>\n<p><strong>Como submeter Recurso de um projeto N\u00e3o-Aprovado pelo CEP<\/strong><\/p>\n<ul>\n<li><a href=\"https:\/\/portal.uern.br\/wp-content\/uploads\/2022\/10\/3121submissao_de_recurso_plataforma_brasil.pdf\">Orienta\u00e7\u00f5es Para Submiss\u00e3o de Recursos so CEP<\/a><\/li>\n<\/ul>\n<p><strong>Como submeter uma Emenda<\/strong><\/p>\n<ul>\n<li><a href=\"https:\/\/portal.uern.br\/wp-content\/uploads\/2022\/10\/3121submissao_de_emenda_plataforma_brasil.pdf\">Orienta\u00e7\u00f5es Para\u00a0Submiss\u00e3o de Emendas ao CEP<\/a><\/li>\n<\/ul>\n<p><strong>Livro do CEP\/ UERN publicado<\/strong><\/p>\n<p><strong>\u201cComit\u00ea de \u00c9tica em Pesquisa com Seres Humanos\u201d: O que \u00e9 necess\u00e1rio saber para aprovar um projeto de pesquisa?<\/strong><\/p>\n<p>O livro do CEP\/UERN \u00e9 uma importante fonte de consulta para auxiliar estudantes, professores ou qualquer pessoa que pretenda submeter projetos de pesquisa a um Comit\u00ea de \u00c9tica no Brasil. Aborda conte\u00fados atuais e pertinentes sobre a \u00e9tica na pesquisa, moral, bio\u00e9tica, biodireito, bem como promover a interlocu\u00e7\u00e3o das resolu\u00e7\u00f5es 466\/12 e 510\/16 do CNS\/MS. Ademais cont\u00eam um tutorial \u201cpasso a passo\u201d para submiss\u00e3o de projetos de pequisa na Plataforma Brasil e um cap\u00edtulo com perguntas e respostas para dirimir as principais d\u00favidas dos pesquisadores.<\/p>\n<ul>\n<li><a href=\"https:\/\/portal.uern.br\/wp-content\/uploads\/2022\/10\/3121livro.pdf\">Baixe aqui o livro<\/a><\/li>\n<\/ul>\n<p><strong>Legisla\u00e7\u00e3o\u00a0<\/strong><\/p>\n<p>\u00c9 recomendado que o pesquisador respons\u00e1vel antes de elaborar seu projeto de pesquisa, leia a resolu\u00e7\u00e3o\u00a0<a href=\"https:\/\/portal.uern.br\/wp-content\/uploads\/2022\/10\/3121resolucao_466.pdf\">466\/12\u00a0\u2013 CNS<\/a>, onde se encontram todas as diretrizes para pesquisas com o ser humano e a resolu\u00e7\u00e3o<a href=\"https:\/\/portal.uern.br\/wp-content\/uploads\/2022\/10\/3121resolucao_510.pdf\">\u00a0510\/16\u00a0\u2013 CNS<\/a>, que disp\u00f5e sobre as normas aplic\u00e1veis a pesquisas em Ci\u00eancias Humanas e Sociais com seres humanos. Abaixo, resolu\u00e7\u00f5es complementares, que devem ser lidas pelo pesquisador e obedecidas, conforme tem\u00e1tica espec\u00edfica.<\/p>\n<p><a href=\"https:\/\/portal.uern.br\/wp-content\/uploads\/2022\/10\/3121resolucao_251.pdf\">Res. 251\/1997-CNS<\/a>\u00a0\u2013 f\u00e1rmacos, medicamentos, vacinas e testes diagn\u00f3sticos novos;<\/p>\n<p><a href=\"https:\/\/portal.uern.br\/wp-content\/uploads\/2022\/10\/3121resolucao_292.pdf\">Res. 292\/1999-CNS\u00a0<\/a>\u2013 pesquisas coordenadas do exterior ou com participa\u00e7\u00e3o estrangeira;<\/p>\n<p><a href=\"https:\/\/portal.uern.br\/wp-content\/uploads\/2022\/10\/3121resolucao_303.pdf\">Res. 303\/2000-CNS\u00a0<\/a>\u2013 reprodu\u00e7\u00e3o humana;<\/p>\n<p><a href=\"https:\/\/portal.uern.br\/wp-content\/uploads\/2022\/10\/3121resolucao_304.pdf\">Res. 304\/2000-CNS<\/a>\u00a0\u2013 popula\u00e7\u00f5es ind\u00edgenas;<\/p>\n<p><a href=\"https:\/\/portal.uern.br\/wp-content\/uploads\/2022\/10\/3121resolucao_340.pdf\">Res. 340\/2004-CNS<\/a>\u00a0\u2013 gen\u00e9tica humana;<\/p>\n<p><a href=\"https:\/\/portal.uern.br\/wp-content\/uploads\/2022\/10\/3121resolucao_346.pdf\">Res. 346\/2005-CNS\u00a0<\/a>\u2013 pesquisa multic\u00eantricos;<\/p>\n<p><a href=\"https:\/\/portal.uern.br\/wp-content\/uploads\/2022\/10\/3121resolucao_441.pdf\">Res. 441\/2011-CNS\u00a0<\/a>\u2013 armazenamento e utiliza\u00e7\u00e3o de material biol\u00f3gico humano. Esta resolu\u00e7\u00e3o revogou a Res. 347\/2005 \u2013 CNS.<\/p>\n<p><a href=\"https:\/\/portal.uern.br\/wp-content\/uploads\/2022\/10\/3121cns__norma_operacional.pdf\">NORMA OPERACIONAL 01\/2013<\/a><\/p>\n<p><a href=\"https:\/\/portal.uern.br\/propeg\/wp-content\/uploads\/2025\/09\/LEI_14874.pdf\">Lei n\u00ba 14.874\/2024 &#8211; Disp\u00f5e sobre a pesquisa com seres humanos e institui o Sistema Nacional de \u00c9tica em Pesquisa em seres humanos<\/a><\/p>\n<p><a href=\"https:\/\/portal.uern.br\/propeg\/wp-content\/uploads\/2025\/10\/DECRETO_N_12.651_07.10.25.pdf\">Decreto 12.651\/2025 &#8211; Regulamenta a Lei 14.874, de 28\/05\/24, que disp\u00f5e sobre a pesquisa com seres humanos e institui o Sistema Nacional de \u00c9tica em Pesquisa em seres humanos;<\/a><\/p>\n<p><a href=\"https:\/\/portal.uern.br\/propeg\/wp-content\/uploads\/2025\/09\/Carta_Circular_166_2018.pdf\">Carta Circular n\u00ba 166\/2018 &#8211; Orienta\u00e7\u00f5es sobre projetos de relato de caso;<\/a><\/p>\n<p><a href=\"https:\/\/portal.uern.br\/propeg\/wp-content\/uploads\/2025\/09\/Carta-_Circular_1_2021.pdf\">Carta Circular n\u00ba 001\/2021 &#8211; Orienta\u00e7\u00f5es sobre pesquisas que envolvem etapa em ambiente virtual<\/a>.<\/p>\n<p><strong>Endere\u00e7o do Comit\u00ea de \u00c9tica em Pesquisa \u2013 CEP<\/strong><\/p>\n<p>Faculdade de Ci\u00eancias da Sa\u00fade da UERN<\/p>\n<p>Rua: Miguel Antonio da Silva Neto, s\/n \u2013 Pr\u00e9dio Faculdade de Medicina \u2013 T\u00e9rreo \u2013 Bairro: Aeroporto<\/p>\n<p>Mossor\u00f3\/RN CEP: 59.607-360<\/p>\n<p>E-mail: cep@uern.br Contato: (84) 3315-2094\u00a0 Hor\u00e1rio de Atendimento presencial: 08:00 \u00e0s 12:00<\/p>\n","protected":false},"excerpt":{"rendered":"<p>Comit\u00ea de \u00c9tica em Pesquisa \u2013 CEP O Comit\u00ea de \u00c9tica em Pesquisa\u00a0 \u00e9 composto de um colegiado com \u201cmunus p\u00fablico\u201d, independente, multidisciplinar, misto, equitativo, deliberativo e educativo, criado para defender a integridade e dignidade de seres humanos envolvidos em projetos de pesquisa em conson\u00e2ncia com as Resolu\u00e7\u00f5es n\u00ba 466\/12 e 510\/16 do Conselho Nacional [&hellip;]<\/p>\n","protected":false},"author":1,"featured_media":0,"parent":0,"menu_order":0,"comment_status":"closed","ping_status":"closed","template":"","meta":{"footnotes":""},"class_list":["post-1443","page","type-page","status-publish","hentry"],"_links":{"self":[{"href":"https:\/\/portal.uern.br\/propeg\/wp-json\/wp\/v2\/pages\/1443","targetHints":{"allow":["GET"]}}],"collection":[{"href":"https:\/\/portal.uern.br\/propeg\/wp-json\/wp\/v2\/pages"}],"about":[{"href":"https:\/\/portal.uern.br\/propeg\/wp-json\/wp\/v2\/types\/page"}],"author":[{"embeddable":true,"href":"https:\/\/portal.uern.br\/propeg\/wp-json\/wp\/v2\/users\/1"}],"replies":[{"embeddable":true,"href":"https:\/\/portal.uern.br\/propeg\/wp-json\/wp\/v2\/comments?post=1443"}],"version-history":[{"count":51,"href":"https:\/\/portal.uern.br\/propeg\/wp-json\/wp\/v2\/pages\/1443\/revisions"}],"predecessor-version":[{"id":4448,"href":"https:\/\/portal.uern.br\/propeg\/wp-json\/wp\/v2\/pages\/1443\/revisions\/4448"}],"wp:attachment":[{"href":"https:\/\/portal.uern.br\/propeg\/wp-json\/wp\/v2\/media?parent=1443"}],"curies":[{"name":"wp","href":"https:\/\/api.w.org\/{rel}","templated":true}]}}