{"id":317,"date":"2024-07-04T16:05:39","date_gmt":"2024-07-04T19:05:39","guid":{"rendered":"https:\/\/portal.uern.br\/propeg\/rede-ter\/?page_id=317"},"modified":"2024-07-12T15:28:05","modified_gmt":"2024-07-12T18:28:05","slug":"eventos","status":"publish","type":"page","link":"https:\/\/portal.uern.br\/propeg\/rede-ter\/eventos\/","title":{"rendered":"EVENTOS"},"content":{"rendered":"<ul>\n<li><a href=\"https:\/\/www.even3.com.br\/ivrede-ter\/\" target=\"_blank\" rel=\"noopener\">IV ENCONTRO DA REDE-TER &#8211; Di\u00e1logos integrados: pesquisa, ensino e inova\u00e7\u00e3o para o desenvolvimento do Eixo SUL-SUL<\/a><br \/>\nDATA: 25 a 27 de junho de 2024<br \/>\nLOCAL: Universidade de Santiago (US), Assomada, Cabo Verde, \u00c1frica<\/li>\n<li><a href=\"https:\/\/www.even3.com.br\/iiiencontroredeter2022\/\" target=\"_blank\" rel=\"noopener\">III Encontro da Rede-TER &#8211; Pesquisa em rede: coopera\u00e7\u00e3o internacional no Eixo SUL-SUL\u00a0<\/a><br \/>\nDATA: De 23 a 25 de agosto de 2022<br \/>\nLOCAL: Instituto Superior de Ci\u00eancias de Sa\u00fade (ISCISA) &#8211; Maputo, Mo\u00e7ambique<\/li>\n<\/ul>\n<p><a title=\"relatorio_3_encontro_rede_ter\" href=\"http:\/\/www.uern.br\/controledepaginas\/eventos-rede-ter\/arquivos\/6511relatorio_iii_encontro_da_rede.pdf\" target=\"_blank\" rel=\"noopener\">RELAT\u00d3RIO DE EVENTO<\/a><\/p>\n","protected":false},"excerpt":{"rendered":"<p>IV ENCONTRO DA REDE-TER &#8211; Di\u00e1logos integrados: pesquisa, ensino e inova\u00e7\u00e3o para o desenvolvimento do Eixo SUL-SUL DATA: 25 a 27 de junho de 2024 LOCAL: Universidade de Santiago (US), Assomada, Cabo Verde, \u00c1frica III Encontro da Rede-TER &#8211; Pesquisa em rede: coopera\u00e7\u00e3o internacional no Eixo SUL-SUL\u00a0 DATA: De 23 a 25 de agosto de [&hellip;]<\/p>\n","protected":false},"author":1,"featured_media":0,"parent":0,"menu_order":0,"comment_status":"closed","ping_status":"closed","template":"","meta":{"footnotes":""},"class_list":["post-317","page","type-page","status-publish","hentry"],"_links":{"self":[{"href":"https:\/\/portal.uern.br\/propeg\/rede-ter\/wp-json\/wp\/v2\/pages\/317","targetHints":{"allow":["GET"]}}],"collection":[{"href":"https:\/\/portal.uern.br\/propeg\/rede-ter\/wp-json\/wp\/v2\/pages"}],"about":[{"href":"https:\/\/portal.uern.br\/propeg\/rede-ter\/wp-json\/wp\/v2\/types\/page"}],"author":[{"embeddable":true,"href":"https:\/\/portal.uern.br\/propeg\/rede-ter\/wp-json\/wp\/v2\/users\/1"}],"replies":[{"embeddable":true,"href":"https:\/\/portal.uern.br\/propeg\/rede-ter\/wp-json\/wp\/v2\/comments?post=317"}],"version-history":[{"count":6,"href":"https:\/\/portal.uern.br\/propeg\/rede-ter\/wp-json\/wp\/v2\/pages\/317\/revisions"}],"predecessor-version":[{"id":373,"href":"https:\/\/portal.uern.br\/propeg\/rede-ter\/wp-json\/wp\/v2\/pages\/317\/revisions\/373"}],"wp:attachment":[{"href":"https:\/\/portal.uern.br\/propeg\/rede-ter\/wp-json\/wp\/v2\/media?parent=317"}],"curies":[{"name":"wp","href":"https:\/\/api.w.org\/{rel}","templated":true}]}}