{"id":298,"date":"2024-07-04T15:39:18","date_gmt":"2024-07-04T18:39:18","guid":{"rendered":"https:\/\/portal.uern.br\/propeg\/rede-ter\/?page_id=298"},"modified":"2024-07-09T09:43:27","modified_gmt":"2024-07-09T12:43:27","slug":"apresentacao","status":"publish","type":"page","link":"https:\/\/portal.uern.br\/propeg\/rede-ter\/","title":{"rendered":"APRESENTA\u00c7\u00c3O"},"content":{"rendered":"<p><img decoding=\"async\" class=\"aligncenter\" src=\"http:\/\/www.uern.br\/controledepaginas\/pp-3260-apresentacao\/imagens\/6516rede_ter_site1.jpeg\" alt=\"rede\" \/><\/p>\n<p>A Rede Internacional Interdisciplinar de Pesquisadores em Desenvolvimento de Territ\u00f3rios (Rede-TER) \u00e9 uma associa\u00e7\u00e3o civil de direito privado, sem fins lucrativos, de dura\u00e7\u00e3o indeterminada, criada em Assembleia Geral, realizada durante no X F\u00f3rum Internacional de Pedagogia, aos 27 dias do m\u00eas de novembro de 2018, no Campus da UERN, na cidade de Pau dos Ferros, Rio Grande do Norte, Brasil.<\/p>\n<p>A iniciativa de constru\u00e7\u00e3o da Rede-TER parte do compromisso dos pesquisadores vinculados \u00e0 rede com o desenvolvimento de seus respectivos territ\u00f3rios, entendendo-os como a materialidade f\u00edsica e simb\u00f3lica na qual convivemos e criamos rela\u00e7\u00f5es de pertencimento, de constru\u00e7\u00e3o social e de conflitos. A sede jur\u00eddica da Rede-TER \u00e9 fixa, estabelecida na Universidade do Estado do Rio Grande do Norte (UERN), Campus Avan\u00e7ado de Pau dos Ferros (CAPF), no endere\u00e7o Rodovia BR-405, KM 153, S\/N, Bairro Arizona, Pau dos Ferros-RN, Brasil. CEP: 59900-000, ficando eleita para todos os efeitos jur\u00eddicos a comarca de Pau dos Ferros, Rio Grande do Norte, Brasil.<\/p>\n","protected":false},"excerpt":{"rendered":"<p>A Rede Internacional Interdisciplinar de Pesquisadores em Desenvolvimento de Territ\u00f3rios (Rede-TER) \u00e9 uma associa\u00e7\u00e3o civil de direito privado, sem fins lucrativos, de dura\u00e7\u00e3o indeterminada, criada em Assembleia Geral, realizada durante no X F\u00f3rum Internacional de Pedagogia, aos 27 dias do m\u00eas de novembro de 2018, no Campus da UERN, na cidade de Pau dos Ferros, [&hellip;]<\/p>\n","protected":false},"author":1,"featured_media":0,"parent":0,"menu_order":0,"comment_status":"closed","ping_status":"closed","template":"","meta":{"footnotes":""},"class_list":["post-298","page","type-page","status-publish","hentry"],"_links":{"self":[{"href":"https:\/\/portal.uern.br\/propeg\/rede-ter\/wp-json\/wp\/v2\/pages\/298","targetHints":{"allow":["GET"]}}],"collection":[{"href":"https:\/\/portal.uern.br\/propeg\/rede-ter\/wp-json\/wp\/v2\/pages"}],"about":[{"href":"https:\/\/portal.uern.br\/propeg\/rede-ter\/wp-json\/wp\/v2\/types\/page"}],"author":[{"embeddable":true,"href":"https:\/\/portal.uern.br\/propeg\/rede-ter\/wp-json\/wp\/v2\/users\/1"}],"replies":[{"embeddable":true,"href":"https:\/\/portal.uern.br\/propeg\/rede-ter\/wp-json\/wp\/v2\/comments?post=298"}],"version-history":[{"count":3,"href":"https:\/\/portal.uern.br\/propeg\/rede-ter\/wp-json\/wp\/v2\/pages\/298\/revisions"}],"predecessor-version":[{"id":363,"href":"https:\/\/portal.uern.br\/propeg\/rede-ter\/wp-json\/wp\/v2\/pages\/298\/revisions\/363"}],"wp:attachment":[{"href":"https:\/\/portal.uern.br\/propeg\/rede-ter\/wp-json\/wp\/v2\/media?parent=298"}],"curies":[{"name":"wp","href":"https:\/\/api.w.org\/{rel}","templated":true}]}}

APRESENTAÇÃO

<p><img decoding="async" class="aligncenter" src="http://www.uern.br/controledepaginas/pp-3260-apresentacao/imagens/6516rede_ter_site1.jpeg" alt="rede" /></p>
<p>A Rede Internacional Interdisciplinar de Pesquisadores em Desenvolvimento de Territórios (Rede-TER) é uma associação civil de direito privado, sem fins lucrativos, de duração indeterminada, criada em Assembleia Geral, realizada durante no X Fórum Internacional de Pedagogia, aos 27 dias do mês de novembro de 2018, no Campus da UERN, na cidade de Pau dos Ferros, Rio Grande do Norte, Brasil.</p>
<p>A iniciativa de construção da Rede-TER parte do compromisso dos pesquisadores vinculados à rede com o desenvolvimento de seus respectivos territórios, entendendo-os como a materialidade física e simbólica na qual convivemos e criamos relações de pertencimento, de construção social e de conflitos. A sede jurídica da Rede-TER é fixa, estabelecida na Universidade do Estado do Rio Grande do Norte (UERN), Campus Avançado de Pau dos Ferros (CAPF), no endereço Rodovia BR-405, KM 153, S/N, Bairro Arizona, Pau dos Ferros-RN, Brasil. CEP: 59900-000, ficando eleita para todos os efeitos jurídicos a comarca de Pau dos Ferros, Rio Grande do Norte, Brasil.</p>

<p>A Rede Internacional Interdisciplinar de Pesquisadores em Desenvolvimento de Territórios (Rede-TER) é uma associação civil de direito privado, sem fins lucrativos, de duração indeterminada, criada em Assembleia Geral, realizada durante no X Fórum Internacional de Pedagogia, aos 27 dias do mês de novembro de 2018, no Campus da UERN, na cidade de Pau dos Ferros, [&hellip;]</p>
