{"id":703,"date":"2025-03-01T19:22:57","date_gmt":"2025-03-01T22:22:57","guid":{"rendered":"https:\/\/portal.uern.br\/propeg\/ppgss\/?page_id=703"},"modified":"2025-07-03T19:41:19","modified_gmt":"2025-07-03T22:41:19","slug":"alunos-regulares-2025","status":"publish","type":"page","link":"https:\/\/portal.uern.br\/propeg\/ppgss\/alunos-regulares-2025\/","title":{"rendered":"Alunos Regulares 2025"},"content":{"rendered":"<table width=\"100%\" cellspacing=\"0\" cellpadding=\"4\">\n<tbody>\n<tr valign=\"top\">\n<td width=\"33%\">\n<p align=\"center\"><strong>NOME<\/strong><\/p>\n<\/td>\n<td width=\"27%\">\n<p align=\"center\"><strong>MATR\u00cdCULA NO SIGAA<\/strong><\/p>\n<\/td>\n<td width=\"40%\">\n<p align=\"center\"><strong>ORIENTADOR (A)<\/strong><\/p>\n<\/td>\n<\/tr>\n<tr valign=\"top\">\n<td width=\"33%\">\n<p align=\"left\"><a href=\"http:\/\/lattes.cnpq.br\/8333052016364103\">\u00c1lvaro Fernandes Dias<\/a><\/p>\n<\/td>\n<td width=\"27%\">\n<p align=\"center\">20251001090<\/p>\n<\/td>\n<td width=\"40%\">\n<p align=\"center\">Rodrigo J\u00e1cob Moreira de Freitas<\/p>\n<\/td>\n<\/tr>\n<tr valign=\"top\">\n<td width=\"33%\">\n<p align=\"left\"><a href=\"http:\/\/lattes.cnpq.br\/9396819810763060\">Arilania Emily Fernandes<\/a><\/p>\n<\/td>\n<td width=\"27%\">\n<p align=\"center\">20251001106<\/p>\n<\/td>\n<td width=\"40%\">\n<p align=\"center\">Gl\u00eabia Alexa Cardoso<\/p>\n<\/td>\n<\/tr>\n<tr valign=\"top\">\n<td width=\"33%\">\n<p align=\"left\"><a href=\"https:\/\/lattes.cnpq.br\/7240249197103162\">Emile Rocha da Silva Paiva<\/a><\/p>\n<\/td>\n<td width=\"27%\">\n<p align=\"center\">20251001133<\/p>\n<\/td>\n<td width=\"40%\">\n<p align=\"center\">Ellany Gurgel Cosme do Nascimento<\/p>\n<\/td>\n<\/tr>\n<tr valign=\"top\">\n<td width=\"33%\">\n<p align=\"left\"><a href=\"http:\/\/lattes.cnpq.br\/5872911459444045\">Fernanda Bezerra de Oliveira<\/a><\/p>\n<\/td>\n<td width=\"27%\">\n<p align=\"center\">20251001115<\/p>\n<\/td>\n<td width=\"40%\">\n<p align=\"center\">Lucidio Clebeson de Oliveira<\/p>\n<\/td>\n<\/tr>\n<tr valign=\"top\">\n<td width=\"33%\">\n<p align=\"left\"><a href=\"http:\/\/lattes.cnpq.br\/6307446830502260\">Guilherme Braga Silva Lima<\/a><\/p>\n<\/td>\n<td width=\"27%\">\n<p align=\"center\">20251001142<\/p>\n<\/td>\n<td width=\"40%\">\n<p align=\"center\">Fausto Pierdon\u00e0 Guzen<\/p>\n<\/td>\n<\/tr>\n<tr valign=\"top\">\n<td width=\"33%\">\n<p align=\"left\"><a href=\"http:\/\/lattes.cnpq.br\/8802603608390922\">Hellen Br\u00edgtty Dantas Pereira<\/a><\/p>\n<\/td>\n<td width=\"27%\">\n<p align=\"center\">20251001160<\/p>\n<\/td>\n<td width=\"40%\">\n<p align=\"center\">Dayanne Monielle Duarte Moura<\/p>\n<\/td>\n<\/tr>\n<tr valign=\"top\">\n<td width=\"33%\">\n<p align=\"left\"><a href=\"http:\/\/lattes.cnpq.br\/5377007896473547\">Italo Samuel Medeiros Silva<\/a><\/p>\n<\/td>\n<td width=\"27%\">\n<p align=\"center\">20251001198<\/p>\n<\/td>\n<td width=\"40%\">\n<p align=\"center\">Isis Kelly dos Santos<\/p>\n<\/td>\n<\/tr>\n<tr valign=\"top\">\n<td width=\"33%\">\n<p align=\"left\"><a href=\"http:\/\/lattes.cnpq.br\/5460818969533193\">Jos\u00e9 Nyedson Moura de G\u00f3is<\/a><\/p>\n<\/td>\n<td width=\"27%\">\n<p align=\"center\">20251001213<\/p>\n<\/td>\n<td width=\"40%\">\n<p align=\"center\">Micassio Fernandes de Andrade<\/p>\n<\/td>\n<\/tr>\n<tr valign=\"top\">\n<td width=\"33%\">\n<p align=\"left\"><a href=\"http:\/\/lattes.cnpq.br\/3731052541175932\">Joyce de Oliveira Dias Nunes<\/a><\/p>\n<\/td>\n<td width=\"27%\">\n<p align=\"center\">20251001222<\/p>\n<\/td>\n<td width=\"40%\">\n<p align=\"center\">Ivana Alice Teixeira Fonseca<\/p>\n<\/td>\n<\/tr>\n<tr valign=\"top\">\n<td width=\"33%\">\n<p align=\"left\"><a href=\"https:\/\/lattes.cnpq.br\/8392327290479809\">Laryssa Steffany Gir\u00e3o da Silva<\/a><\/p>\n<\/td>\n<td width=\"27%\">\n<p align=\"center\">20251001240<\/p>\n<\/td>\n<td width=\"40%\">\n<p align=\"center\">Ana Clara Soares Paiva Torres<\/p>\n<\/td>\n<\/tr>\n<tr valign=\"top\">\n<td width=\"33%\">\n<p align=\"left\"><a href=\"http:\/\/lattes.cnpq.br\/2830445561431707\">Lauany Maria dos Santos Barreto<\/a><\/p>\n<\/td>\n<td width=\"27%\">\n<p align=\"center\">20251001269<\/p>\n<\/td>\n<td width=\"40%\">\n<p align=\"center\">Gl\u00eabia Alexa Cardoso<\/p>\n<\/td>\n<\/tr>\n<tr valign=\"top\">\n<td width=\"33%\">\n<p align=\"left\"><a href=\"http:\/\/lattes.cnpq.br\/2589466397059506\">L\u00eddia Maria Oliveira Barisic<\/a><\/p>\n<\/td>\n<td width=\"27%\">\n<p align=\"center\">20251001287<\/p>\n<\/td>\n<td width=\"40%\">\n<p align=\"center\">Thales Allyrio Ara\u00fajo de Medeiros Fernandes<\/p>\n<\/td>\n<\/tr>\n<tr valign=\"top\">\n<td width=\"33%\">\n<p align=\"left\"><a href=\"http:\/\/lattes.cnpq.br\/5800780142095887\">L\u00edvia Natany Sousa Morais<\/a><\/p>\n<\/td>\n<td width=\"27%\">\n<p align=\"center\">20251001394<\/p>\n<\/td>\n<td width=\"40%\">\n<p align=\"center\">Ellany Gurgel Cosme do Nascimento<\/p>\n<\/td>\n<\/tr>\n<tr valign=\"top\">\n<td width=\"33%\">\n<p align=\"left\"><a href=\"http:\/\/lattes.cnpq.br\/6191090573926565\">Lucas dos Santos Duarte<\/a><\/p>\n<\/td>\n<td width=\"27%\">\n<p align=\"center\">20251001296<\/p>\n<\/td>\n<td width=\"40%\">\n<p align=\"center\">Adalberto Veronese da Costa<\/p>\n<\/td>\n<\/tr>\n<tr valign=\"top\">\n<td width=\"33%\">\n<p align=\"left\"><a href=\"http:\/\/lattes.cnpq.br\/5064677570134980\">Luzia Apoll\u00f4nia Mendes de Carvalho<\/a><\/p>\n<\/td>\n<td width=\"27%\">\n<p align=\"center\">20251001302<\/p>\n<\/td>\n<td width=\"40%\">\n<p align=\"center\">Ivana Alice Teixeira Fonseca<\/p>\n<\/td>\n<\/tr>\n<tr valign=\"top\">\n<td width=\"33%\">\n<p align=\"left\"><a href=\"http:\/\/lattes.cnpq.br\/7977812402309887\">M\u00e1rcio Danillo de Assis Santos<\/a><\/p>\n<\/td>\n<td width=\"27%\">\n<p align=\"center\">20251001311<\/p>\n<\/td>\n<td width=\"40%\">\n<p align=\"center\">Rodrigo J\u00e1cob Moreira de Freitas<\/p>\n<\/td>\n<\/tr>\n<tr valign=\"top\">\n<td width=\"33%\">\n<p align=\"left\"><a href=\"https:\/\/lattes.cnpq.br\/3234884916879860\">Mariana Mayara Medeiros Lopes<\/a><\/p>\n<\/td>\n<td width=\"27%\">\n<p align=\"center\">20251001330<\/p>\n<\/td>\n<td width=\"40%\">\n<p align=\"center\">Adalberto Veronese da Costa<\/p>\n<\/td>\n<\/tr>\n<tr valign=\"top\">\n<td width=\"33%\">\n<p align=\"left\"><a href=\"http:\/\/lattes.cnpq.br\/5968809264378999\">Matheus Fernandes Carvalho<\/a><\/p>\n<\/td>\n<td width=\"27%\">\n<p align=\"center\">20251001349<\/p>\n<\/td>\n<td width=\"40%\">\n<p align=\"center\">Rodrigo J\u00e1cob Moreira de Freitas<\/p>\n<\/td>\n<\/tr>\n<tr valign=\"top\">\n<td width=\"33%\">\n<p align=\"left\"><a href=\"http:\/\/lattes.cnpq.br\/7005457339971367\">Michele Edmila Silva Sousa<\/a><\/p>\n<\/td>\n<td width=\"27%\">\n<p align=\"center\">20251001358<\/p>\n<\/td>\n<td width=\"40%\">\n<p align=\"center\">Micassio Fernandes de Andrade<\/p>\n<\/td>\n<\/tr>\n<tr valign=\"top\">\n<td width=\"33%\">\n<p align=\"left\"><a href=\"http:\/\/lattes.cnpq.br\/7898310803056828\">Patr\u00edcia Jovelina de Freitas<\/a><\/p>\n<\/td>\n<td width=\"27%\">\n<p align=\"center\">20251001400<\/p>\n<\/td>\n<td width=\"40%\">\n<p align=\"center\">Cleber de Mesquita Andrade<\/p>\n<\/td>\n<\/tr>\n<tr valign=\"top\">\n<td width=\"33%\">\n<p align=\"left\"><a href=\"https:\/\/lattes.cnpq.br\/2998015435477648\">Ravana Amalia Ribeiro Barreto<\/a><\/p>\n<\/td>\n<td width=\"27%\">\n<p align=\"center\">20251001859<\/p>\n<\/td>\n<td width=\"40%\">\n<p align=\"center\">Lucidio Clebeson de Oliveira<\/p>\n<\/td>\n<\/tr>\n<tr valign=\"top\">\n<td width=\"33%\">\n<p align=\"left\"><a href=\"http:\/\/lattes.cnpq.br\/0476464795368162\">Sabrina Mara Lima Pitombeira<\/a><\/p>\n<\/td>\n<td width=\"27%\">\n<p align=\"center\">20251001367<\/p>\n<\/td>\n<td width=\"40%\">\n<p align=\"center\">Micassio Fernandes de Andrade<\/p>\n<\/td>\n<\/tr>\n<tr valign=\"top\">\n<td width=\"33%\">\n<p align=\"left\"><a href=\"http:\/\/lattes.cnpq.br\/9202755792268419\">Samyla Raquel Alves Ferreira<\/a><\/p>\n<\/td>\n<td width=\"27%\">\n<p align=\"center\">20251001376<\/p>\n<\/td>\n<td width=\"40%\">\n<p align=\"center\">Ellany Gurgel Cosme do Nascimento<\/p>\n<\/td>\n<\/tr>\n<tr valign=\"top\">\n<td width=\"33%\">\n<p align=\"left\"><a href=\"http:\/\/lattes.cnpq.br\/9303351134444008\">Vanessa Beatriz Jales Rego<\/a><\/p>\n<\/td>\n<td width=\"27%\">\n<p align=\"center\">20251001385<\/p>\n<\/td>\n<td width=\"40%\">\n<p align=\"center\">Ana Clara Soares Paiva Torres<\/p>\n<\/td>\n<\/tr>\n<\/tbody>\n<\/table>\n","protected":false},"excerpt":{"rendered":"<p>NOME MATR\u00cdCULA NO SIGAA ORIENTADOR (A) \u00c1lvaro Fernandes Dias 20251001090 Rodrigo J\u00e1cob Moreira de Freitas Arilania Emily Fernandes 20251001106 Gl\u00eabia Alexa Cardoso Emile Rocha da Silva Paiva 20251001133 Ellany Gurgel Cosme do Nascimento Fernanda Bezerra de Oliveira 20251001115 Lucidio Clebeson de Oliveira Guilherme Braga Silva Lima 20251001142 Fausto Pierdon\u00e0 Guzen Hellen Br\u00edgtty Dantas Pereira 20251001160 [&hellip;]<\/p>\n","protected":false},"author":17,"featured_media":0,"parent":0,"menu_order":0,"comment_status":"closed","ping_status":"closed","template":"","meta":{"footnotes":""},"class_list":["post-703","page","type-page","status-publish","hentry"],"_links":{"self":[{"href":"https:\/\/portal.uern.br\/propeg\/ppgss\/wp-json\/wp\/v2\/pages\/703","targetHints":{"allow":["GET"]}}],"collection":[{"href":"https:\/\/portal.uern.br\/propeg\/ppgss\/wp-json\/wp\/v2\/pages"}],"about":[{"href":"https:\/\/portal.uern.br\/propeg\/ppgss\/wp-json\/wp\/v2\/types\/page"}],"author":[{"embeddable":true,"href":"https:\/\/portal.uern.br\/propeg\/ppgss\/wp-json\/wp\/v2\/users\/17"}],"replies":[{"embeddable":true,"href":"https:\/\/portal.uern.br\/propeg\/ppgss\/wp-json\/wp\/v2\/comments?post=703"}],"version-history":[{"count":5,"href":"https:\/\/portal.uern.br\/propeg\/ppgss\/wp-json\/wp\/v2\/pages\/703\/revisions"}],"predecessor-version":[{"id":842,"href":"https:\/\/portal.uern.br\/propeg\/ppgss\/wp-json\/wp\/v2\/pages\/703\/revisions\/842"}],"wp:attachment":[{"href":"https:\/\/portal.uern.br\/propeg\/ppgss\/wp-json\/wp\/v2\/media?parent=703"}],"curies":[{"name":"wp","href":"https:\/\/api.w.org\/{rel}","templated":true}]}}