{"id":696,"date":"2025-03-01T19:17:43","date_gmt":"2025-03-01T22:17:43","guid":{"rendered":"https:\/\/portal.uern.br\/propeg\/ppgss\/?page_id=696"},"modified":"2025-03-01T19:36:51","modified_gmt":"2025-03-01T22:36:51","slug":"alunos-regulares-2023","status":"publish","type":"page","link":"https:\/\/portal.uern.br\/propeg\/ppgss\/alunos-regulares-2023\/","title":{"rendered":"Alunos Regulares 2023"},"content":{"rendered":"<table>\n<tbody>\n<tr>\n<td><strong>NOME<\/strong><\/td>\n<td><strong>MATR\u00cdCULA NO SIGAA<\/strong><\/td>\n<td><strong>ORIENTADOR (A)<\/strong><\/td>\n<\/tr>\n<tr>\n<td>Adriana Lorrayny Barboza Pereira Ramos<\/td>\n<td>20231002026<\/td>\n<td>Fausto Pierdon\u00e1 Guzen<\/td>\n<\/tr>\n<tr>\n<td>Ariel Moraes de Andrade<\/td>\n<td>20231002035<\/td>\n<td>Jos\u00e9 Rodolfo Lopes de Paiva Cavalcanti<\/td>\n<\/tr>\n<tr>\n<td>Camila Tuane de Medeiros<\/td>\n<td>20231002044<\/td>\n<td>Kalyane Kelly Duarte de Oliveira<\/td>\n<\/tr>\n<tr>\n<td>Joel Flor\u00eancio da Costa Neto<\/td>\n<td>20231002124<\/td>\n<td>Maria Irany Knackfuss<\/td>\n<\/tr>\n<tr>\n<td>Jonathan Sadrack Amancio da Silva Cabral<\/td>\n<td>20231002062<\/td>\n<td>Gl\u00eabia Alexa Cardoso<\/td>\n<\/tr>\n<tr>\n<td>Lucas Dantas Pereira<\/td>\n<td>20231002071<\/td>\n<td>Ana Clara Soares Paiva Torres<\/td>\n<\/tr>\n<tr>\n<td>Mateus de Sena Costa Santos<\/td>\n<td>20231002080<\/td>\n<td>Ana Clara Soares Paiva Torres<\/td>\n<\/tr>\n<tr>\n<td>Rafaella Dantas Rocha<\/td>\n<td>20231002090<\/td>\n<td>Ana Clara Soares Paiva Torres<\/td>\n<\/tr>\n<tr>\n<td>Samara Danielly de Medeiros Alves<\/td>\n<td>20231002106<\/td>\n<td>Rodrigo J\u00e1cob Moreira de Freitas<\/td>\n<\/tr>\n<tr>\n<td>Yraguacyara Santos Mascarenhas<\/td>\n<td>20231002133<\/td>\n<td>Kalyane Kelly Duarte de Oliveira<\/td>\n<\/tr>\n<tr>\n<td>Ysabele Yngrydh Valente Silva<\/td>\n<td>20231002115<\/td>\n<td>Ellany Gurgel Cosme do Nascimento<\/td>\n<\/tr>\n<\/tbody>\n<\/table>\n<p>&nbsp;<\/p>\n","protected":false},"excerpt":{"rendered":"<p>NOME MATR\u00cdCULA NO SIGAA ORIENTADOR (A) Adriana Lorrayny Barboza Pereira Ramos 20231002026 Fausto Pierdon\u00e1 Guzen Ariel Moraes de Andrade 20231002035 Jos\u00e9 Rodolfo Lopes de Paiva Cavalcanti Camila Tuane de Medeiros 20231002044 Kalyane Kelly Duarte de Oliveira Joel Flor\u00eancio da Costa Neto 20231002124 Maria Irany Knackfuss Jonathan Sadrack Amancio da Silva Cabral 20231002062 Gl\u00eabia Alexa Cardoso [&hellip;]<\/p>\n","protected":false},"author":17,"featured_media":0,"parent":0,"menu_order":0,"comment_status":"closed","ping_status":"closed","template":"","meta":{"footnotes":""},"class_list":["post-696","page","type-page","status-publish","hentry"],"_links":{"self":[{"href":"https:\/\/portal.uern.br\/propeg\/ppgss\/wp-json\/wp\/v2\/pages\/696","targetHints":{"allow":["GET"]}}],"collection":[{"href":"https:\/\/portal.uern.br\/propeg\/ppgss\/wp-json\/wp\/v2\/pages"}],"about":[{"href":"https:\/\/portal.uern.br\/propeg\/ppgss\/wp-json\/wp\/v2\/types\/page"}],"author":[{"embeddable":true,"href":"https:\/\/portal.uern.br\/propeg\/ppgss\/wp-json\/wp\/v2\/users\/17"}],"replies":[{"embeddable":true,"href":"https:\/\/portal.uern.br\/propeg\/ppgss\/wp-json\/wp\/v2\/comments?post=696"}],"version-history":[{"count":2,"href":"https:\/\/portal.uern.br\/propeg\/ppgss\/wp-json\/wp\/v2\/pages\/696\/revisions"}],"predecessor-version":[{"id":717,"href":"https:\/\/portal.uern.br\/propeg\/ppgss\/wp-json\/wp\/v2\/pages\/696\/revisions\/717"}],"wp:attachment":[{"href":"https:\/\/portal.uern.br\/propeg\/ppgss\/wp-json\/wp\/v2\/media?parent=696"}],"curies":[{"name":"wp","href":"https:\/\/api.w.org\/{rel}","templated":true}]}}