{"id":602,"date":"2025-03-01T15:29:52","date_gmt":"2025-03-01T18:29:52","guid":{"rendered":"https:\/\/portal.uern.br\/propeg\/ppgss\/?page_id=602"},"modified":"2025-03-01T15:29:52","modified_gmt":"2025-03-01T18:29:52","slug":"o-curso","status":"publish","type":"page","link":"https:\/\/portal.uern.br\/propeg\/ppgss\/o-curso\/","title":{"rendered":"O curso"},"content":{"rendered":"<p>De acordo com o\u00a0<a title=\"Regimento PPGSS\" href=\"https:\/\/www.uern.br\/controledepaginas\/ppgss-regimento\/arquivos\/0853regimento_do_mestrado_em_saude_e_sociedade_ppgss_uern.pdf\" target=\"_blank\" rel=\"noopener\">Regimento Interno do Programa de P\u00f3s-Gradua\u00e7\u00e3o em Sa\u00fade e Sociedade<\/a>:<\/p>\n<p><strong>Art. 3\u00b0\u00a0<\/strong>O programa de P\u00f3s-Gradua\u00e7\u00e3o\u00a0<em>stricto sensu\u00a0<\/em>em Sa\u00fade e Sociedade da Universidade do Estado do Rio Grande do Norte se prop\u00f5e a:<\/p>\n<p>I \u2013 Formar pessoal qualificado para o exerc\u00edcio de atividades assistenciais, de ensino e de pesquisa no campo da Sa\u00fade, oferecendo oportunidades de forma\u00e7\u00e3o acad\u00eamica para os alunos egressos dos cursos da sa\u00fade e \u00e1reas afins;<\/p>\n<p>II \u2013 Potencializar o desenvolvimento de pesquisas sociais e cl\u00ednicas centradas em objetos relacionados \u00e0 \u00e1rea da sa\u00fade, articulados com a din\u00e2mica da sociedade, na perspectiva de gerar pr\u00e1ticas capazes de favorecer a reflex\u00e3o dos processos de trabalho que se apresentam em face das diferentes necessidades da popula\u00e7\u00e3o, particularmente da regi\u00e3o do oeste potiguar;<\/p>\n<p>III \u2013 Contribuir com a produ\u00e7\u00e3o de conhecimento sistematizado acerca do Ensino Superior, pol\u00edticas e pr\u00e1ticas em Sa\u00fade refletindo a operacionaliza\u00e7\u00e3o do SUS no contexto social, pol\u00edtico e econ\u00f4mico brasileiro, com vistas a permitir a forma\u00e7\u00e3o de profissionais cr\u00edticos e reflexivos, capazes de elevar a qualidade dos servi\u00e7os prestados para a popula\u00e7\u00e3o da regi\u00e3o;<\/p>\n<p>IV \u2013 Estabelecer interc\u00e2mbios de coopera\u00e7\u00e3o com outras institui\u00e7\u00f5es educacionais e\/ou outros servi\u00e7os em n\u00edvel local, regional, nacional e internacional, que visem contribuir para o estudo das dificuldades envolvidas na produ\u00e7\u00e3o do conhecimento e das pr\u00e1ticas na \u00e1rea da Sa\u00fade na Sociedade.<\/p>\n<p><strong>Art. 12.<\/strong>\u00a0Para integraliza\u00e7\u00e3o, o aluno dever\u00e1 cursar um total de 24 cr\u00e9ditos assim distribu\u00eddos: 09 (nove) cr\u00e9ditos em disciplinas obrigat\u00f3rias; 07 (sete) cr\u00e9ditos em disciplinas optativas e 08 (oito) cr\u00e9ditos na disserta\u00e7\u00e3o.<\/p>\n<p>&nbsp;<\/p>\n","protected":false},"excerpt":{"rendered":"<p>De acordo com o\u00a0Regimento Interno do Programa de P\u00f3s-Gradua\u00e7\u00e3o em Sa\u00fade e Sociedade: Art. 3\u00b0\u00a0O programa de P\u00f3s-Gradua\u00e7\u00e3o\u00a0stricto sensu\u00a0em Sa\u00fade e Sociedade da Universidade do Estado do Rio Grande do Norte se prop\u00f5e a: I \u2013 Formar pessoal qualificado para o exerc\u00edcio de atividades assistenciais, de ensino e de pesquisa no campo da Sa\u00fade, oferecendo [&hellip;]<\/p>\n","protected":false},"author":17,"featured_media":0,"parent":0,"menu_order":0,"comment_status":"closed","ping_status":"closed","template":"","meta":{"footnotes":""},"class_list":["post-602","page","type-page","status-publish","hentry"],"_links":{"self":[{"href":"https:\/\/portal.uern.br\/propeg\/ppgss\/wp-json\/wp\/v2\/pages\/602","targetHints":{"allow":["GET"]}}],"collection":[{"href":"https:\/\/portal.uern.br\/propeg\/ppgss\/wp-json\/wp\/v2\/pages"}],"about":[{"href":"https:\/\/portal.uern.br\/propeg\/ppgss\/wp-json\/wp\/v2\/types\/page"}],"author":[{"embeddable":true,"href":"https:\/\/portal.uern.br\/propeg\/ppgss\/wp-json\/wp\/v2\/users\/17"}],"replies":[{"embeddable":true,"href":"https:\/\/portal.uern.br\/propeg\/ppgss\/wp-json\/wp\/v2\/comments?post=602"}],"version-history":[{"count":1,"href":"https:\/\/portal.uern.br\/propeg\/ppgss\/wp-json\/wp\/v2\/pages\/602\/revisions"}],"predecessor-version":[{"id":603,"href":"https:\/\/portal.uern.br\/propeg\/ppgss\/wp-json\/wp\/v2\/pages\/602\/revisions\/603"}],"wp:attachment":[{"href":"https:\/\/portal.uern.br\/propeg\/ppgss\/wp-json\/wp\/v2\/media?parent=602"}],"curies":[{"name":"wp","href":"https:\/\/api.w.org\/{rel}","templated":true}]}}