{"id":566,"date":"2025-03-01T15:16:03","date_gmt":"2025-03-01T18:16:03","guid":{"rendered":"https:\/\/portal.uern.br\/propeg\/ppgss\/?page_id=566"},"modified":"2025-03-01T15:16:03","modified_gmt":"2025-03-01T18:16:03","slug":"dissertacoes-concluidas-em-2020","status":"publish","type":"page","link":"https:\/\/portal.uern.br\/propeg\/ppgss\/dissertacoes-concluidas-em-2020\/","title":{"rendered":"Disserta\u00e7\u00f5es conclu\u00eddas em 2020"},"content":{"rendered":"<p>DISSERTA\u00c7\u00d5ES CONCLU\u00cdDAS EM 2020<\/p>\n<p><strong>MESTRANDO (A):\u00a0<\/strong>Adrielly Fonseca Mendes<br \/>\n<strong>ORIENTADOR (A):\u00a0<\/strong>Isabela Pinheiro Cavalcanti Lima<br \/>\n<strong>DISSERTA\u00c7\u00c3O CONCLU\u00cdDA:\u00a0<\/strong>An\u00e1lise do comportamento da musculatura facial em pacientes hemipl\u00e9gicos acometidos por acidente vascular encef\u00e1lico<br \/>\n<strong>DATA DA DEFESA:<\/strong>\u00a013\/02\/2020<strong><br \/>\n<\/strong><\/p>\n<ul>\n<li><a title=\"Disserta\u00e7\u00e3o conclu\u00edda\" href=\"http:\/\/www.uern.br\/controledepaginas\/ppgss-dissertacoes-concluidas-em-2020\/arquivos\/5753dissertaa\u00a7a\u00a3o_conclua\u00adda_adrielly_fonseca_mendes.pdf\" target=\"_blank\" rel=\"noopener\">Trabalho Completo<\/a>\u00a0(Dispon\u00edvel para download)<\/li>\n<\/ul>\n<hr \/>\n<p><strong>MESTRANDO (A):\u00a0<\/strong>Ana Paula de Carvalho Bezerra<br \/>\n<strong>ORIENTADOR (A):\u00a0<\/strong>Fausto Pierdon\u00e1 Guzen<br \/>\n<strong>DISSERTA\u00c7\u00c3O CONCLU\u00cdDA:\u00a0<\/strong>Efeito neuroprotetor da guanosina em c\u00e9lulas do c\u00f3rtex pr\u00e9-frontal cultivadas<br \/>\n<strong>DATA DA DEFESA:<\/strong>\u00a015\/02\/2020<strong><br \/>\n<\/strong><\/p>\n<ul>\n<li><a title=\"Disserta\u00e7\u00e3o conclu\u00edda\" href=\"http:\/\/www.uern.br\/controledepaginas\/ppgss-dissertacoes-concluidas-em-2020\/arquivos\/5753dissertaa\u00a7a\u00a3o_conclua\u00adda_ana_paula_de_carvalho_bezerra.pdf\" target=\"_blank\" rel=\"noopener\">Trabalho Completo<\/a>\u00a0(Dispon\u00edvel para download)<\/li>\n<\/ul>\n<hr \/>\n<p><strong>MESTRANDO (A):\u00a0<\/strong>Antonia Janiarli Vieira Caldas<br \/>\n<strong>ORIENTADOR (A):\u00a0<\/strong>Eudes Euler de Souza Lucena<br \/>\n<strong>DISSERTA\u00c7\u00c3O CONCLU\u00cdDA:\u00a0<\/strong>Correla\u00e7\u00e3o entre indicadores de sa\u00fade bucal e condi\u00e7\u00f5es socioecon\u00f4micas no Rio Grande do Norte<br \/>\n<strong>DATA DA DEFESA:<\/strong>\u00a027\/11\/2020<strong><br \/>\n<\/strong><\/p>\n<ul>\n<li><a title=\"Disserta\u00e7\u00e3o conclu\u00edda\" href=\"http:\/\/www.uern.br\/controledepaginas\/ppgss-dissertacoes-concluidas-em-2020\/arquivos\/5753dissertaa\u00a7a\u00a3o_conclua\u00adda_antonia_janiarli_vieira_caldas.pdf\" target=\"_blank\" rel=\"noopener\">Trabalho Completo<\/a>\u00a0(Dispon\u00edvel para download)<\/li>\n<\/ul>\n<hr \/>\n<p><strong>MESTRANDO (A):\u00a0<\/strong>Camilla Cavalcante Freitas<br \/>\n<strong>ORIENTADOR (A):\u00a0<\/strong>Marco Aur\u00e9lio de Moura Freire<br \/>\n<strong>DISSERTA\u00c7\u00c3O CONCLU\u00cdDA:\u00a0<\/strong>Incid\u00eancia da s\u00edndrome de burnout em enfermeiros de uma unidade hospitalar do Estado do Rio Grande do Norte<br \/>\n<strong>DATA DA DEFESA:<\/strong>\u00a021\/02\/2020<strong><br \/>\n<\/strong><\/p>\n<ul>\n<li><a title=\"Disserta\u00e7\u00e3o conclu\u00edda\" href=\"http:\/\/www.uern.br\/controledepaginas\/ppgss-dissertacoes-concluidas-em-2020\/arquivos\/5753dissertaa\u00a7a\u00a3o_conclua\u00adda_camilla_cavalcante_freitas.pdf\" target=\"_blank\" rel=\"noopener\">Trabalho Completo<\/a>\u00a0(Dispon\u00edvel para download)<\/li>\n<\/ul>\n<hr \/>\n<p><strong>MESTRANDO (A):\u00a0<\/strong>Elaine Cristina Gurgel Andrade Pedrosa<br \/>\n<strong>ORIENTADOR (A):\u00a0<\/strong>Fausto Pierdon\u00e1 Guzen<br \/>\n<strong>DISSERTA\u00c7\u00c3O CONCLU\u00cdDA:\u00a0<\/strong>Comportamento tr\u00f3fico das c\u00e9lulas hipocampais em cultura ap\u00f3s adi\u00e7\u00e3o de Piper methysticum (KAVA-KAVA)<br \/>\n<strong>DATA DA DEFESA:<\/strong>\u00a015\/02\/2020<strong><br \/>\n<\/strong><\/p>\n<ul>\n<li><a title=\"Disserta\u00e7\u00e3o conclu\u00edda\" href=\"http:\/\/www.uern.br\/controledepaginas\/ppgss-dissertacoes-concluidas-em-2020\/arquivos\/5753dissertaa\u00a7a\u00a3o_conclua\u00adda_elaine_cristina_gurgel_andrade_pedrosa.pdf\" target=\"_blank\" rel=\"noopener\">Trabalho Completo<\/a>\u00a0(Dispon\u00edvel para download)<\/li>\n<\/ul>\n<hr \/>\n<p><strong>MESTRANDO (A):\u00a0<\/strong>Francisco de Assis do Nascimento J\u00fanior<br \/>\n<strong>ORIENTADOR (A):\u00a0<\/strong>Isabela Pinheiro Cavalcanti Lima<br \/>\n<strong>DISSERTA\u00c7\u00c3O CONCLU\u00cdDA:\u00a0<\/strong>An\u00e1lise de microdureza e rugosidade superficial de sistemas restauradores submetidos ao desafio erosivo in vitro<br \/>\n<strong>DATA DA DEFESA:<\/strong>\u00a019\/02\/2020<strong><br \/>\n<\/strong><\/p>\n<ul>\n<li><a title=\"Disserta\u00e7\u00e3o conclu\u00edda\" href=\"http:\/\/www.uern.br\/controledepaginas\/ppgss-dissertacoes-concluidas-em-2020\/arquivos\/5753dissertaa\u00a7a\u00a3o_conclua\u00adda_francisco_de_assis_do_nascimento_janior.pdf\" target=\"_blank\" rel=\"noopener\">Trabalho Completo<\/a>\u00a0(Dispon\u00edvel para download)<\/li>\n<\/ul>\n<hr \/>\n<p><strong>MESTRANDO (A):\u00a0<\/strong>Isabelle Cant\u00eddio Fernandes Di\u00f3genes<br \/>\n<strong>ORIENTADOR (A):\u00a0<\/strong>Thales Allyrio Ara\u00fajo de Medeiros Fernandes<br \/>\n<strong>DISSERTA\u00c7\u00c3O CONCLU\u00cdDA:\u00a0<\/strong>Conhecimentos, atitudes e pr\u00e1ticas de profissionais da aten\u00e7\u00e3o prim\u00e1ria \u00e0 sa\u00fade no atendimento a v\u00edtimas de viol\u00eancia sexual<br \/>\n<strong>DATA DA DEFESA:<\/strong>\u00a020\/02\/2020<strong><br \/>\n<\/strong><\/p>\n<ul>\n<li><a title=\"Disserta\u00e7\u00e3o conclu\u00edda\" href=\"http:\/\/www.uern.br\/controledepaginas\/ppgss-dissertacoes-concluidas-em-2020\/arquivos\/5753dissertaa\u00a7a\u00a3o_conclua\u00adda_isabelle_cantidio_fernandes_diogenes.pdf\" target=\"_blank\" rel=\"noopener\">Trabalho Completo<\/a>\u00a0(Dispon\u00edvel para download)<\/li>\n<\/ul>\n<hr \/>\n<p><strong>MESTRANDO (A):\u00a0<\/strong>J\u00e9ssica Raquel de Santana<br \/>\n<strong>ORIENTADOR (A):\u00a0<\/strong>Diego Bonfada<br \/>\n<strong>DISSERTA\u00c7\u00c3O CONCLU\u00cdDA:\u00a0<\/strong>Caracteriza\u00e7\u00e3o Materna e fatores associados \u00e0s cardiopatias cong\u00eanitas em Rec\u00e9m-nascidos<br \/>\n<strong>DATA DA DEFESA:<\/strong>\u00a028\/02\/2020<strong><br \/>\n<\/strong><\/p>\n<ul>\n<li><a title=\"Disserta\u00e7\u00e3o conclu\u00edda\" href=\"http:\/\/www.uern.br\/controledepaginas\/ppgss-dissertacoes-concluidas-em-2020\/arquivos\/5753dissertaa\u00a7a\u00a3o_conclua\u00adda_jessica_raquel_de_santana.pdf\" target=\"_blank\" rel=\"noopener\">Trabalho Completo<\/a>\u00a0(Dispon\u00edvel para download)<\/li>\n<\/ul>\n<hr \/>\n<p><strong>MESTRANDO (A):\u00a0<\/strong>K\u00eannia Stephanie Morais Oliveira<br \/>\n<strong>ORIENTADOR (A):\u00a0<\/strong>Francisca Patr\u00edcia Barreto de Carvalho<br \/>\n<strong>DISSERTA\u00c7\u00c3O CONCLU\u00cdDA:\u00a0<\/strong>Avalia\u00e7\u00e3o do risco da doen\u00e7a de Alzheimer nos idosos com Diabetes Mellitus<br \/>\n<strong>DATA DA DEFESA:<\/strong>\u00a014\/02\/2020<strong><br \/>\n<\/strong><\/p>\n<ul>\n<li><a title=\"Disserta\u00e7\u00e3o conclu\u00edda\" href=\"http:\/\/www.uern.br\/controledepaginas\/ppgss-dissertacoes-concluidas-em-2020\/arquivos\/5753dissertaa\u00a7a\u00a3o_conclua\u00adda_kannia_stephanie_morais_oliveira.pdf\" target=\"_blank\" rel=\"noopener\">Trabalho Completo<\/a>\u00a0(Dispon\u00edvel para download)<\/li>\n<\/ul>\n<hr \/>\n<p><strong>MESTRANDO (A):\u00a0<\/strong>Laryssa Lins de Ara\u00fajo<br \/>\n<strong>ORIENTADOR (A):\u00a0<\/strong>F\u00e1tima Raquel Rosado Morais<br \/>\n<strong>DISSERTA\u00c7\u00c3O CONCLU\u00cdDA:\u00a0<\/strong>Uso das tecnologias na estimula\u00e7\u00e3o precoce em crian\u00e7as com microcefalia decorrente do zika v\u00edrus<br \/>\n<strong>DATA DA DEFESA:<\/strong>\u00a021\/02\/2020<strong><br \/>\n<\/strong><\/p>\n<ul>\n<li><a title=\"Disserta\u00e7\u00e3o conclu\u00edda\" href=\"http:\/\/www.uern.br\/controledepaginas\/ppgss-dissertacoes-concluidas-em-2020\/arquivos\/5753dissertaa\u00a7a\u00a3o_conclua\u00adda_laryssa_lins_de_araajo.pdf\" target=\"_blank\" rel=\"noopener\">Trabalho Completo<\/a>\u00a0(Dispon\u00edvel para download)<\/li>\n<\/ul>\n<hr \/>\n<p><strong>MESTRANDO (A):\u00a0<\/strong>L\u00edvia Viviane Guimar\u00e3es do Couto<br \/>\n<strong>ORIENTADOR (A):\u00a0<\/strong>Maria Irany Knackfuss<br \/>\n<strong>DISSERTA\u00c7\u00c3O CONCLU\u00cdDA:\u00a0<\/strong>SUPLEMENTA\u00c7\u00c3O DE CURCUMINA e FARELO DE AVEIA: Altera\u00e7\u00f5es nos marcadores bioqu\u00edmicos e composi\u00e7\u00e3o corporal em idosas praticantes de atividade f\u00edsica<br \/>\n<strong>DATA DA DEFESA:<\/strong>\u00a020\/02\/2020<strong><br \/>\n<\/strong><\/p>\n<ul>\n<li><a title=\"Disserta\u00e7\u00e3o conclu\u00edda\" href=\"http:\/\/www.uern.br\/controledepaginas\/ppgss-dissertacoes-concluidas-em-2020\/arquivos\/5753dissertaa\u00a7a\u00a3o_conclua\u00adda_livia_viviane_guimaraes_do_couto.pdf\" target=\"_blank\" rel=\"noopener\">Trabalho Completo<\/a>\u00a0(Dispon\u00edvel para download)<\/li>\n<\/ul>\n<hr \/>\n<p><strong>MESTRANDO (A):\u00a0<\/strong>Lorem Krsna de Morais Sousa<br \/>\n<strong>ORIENTADOR (A):\u00a0<\/strong>Isabela Pinheiro Cavalcanti Lima<br \/>\n<strong>DISSERTA\u00c7\u00c3O CONCLU\u00cdDA:\u00a0<\/strong>Rugosidade superficial e estabilidade de cor de resinas compostas submetidas a tr\u00eas diferentes sistemas de acabamento e polimento<br \/>\n<strong>DATA DA DEFESA:<\/strong>\u00a012\/02\/2020<strong><br \/>\n<\/strong><\/p>\n<ul>\n<li><a title=\"Disserta\u00e7\u00e3o conclu\u00edda\" href=\"http:\/\/www.uern.br\/controledepaginas\/ppgss-dissertacoes-concluidas-em-2020\/arquivos\/5753dissertaa\u00a7a\u00a3o_conclua\u00adda_lorem_krsna_de_morais_sousa.pdf\" target=\"_blank\" rel=\"noopener\">Trabalho Completo<\/a>\u00a0(Dispon\u00edvel para download)<\/li>\n<\/ul>\n<hr \/>\n<p><strong>MESTRANDO (A):\u00a0<\/strong>Maria Juliete Maia Gomes Ribeiro<br \/>\n<strong>ORIENTADOR (A):\u00a0<\/strong>Ellany Gurgel Cosme do Nascimento<br \/>\n<strong>DISSERTA\u00c7\u00c3O CONCLU\u00cdDA:\u00a0<\/strong>Frequ\u00eancia da Doen\u00e7a de Chagas e os riscos de contamina\u00e7\u00e3o entre ca\u00e7adores na Mesorregi\u00e3o Oeste Potiguar<br \/>\n<strong>DATA DA DEFESA:<\/strong>\u00a020\/02\/2020<strong><br \/>\n<\/strong><\/p>\n<ul>\n<li><a title=\"Disserta\u00e7\u00e3o conclu\u00edda\" href=\"http:\/\/www.uern.br\/controledepaginas\/ppgss-dissertacoes-concluidas-em-2020\/arquivos\/5753dissertaa\u00a7a\u00a3o_conclua\u00adda_maria_juliete_maia_gomes_ribeiro.pdf\" target=\"_blank\" rel=\"noopener\">Trabalho Completo<\/a>\u00a0(Dispon\u00edvel para download)<\/li>\n<\/ul>\n<hr \/>\n<p><strong>MESTRANDO (A):\u00a0<\/strong>M\u00e1rjorie Candice da Silva<br \/>\n<strong>ORIENTADOR (A):\u00a0<\/strong>H\u00e9cio Henrique Ara\u00fajo de Morais<br \/>\n<strong>DISSERTA\u00c7\u00c3O CONCLU\u00cdDA:\u00a0<\/strong>Dexametasona ou betametasona: O que usar em exodontias de terceiros molares inferiores?<br \/>\n<strong>DATA DA DEFESA:<\/strong>\u00a007\/02\/2020<strong><br \/>\n<\/strong><\/p>\n<ul>\n<li><a title=\"Disserta\u00e7\u00e3o conclu\u00edda\" href=\"http:\/\/www.uern.br\/controledepaginas\/ppgss-dissertacoes-concluidas-em-2020\/arquivos\/5753dissertaa\u00a7a\u00a3o_conclua\u00adda_marjorie_candice_da_silva.pdf\" target=\"_blank\" rel=\"noopener\">Trabalho Completo<\/a>\u00a0(Dispon\u00edvel para download)<\/li>\n<\/ul>\n<hr \/>\n<p><strong>MESTRANDO (A):\u00a0<\/strong>Nat\u00e1lia Teixeira Fernandes<br \/>\n<strong>ORIENTADOR (A):\u00a0<\/strong>F\u00e1tima Raquel Rosado Morais<br \/>\n<strong>DISSERTA\u00c7\u00c3O CONCLU\u00cdDA:\u00a0<\/strong>Influ\u00eancia da Interven\u00e7\u00e3o Terap\u00eautica nas Habilidades Cognitiva, Lingu\u00edstica e Motora em Crian\u00e7as com S\u00edndrome Cong\u00eanita do Zika<br \/>\n<strong>DATA DA DEFESA:<\/strong>\u00a015\/12\/2020<strong><br \/>\n<\/strong><\/p>\n<ul>\n<li><a title=\"Disserta\u00e7\u00e3o conclu\u00edda\" href=\"http:\/\/www.uern.br\/controledepaginas\/ppgss-dissertacoes-concluidas-em-2020\/arquivos\/5753dissertaa\u00a7a\u00a3o_conclua\u00adda_natalia_teixeira_fernandes.pdf\" target=\"_blank\" rel=\"noopener\">Trabalho Completo<\/a>\u00a0(Dispon\u00edvel para download)<\/li>\n<\/ul>\n<hr \/>\n<p><strong>MESTRANDO (A):\u00a0<\/strong>Raiane Caroline da Silva Fran\u00e7a<br \/>\n<strong>ORIENTADOR (A):\u00a0<\/strong>Isabel Cristina Amaral de Sousa Rosso Nelson<br \/>\n<strong>DISSERTA\u00c7\u00c3O CONCLU\u00cdDA:\u00a0<\/strong>A contribui\u00e7\u00e3o do Pronto Socorro Energ\u00e9tico Hospitalar para a sa\u00fade do trabalhador<br \/>\n<strong>DATA DA DEFESA:<\/strong>\u00a017\/02\/2020<strong><br \/>\n<\/strong><\/p>\n<ul>\n<li><a title=\"Disserta\u00e7\u00e3o conclu\u00edda\" href=\"http:\/\/www.uern.br\/controledepaginas\/ppgss-dissertacoes-concluidas-em-2020\/arquivos\/5753dissertaa\u00a7a\u00a3o_conclua\u00adda_raiane_caroline_da_silva_franca.pdf\" target=\"_blank\" rel=\"noopener\">Trabalho Completo<\/a>\u00a0(Dispon\u00edvel para download)<\/li>\n<\/ul>\n<hr \/>\n<p><strong>MESTRANDO (A):\u00a0<\/strong>Raquel Mirtes Pereira da Silva<br \/>\n<strong>ORIENTADOR (A):\u00a0<\/strong>Diego Bonfada<br \/>\n<strong>DISSERTA\u00c7\u00c3O CONCLU\u00cdDA:\u00a0<\/strong>Fatores associados ao Estresse Ocupacional e \u00e0 S\u00edndrome de Burnout entre profissionais de sa\u00fade hospitalar<br \/>\n<strong>DATA DA DEFESA:<\/strong>\u00a027\/02\/2020<strong><br \/>\n<\/strong><\/p>\n<ul>\n<li><a title=\"Disserta\u00e7\u00e3o conclu\u00edda\" href=\"http:\/\/www.uern.br\/controledepaginas\/ppgss-dissertacoes-concluidas-em-2020\/arquivos\/5753dissertaa\u00a7a\u00a3o_conclua\u00adda_raquel_mirtes_pereira_da_silva.pdf\" target=\"_blank\" rel=\"noopener\">Trabalho Completo<\/a>\u00a0(Dispon\u00edvel para download)<\/li>\n<\/ul>\n<hr \/>\n<p><strong>MESTRANDO (A):\u00a0<\/strong>Rodrigo Dias Alves<br \/>\n<strong>ORIENTADOR (A):\u00a0<\/strong>Fausto Pierdon\u00e1 Guzen<br \/>\n<strong>DISSERTA\u00c7\u00c3O CONCLU\u00cdDA:\u00a0<\/strong>An\u00e1lise da inocula\u00e7\u00e3o de c\u00e9lulas tronco mesenquimais na presen\u00e7a do bitartarato na regenera\u00e7\u00e3o morfol\u00f3gica e funcional em modelo de les\u00e3o por esmagamento do nervo facial de ratos<br \/>\n<strong>DATA DA DEFESA:<\/strong>\u00a015\/02\/2020<strong><br \/>\n<\/strong><\/p>\n<ul>\n<li><a title=\"Disserta\u00e7\u00e3o conclu\u00edda\" href=\"http:\/\/www.uern.br\/controledepaginas\/ppgss-dissertacoes-concluidas-em-2020\/arquivos\/5753dissertaa\u00a7a\u00a3o_conclua\u00adda_rodrigo_dias_alves.pdf\" target=\"_blank\" rel=\"noopener\">Trabalho Completo<\/a>\u00a0(Dispon\u00edvel para download)<\/li>\n<\/ul>\n<hr \/>\n<p><strong>MESTRANDO (A):\u00a0<\/strong>Samaris Apr\u00edgio de Souza<br \/>\n<strong>ORIENTADOR (A):\u00a0<\/strong>Maria Irany Knackfuss<br \/>\n<strong>DISSERTA\u00c7\u00c3O CONCLU\u00cdDA:\u00a0<\/strong>Imagem corporal, autoestima e a qualidade de vida de idosas submetidas a um programa de exerc\u00edcios resistidos<br \/>\n<strong>DATA DA DEFESA:<\/strong>\u00a020\/02\/2020<strong><br \/>\n<\/strong><\/p>\n<ul>\n<li><a title=\"Disserta\u00e7\u00e3o conclu\u00edda\" href=\"http:\/\/www.uern.br\/controledepaginas\/ppgss-dissertacoes-concluidas-em-2020\/arquivos\/5753dissertaa\u00a7a\u00a3o_conclua\u00adda_samaris_apra\u00adgio_de_souza.pdf\" target=\"_blank\" rel=\"noopener\">Trabalho Completo<\/a>\u00a0(Dispon\u00edvel para download)<\/li>\n<\/ul>\n<hr \/>\n<p><strong>MESTRANDO (A):\u00a0<\/strong>Samillys Valeska Bezerra de Fran\u00e7a Silva<br \/>\n<strong>ORIENTADOR (A):\u00a0<\/strong>Jos\u00e9 Rodolfo Lopes de Paiva Cavalcanti<br \/>\n<strong>DISSERTA\u00c7\u00c3O CONCLU\u00cdDA:\u00a0<\/strong>Oligoelementos ferro e zinco e a rela\u00e7\u00e3o com par\u00e2metros cognitivos em crian\u00e7as de idade escolar<br \/>\n<strong>DATA DA DEFESA:<\/strong>\u00a014\/02\/2020<strong><br \/>\n<\/strong><\/p>\n<ul>\n<li><a title=\"Disserta\u00e7\u00e3o conclu\u00edda\" href=\"http:\/\/www.uern.br\/controledepaginas\/ppgss-dissertacoes-concluidas-em-2020\/arquivos\/5753dissertaa\u00a7a\u00a3o_conclua\u00adda_samillys_valeska_bezerra_de_franca_silva.pdf\" target=\"_blank\" rel=\"noopener\">Trabalho Completo<\/a>\u00a0(Dispon\u00edvel para download)<\/li>\n<\/ul>\n<hr \/>\n<p><strong>MESTRANDO (A):\u00a0<\/strong>Sandy Rabelo Lima<br \/>\n<strong>ORIENTADOR (A):\u00a0<\/strong>Fernando Jos\u00e9 de Oliveira N\u00f3brega<br \/>\n<strong>DISSERTA\u00c7\u00c3O CONCLU\u00cdDA:\u00a0<\/strong>N\u00edvel de conhecimento do Cirurgi\u00e3o-Dentista sobre a rela\u00e7\u00e3o dos bisfosfonatos com a Odontologia<br \/>\n<strong>DATA DA DEFESA:<\/strong>\u00a020\/02\/2020<strong><br \/>\n<\/strong><\/p>\n<ul>\n<li><a title=\"Disserta\u00e7\u00e3o conclu\u00edda\" href=\"http:\/\/www.uern.br\/controledepaginas\/ppgss-dissertacoes-concluidas-em-2020\/arquivos\/5753dissertaa\u00a7a\u00a3o_conclua\u00adda_sandy_rabelo_lima.pdf\" target=\"_blank\" rel=\"noopener\">Trabalho Completo<\/a>\u00a0(Dispon\u00edvel para download)<\/li>\n<\/ul>\n<hr \/>\n<p><strong>MESTRANDO (A):\u00a0<\/strong>Silvana Medeiros de Ara\u00fajo<br \/>\n<strong>ORIENTADOR (A):\u00a0<\/strong>Maria Irany Knackfuss<br \/>\n<strong>DISSERTA\u00c7\u00c3O CONCLU\u00cdDA:\u00a0<\/strong>TREINAMENTO DE FOR\u00c7A, HEMODI\u00c1LISE E DESTREINAMENTO: Composi\u00e7\u00e3o corporal, capacidade funcional, perfil lip\u00eddico e qualidade de vida de pacientes com doen\u00e7a renal cr\u00f4nica<br \/>\n<strong>DATA DA DEFESA:<\/strong>\u00a019\/02\/2020<strong><br \/>\n<\/strong><\/p>\n<ul>\n<li><a title=\"Disserta\u00e7\u00e3o conclu\u00edda\" href=\"http:\/\/www.uern.br\/controledepaginas\/ppgss-dissertacoes-concluidas-em-2020\/arquivos\/5753dissertaa\u00a7a\u00a3o_conclua\u00adda_silvana_medeiros_de_araajo.pdf\" target=\"_blank\" rel=\"noopener\">Trabalho Completo<\/a>\u00a0(Dispon\u00edvel para download)<\/li>\n<\/ul>\n<hr \/>\n<p><strong>MESTRANDO (A):\u00a0<\/strong>Tatiane Aparecida Queiroz<br \/>\n<strong>ORIENTADOR (A):\u00a0<\/strong>Francisca Patr\u00edcia Barreto de Carvalho<br \/>\n<strong>DISSERTA\u00c7\u00c3O CONCLU\u00cdDA:\u00a0<\/strong>Aspectos epidemiol\u00f3gicos, cl\u00ednicos e geogr\u00e1ficos da febre chikungunya na \u00e1rea urbana do munic\u00edpio de Mossor\u00f3-RN<br \/>\n<strong>DATA DA DEFESA:<\/strong>\u00a014\/02\/2020<strong><br \/>\n<\/strong><\/p>\n<ul>\n<li><a title=\"Disserta\u00e7\u00e3o conclu\u00edda\" href=\"http:\/\/www.uern.br\/controledepaginas\/ppgss-dissertacoes-concluidas-em-2020\/arquivos\/5753dissertaa\u00a7a\u00a3o_conclua\u00adda_tatiane_aparecida_queiroz.pdf\" target=\"_blank\" rel=\"noopener\">Trabalho Completo<\/a>\u00a0(Dispon\u00edvel para download)<\/li>\n<\/ul>\n<hr \/>\n<p><strong>MESTRANDO (A):\u00a0<\/strong>Tatiane Isabela de Ara\u00fajo Leite<br \/>\n<strong>ORIENTADOR (A):\u00a0<\/strong>Eudes Euler de Souza Lucena<br \/>\n<strong>DISSERTA\u00c7\u00c3O CONCLU\u00cdDA:\u00a0<\/strong>Preval\u00eancia e fatores associados ao comportamento suicida em adolescentes do Ensino M\u00e9dio na Microrregi\u00e3o Oriental do Serid\u00f3 Potiguar<br \/>\n<strong>DATA DA DEFESA:<\/strong>\u00a028\/02\/2020<strong><br \/>\n<\/strong><\/p>\n<ul>\n<li><a title=\"Disserta\u00e7\u00e3o conclu\u00edda\" href=\"http:\/\/www.uern.br\/controledepaginas\/ppgss-dissertacoes-concluidas-em-2020\/arquivos\/5753dissertaa\u00a7a\u00a3o_conclua\u00adda_tatiane_isabela_de_araajo_leite.pdf\" target=\"_blank\" rel=\"noopener\">Trabalho Completo<\/a>\u00a0(Dispon\u00edvel para download)<\/li>\n<\/ul>\n<hr \/>\n<p><strong>MESTRANDO (A):\u00a0<\/strong>Taynara de Araujo Ribeiro Tabosa<br \/>\n<strong>ORIENTADOR (A):\u00a0<\/strong>Isabela Pinheiro Cavalcanti Lima<br \/>\n<strong>DISSERTA\u00c7\u00c3O CONCLU\u00cdDA:\u00a0<\/strong>ASSIST\u00caNCIA ODONTOL\u00d3GICA NO PR\u00c9-NATAL: Constru\u00e7\u00e3o e valida\u00e7\u00e3o de um instrumento para aten\u00e7\u00e3o b\u00e1sica\/SUS<br \/>\n<strong>DATA DA DEFESA:<\/strong>\u00a020\/02\/2020<strong><br \/>\n<\/strong><\/p>\n<ul>\n<li><a title=\"Disserta\u00e7\u00e3o conclu\u00edda\" href=\"http:\/\/www.uern.br\/controledepaginas\/ppgss-dissertacoes-concluidas-em-2020\/arquivos\/5753dissertaa\u00a7a\u00a3o_conclua\u00adda_taynara_de_araujo_ribeiro_tabosa.pdf\" target=\"_blank\" rel=\"noopener\">Trabalho Completo<\/a>\u00a0(Dispon\u00edvel para download)<\/li>\n<\/ul>\n<hr \/>\n<p><strong>MESTRANDO (A):\u00a0<\/strong>Thiago Costa do Couto<br \/>\n<strong>ORIENTADOR (A):\u00a0<\/strong>Jos\u00e9 Rodolfo Lopes de Paiva Cavalcanti<br \/>\n<strong>DISSERTA\u00c7\u00c3O CONCLU\u00cdDA:\u00a0<\/strong>Avalia\u00e7\u00e3o dos n\u00edveis s\u00e9ricos de \u00f3xido n\u00edtrico em rela\u00e7\u00e3o aos sintomas do trato urin\u00e1rio inferior (LUTS) em pacientes com hiperplasia prost\u00e1tica benigna (HPB)<br \/>\n<strong>DATA DA DEFESA:<\/strong>\u00a020\/02\/2020<strong><br \/>\n<\/strong><\/p>\n<ul>\n<li><a title=\"Disserta\u00e7\u00e3o conclu\u00edda\" href=\"http:\/\/www.uern.br\/controledepaginas\/ppgss-dissertacoes-concluidas-em-2020\/arquivos\/5753dissertaa\u00a7a\u00a3o_conclua\u00adda_thiago_costa_do_couto.pdf\" target=\"_blank\" rel=\"noopener\">Trabalho Completo<\/a>\u00a0(Dispon\u00edvel para download)<\/li>\n<\/ul>\n<hr \/>\n<p><strong>MESTRANDO (A):\u00a0<\/strong>Val\u00e9ria Duarte de Almeida<br \/>\n<strong>ORIENTADOR (A):\u00a0<\/strong>Mic\u00e1ssio Fernandes de Andrade<br \/>\n<strong>DISSERTA\u00c7\u00c3O CONCLU\u00cdDA:\u00a0<\/strong>Avalia\u00e7\u00e3o da libera\u00e7\u00e3o de nets e da desgranula\u00e7\u00e3o de neutr\u00f3filos de sangue perif\u00e9rico de pacientes com doen\u00e7a de chagas estimulados com ant\u00edgeno sol\u00favel do Trypanossoma cruzi<br \/>\n<strong>DATA DA DEFESA:<\/strong>\u00a013\/02\/2020<strong><br \/>\n<\/strong><\/p>\n<ul>\n<li><a title=\"Disserta\u00e7\u00e3o conclu\u00edda\" href=\"http:\/\/www.uern.br\/controledepaginas\/ppgss-dissertacoes-concluidas-em-2020\/arquivos\/5753dissertaa\u00a7a\u00a3o_conclua\u00adda_valeria_duarte_de_almeida.pdf\" target=\"_blank\" rel=\"noopener\">Trabalho Completo<\/a>\u00a0(Dispon\u00edvel para download)<\/li>\n<\/ul>\n<hr \/>\n","protected":false},"excerpt":{"rendered":"<p>DISSERTA\u00c7\u00d5ES CONCLU\u00cdDAS EM 2020 MESTRANDO (A):\u00a0Adrielly Fonseca Mendes ORIENTADOR (A):\u00a0Isabela Pinheiro Cavalcanti Lima DISSERTA\u00c7\u00c3O CONCLU\u00cdDA:\u00a0An\u00e1lise do comportamento da musculatura facial em pacientes hemipl\u00e9gicos acometidos por acidente vascular encef\u00e1lico DATA DA DEFESA:\u00a013\/02\/2020 Trabalho Completo\u00a0(Dispon\u00edvel para download) MESTRANDO (A):\u00a0Ana Paula de Carvalho Bezerra ORIENTADOR (A):\u00a0Fausto Pierdon\u00e1 Guzen DISSERTA\u00c7\u00c3O CONCLU\u00cdDA:\u00a0Efeito neuroprotetor da guanosina em c\u00e9lulas do c\u00f3rtex pr\u00e9-frontal [&hellip;]<\/p>\n","protected":false},"author":17,"featured_media":0,"parent":0,"menu_order":0,"comment_status":"closed","ping_status":"closed","template":"","meta":{"footnotes":""},"class_list":["post-566","page","type-page","status-publish","hentry"],"_links":{"self":[{"href":"https:\/\/portal.uern.br\/propeg\/ppgss\/wp-json\/wp\/v2\/pages\/566","targetHints":{"allow":["GET"]}}],"collection":[{"href":"https:\/\/portal.uern.br\/propeg\/ppgss\/wp-json\/wp\/v2\/pages"}],"about":[{"href":"https:\/\/portal.uern.br\/propeg\/ppgss\/wp-json\/wp\/v2\/types\/page"}],"author":[{"embeddable":true,"href":"https:\/\/portal.uern.br\/propeg\/ppgss\/wp-json\/wp\/v2\/users\/17"}],"replies":[{"embeddable":true,"href":"https:\/\/portal.uern.br\/propeg\/ppgss\/wp-json\/wp\/v2\/comments?post=566"}],"version-history":[{"count":1,"href":"https:\/\/portal.uern.br\/propeg\/ppgss\/wp-json\/wp\/v2\/pages\/566\/revisions"}],"predecessor-version":[{"id":567,"href":"https:\/\/portal.uern.br\/propeg\/ppgss\/wp-json\/wp\/v2\/pages\/566\/revisions\/567"}],"wp:attachment":[{"href":"https:\/\/portal.uern.br\/propeg\/ppgss\/wp-json\/wp\/v2\/media?parent=566"}],"curies":[{"name":"wp","href":"https:\/\/api.w.org\/{rel}","templated":true}]}}