{"id":549,"date":"2025-03-01T15:01:13","date_gmt":"2025-03-01T18:01:13","guid":{"rendered":"https:\/\/portal.uern.br\/propeg\/ppgss\/?page_id=549"},"modified":"2025-03-01T15:06:23","modified_gmt":"2025-03-01T18:06:23","slug":"dissertacoes-dissertacoes-concluidas-em-2014","status":"publish","type":"page","link":"https:\/\/portal.uern.br\/propeg\/ppgss\/dissertacoes-dissertacoes-concluidas-em-2014\/","title":{"rendered":"Disserta\u00e7\u00f5es conclu\u00eddas em 2014"},"content":{"rendered":"<p><span style=\"color: #000000\">DISSERTA\u00c7\u00d5ES CONCLU\u00cdDAS EM 2014<\/span><\/p>\n<p><span style=\"color: #000000\"><strong>DISCENTE:<\/strong>\u00a0AM\u00c9LIA CAROLINA LOPES FERNANDES<\/span><br \/>\n<span style=\"color: #000000\"><strong>T\u00cdTULO DA DISSERTA\u00c7\u00c3O:<\/strong>\u00a0EDUCANDO PARA A DIVERSIDADE: A FORMA\u00c7\u00c3O DO ENFERMEIRO COM VISTAS \u00c0 EDUCA\u00c7\u00c3O INCLUSIVA<\/span><br \/>\n<span style=\"color: #000000\"><strong>ORIENTADORA<\/strong><strong>:<\/strong>\u00a0Prof\u00aa. Dr\u00aa\u00a0 Mo\u00eamia Gomes de Oliveira Miranda<\/span><br \/>\n<span style=\"color: #000000\"><strong>DATA DA DEFESA:<\/strong>\u00a025\/04\/2014<\/span><\/p>\n<p><span style=\"color: #000000\"><a style=\"color: #000000\" title=\"Disserta\u00e7\u00e3o\" href=\"https:\/\/www.uern.br\/controledepaginas\/ppgss-defendidas\/arquivos\/2874dissertaa\u2021a\u0192o_ama\u2030lia_carolina_lopes_fernandes_ppgss.zip\" target=\"_blank\" rel=\"noopener\"><span style=\"color: #000080\">Trabalho completo<\/span><\/a>\u00a0(Dispon\u00edvel para download)<\/span><\/p>\n<hr \/>\n<p><span style=\"color: #000000\"><strong>DISCENTE:<\/strong>\u00a0ANTONIO CARLOS DE MEDEIROS<\/span><br \/>\n<span style=\"color: #000000\"><strong>T\u00cdTULO DA DISSERTA\u00c7\u00c3O:\u00a0<\/strong>SOROPREVAL\u00caNCIA E OS FATORES ASSOCIADOS \u00c0 INFEC\u00c7\u00c3O PELO\u00a0<em>TRYPANOSOMA CRUZI<\/em>\u00a0NO MUNIC\u00cdPIO FELIPE GUERRA-RN, 2013<\/span><br \/>\n<span style=\"color: #000000\"><strong>ORIENTADOR<\/strong><strong>:\u00a0<\/strong>Prof. Dr. Wogelsanger Oliveira Pereira<\/span><br \/>\n<span style=\"color: #000000\"><strong>DATA DA DEFESA:\u00a0<\/strong>23\/04\/2014<\/span><\/p>\n<p><span style=\"color: #000000\"><a style=\"color: #000000\" title=\"Disserta\u00e7\u00e3o\" href=\"https:\/\/www.uern.br\/controledepaginas\/ppgss-defendidas\/arquivos\/2874dissertaa\u00a7a\u00a3o_antonio_carlos_de_medeiros_ppgss_uern.zip\" target=\"_blank\" rel=\"noopener\"><span style=\"color: #000080\">Trabalho completo<\/span><\/a>\u00a0(Dispon\u00edvel para download)<\/span><\/p>\n<hr \/>\n<p><span style=\"color: #000000\"><strong>DISCENTE:<\/strong>\u00a0DIEGO DE ARA\u00daJO DANTAS<\/span><br \/>\n<span style=\"color: #000000\"><strong>T\u00cdTULO DA DISSERTA\u00c7\u00c3O:\u00a0<\/strong>AVALIA\u00c7\u00c3O DA QUALIDADE DE VIDA E EFEITOS ADVERSOS DOS ANTIPSIC\u00d3TICOS DE SEGUNDA GERA\u00c7\u00c3O EM PACIENTES COM ESQUIZOFRENIA<\/span><br \/>\n<span style=\"color: #000000\"><strong>ORIENTADORA<\/strong><strong>:<\/strong>\u00a0Prof\u00aa. Dr\u00aa. Caroline Addison Xavier de Medeiros<\/span><br \/>\n<span style=\"color: #000000\"><strong>DATA DA DEFESA:\u00a0<\/strong>24\/04\/2014<\/span><\/p>\n<p><span style=\"color: #000000\"><a style=\"color: #000000\" title=\"Disserta\u00e7\u00e3o\" href=\"https:\/\/www.uern.br\/controledepaginas\/ppgss-defendidas\/arquivos\/2874dissertaa\u00a7a\u00a3o_diego_de_araa\u0161jo_dantas_ppgss_uern.zip\" target=\"_blank\" rel=\"noopener\"><span style=\"color: #000080\">Trabalho completo<\/span><\/a>\u00a0(Dispon\u00edvel para download)<\/span><\/p>\n<hr \/>\n<p><span style=\"color: #000000\"><strong>DISCENTE:\u00a0<\/strong>EDSON BATISTA DOS SANTOS J\u00daNIOR<\/span><br \/>\n<span style=\"color: #000000\"><strong>T\u00cdTULO DA DISSERTA\u00c7\u00c3O:\u00a0<\/strong>AVALIA\u00c7\u00c3O DA CAPACIDADE FUNCIONAL DE IDOSOS NO CONTEXTO DA ESTRAT\u00c9GIA SA\u00daDE DA FAM\u00cdLIA NA ZONA URBANA DO MUNIC\u00cdPIO DE MOSSOR\u00d3\/RN<\/span><br \/>\n<span style=\"color: #000000\"><strong>ORIENTADOR<\/strong><strong>:<\/strong>\u00a0Prof. Dr. Richardson Augusto Rosendo da Silva<\/span><br \/>\n<span style=\"color: #000000\"><strong>DATA DA DEFESA:\u00a0<\/strong>23\/04\/2014<\/span><\/p>\n<p><span style=\"color: #000000\"><a style=\"color: #000000\" title=\"Disserta\u00e7\u00e3o\" href=\"https:\/\/www.uern.br\/controledepaginas\/ppgss-defendidas\/arquivos\/2874dissertacao_edson_batista_dos_santos_ja\u0161nior_ppgss_uern.zip\" target=\"_blank\" rel=\"noopener\"><span style=\"color: #000080\">Trabalho completo<\/span><\/a>\u00a0(Dispon\u00edvel para download)<\/span><\/p>\n<hr \/>\n<p><span style=\"color: #000000\"><strong>DISCENTE:\u00a0<\/strong>FABIANNA DA CONCEI\u00c7\u00c3O DANTAS DE MEDEIROS<\/span><br \/>\n<span style=\"color: #000000\"><strong>T\u00cdTULO DA DISSERTA\u00c7\u00c3O:\u00a0<\/strong>EFICI\u00caNCIA CL\u00cdNICA DAS RESTAURA\u00c7\u00d5ES ADESIVAS NAS LES\u00d5ES DENT\u00c1RIAS DE ABFRA\u00c7\u00c3O: COMPARA\u00c7\u00c3O DE DOIS MATERIAIS RESTAURADORES<\/span><br \/>\n<span style=\"color: #000000\"><strong>ORIENTADORA:\u00a0<\/strong>Prof\u00aa. Dr\u00aa. Isabela Pinheiro Cavalcanti Lima<\/span><br \/>\n<span style=\"color: #000000\"><strong>DATA DA DEFESA:\u00a0<\/strong>07\/04\/2014<\/span><\/p>\n<p><span style=\"color: #000000\"><a style=\"color: #000000\" title=\"Disserta\u00e7\u00e3o\" href=\"https:\/\/www.uern.br\/controledepaginas\/ppgss-defendidas\/arquivos\/2874dissertaa\u2021a\u0192o_fabianna_da_conceia\u2021a\u0192o_dantas_de_medeiros_ppgss_uern.zip\" target=\"_blank\" rel=\"noopener\"><span style=\"color: #000080\">Trabalho completo<\/span><\/a>\u00a0(Dispon\u00edvel para download)<\/span><\/p>\n<hr \/>\n<p><span style=\"color: #000000\"><strong>DISCENTE:\u00a0<\/strong>GLEIDSON MENDES REBOU\u00c7AS<\/span><br \/>\n<span style=\"color: #000000\"><strong>T\u00cdTULO DA DISSERTA\u00c7\u00c3O:\u00a0<\/strong>COMPORTAMENTO DA MODULA\u00c7\u00c3O AUTON\u00d4MICA DO CORA\u00c7\u00c3O DE JOVENS OBESOS E EUTR\u00d3FICOS SUBMETIDOS A EXERC\u00cdCIO CONT\u00cdNUO E INCREMENTAL<\/span><br \/>\n<span style=\"color: #000000\"><strong>ORIENTADOR<\/strong><strong>:\u00a0<\/strong>Prof. Dr. Humberto Jefferson de Medeiros<\/span><br \/>\n<span style=\"color: #000000\"><strong>DATA DA DEFESA:\u00a0<\/strong>04\/04\/2014<\/span><\/p>\n<p><span style=\"color: #000000\"><a style=\"color: #000000\" title=\"Disserta\u00e7\u00e3o\" href=\"https:\/\/www.uern.br\/controledepaginas\/ppgss-defendidas\/arquivos\/2874dissertaa\u2021a\u0192o_gleidson_mendes_reboua\u2021as_ppgss_uern.zip\" target=\"_blank\" rel=\"noopener\"><span style=\"color: #000080\">Trabalho completo<\/span><\/a>\u00a0(Dispon\u00edvel para download)<\/span><\/p>\n<hr \/>\n<p><span style=\"color: #000000\"><strong>DISCENTE:\u00a0<\/strong>GRA\u00c7A ROCHA PESSOA<\/span><br \/>\n<span style=\"color: #000000\"><strong>T\u00cdTULO DA DISSERTA\u00c7\u00c3O:\u00a0<\/strong>EST\u00c1GIO CURRICULAR SUPERVISIONADO: AVAN\u00c7OS, EMBATES E CONTRADI\u00c7\u00d5ES<\/span><br \/>\n<span style=\"color: #000000\"><strong>ORIENTADORA<\/strong><strong>:<\/strong>\u00a0Prof\u00aa. Dr\u00aa. Mo\u00eamia Gomes de Oliveira Miranda<\/span><br \/>\n<span style=\"color: #000000\"><strong>DATA DA DEFESA:\u00a0<\/strong>25\/04\/2014<\/span><\/p>\n<p><span style=\"color: #000000\"><a style=\"color: #000000\" title=\"Disserta\u00e7\u00e3o\" href=\"https:\/\/www.uern.br\/controledepaginas\/ppgss-defendidas\/arquivos\/2874dissertaa\u00a7a\u00a3o_graa\u00a7a_rocha_pessoa_ppgss_uern.zip\" target=\"_blank\" rel=\"noopener\"><span style=\"color: #000080\">Trabalho completo<\/span><\/a>\u00a0(Dispon\u00edvel para download)<\/span><\/p>\n<hr \/>\n<p><span style=\"color: #000000\"><strong>DISCENTE:\u00a0<\/strong>JO\u00c3O CARLOS LOPES BEZERRA<\/span><br \/>\n<span style=\"color: #000000\"><strong>T\u00cdTULO DA DISSERTA\u00c7\u00c3O:\u00a0<\/strong>FACILITA\u00c7\u00c3O NEUROMUSCULAR PROPRIOCEPTIVA EM IDOSOS<\/span><br \/>\n<span style=\"color: #000000\"><strong>ORIENTADOR<\/strong><strong>:<\/strong>\u00a0Prof. Dr. Arnaldo Ten\u00f3rio da Cunha J\u00fanior<\/span><br \/>\n<span style=\"color: #000000\"><strong>DATA DA DEFESA:\u00a0<\/strong>03\/02\/2014<\/span><\/p>\n<p><span style=\"color: #000000\"><a style=\"color: #000000\" title=\"Disserta\u00e7\u00e3o\" href=\"https:\/\/www.uern.br\/controledepaginas\/ppgss-defendidas\/arquivos\/2874dissertaa\u00a7a\u00a3o_joa\u00a3o_carlos_ppgss_uern.zip\" target=\"_blank\" rel=\"noopener\"><span style=\"color: #000080\">Trabalho completo<\/span><\/a>\u00a0(Dispon\u00edvel para download)<\/span><\/p>\n<hr \/>\n<p><span style=\"color: #000000\"><strong>DISCENTE:\u00a0<\/strong>JOCASTA MARIA OLIVEIRA MORAIS DE MEDEIROS<\/span><br \/>\n<span style=\"color: #000000\"><strong>T\u00cdTULO DA DISSERTA\u00c7\u00c3O:\u00a0<\/strong>AVALIA\u00c7\u00c3O DA ATEN\u00c7\u00c3O \u00c0 SA\u00daDE DA CRIAN\u00c7A NO CONTEXTO DA ATEN\u00c7\u00c3O PRIM\u00c1RIA \u00c0 SA\u00daDE DO MUNIC\u00cdPIO DE MOSSOR\u00d3-RN<\/span><br \/>\n<span style=\"color: #000000\"><strong>ORIENTADORA<\/strong><strong>:<\/strong>\u00a0Prof\u00aa. Dr\u00aa. F\u00e1tima Raquel Rosado Morais<\/span><br \/>\n<span style=\"color: #000000\"><strong>DATA DA DEFESA:\u00a0<\/strong>25\/04\/2014<\/span><\/p>\n<p><span style=\"color: #000000\"><a style=\"color: #000000\" title=\"Disserta\u00e7\u00e3o\" href=\"https:\/\/www.uern.br\/controledepaginas\/ppgss-defendidas\/arquivos\/2874dissertaa\u2021a\u0192o_jocasta_maria_oliveira_morais_ppgss_uern.zip\" target=\"_blank\" rel=\"noopener\"><span style=\"color: #000080\">Trabalho completo<\/span><\/a>\u00a0(Dispon\u00edvel para download)<\/span><\/p>\n<hr \/>\n<p><span style=\"color: #000000\"><strong>DISCENTE:\u00a0<\/strong>NAILTON JOS\u00c9 BRAND\u00c3O DE ALBUQUERQUE FILHO<\/span><br \/>\n<span style=\"color: #000000\"><strong>T\u00cdTULO DA DISSERTA\u00c7\u00c3O:\u00a0<\/strong>MARCADORES ANTROPOM\u00c9TRICOS E METAB\u00d3LICOS EM ADOLESCENTES COM EXCESSO DE PESO SUBMETIDOS A UM PROGRAMA DE INTERVEN\u00c7\u00c3O<\/span><br \/>\n<span style=\"color: #000000\"><strong>ORIENTADOR<\/strong><strong>:<\/strong>\u00a0Prof. Dr. Humberto Jefferson de Medeiros<\/span><br \/>\n<span style=\"color: #000000\"><strong>DATA DA DEFESA:\u00a0<\/strong>03\/02\/2014<\/span><\/p>\n<p><span style=\"color: #000000\"><a style=\"color: #000000\" title=\"Disserta\u00e7\u00e3o\" href=\"https:\/\/www.uern.br\/controledepaginas\/ppgss-defendidas\/arquivos\/2874dissertaa\u2021a\u0192o_nailton_albuquerque_ppgss_uern.zip\" target=\"_blank\" rel=\"noopener\"><span style=\"color: #000080\">Trabalho completo<\/span><\/a>\u00a0(Dispon\u00edvel para download)<\/span><\/p>\n<hr \/>\n<p><span style=\"color: #000000\"><strong>DISCENTE:\u00a0<\/strong>SUZANE GOMES DE MEDEIROS DANTAS<\/span><br \/>\n<span style=\"color: #000000\"><strong>T\u00cdTULO DA DISSERTA\u00c7\u00c3O:\u00a0<\/strong>ACESSIBILIDADE F\u00cdSICA E A ASSIST\u00caNCIA \u00c0 IDOSA NA ATEN\u00c7\u00c3O PRIM\u00c1RIA NO MUNIC\u00cdPIO DE MOSSOR\u00d3-RN<\/span><br \/>\n<span style=\"color: #000000\"><strong>ORIENTADORA<\/strong><strong>:<\/strong>\u00a0Prof\u00aa. Dr\u00aa F\u00e1tima Raquel Rosado Morais<\/span><br \/>\n<span style=\"color: #000000\"><strong>DATA DA DEFESA:\u00a0<\/strong>25\/04\/2014<\/span><\/p>\n<p><span style=\"color: #000000\"><a style=\"color: #000000\" title=\"Disserta\u00e7\u00e3o\" href=\"https:\/\/www.uern.br\/controledepaginas\/ppgss-defendidas\/arquivos\/2874dissertaa\u00a7a\u00a3o_suzane_gomes_de_medeiros_dantas_ppgss_uern.zip\" target=\"_blank\" rel=\"noopener\"><span style=\"color: #000080\">Trabalho completo<\/span><\/a>\u00a0(Dispon\u00edvel para download)<\/span><\/p>\n<hr \/>\n<p><span style=\"color: #000000\"><strong>DISCENTE:\u00a0<\/strong>THIAGO FERNANDO DE ARA\u00daJO<\/span><br \/>\n<span style=\"color: #000000\"><strong>T\u00cdTULO DA DISSERTA\u00c7\u00c3O:\u00a0<\/strong><em>SOFTWARE<\/em>\u00a0PARA AUTOMA\u00c7\u00c3O DOS CRIT\u00c9RIOS DIAGN\u00d3STICOS PARA PESQUISA EM DISFUN\u00c7\u00d5ES TEMPOROMANDIBULARES (RDC\/TMD): DESENVOLVIMENTO E VALIDA\u00c7\u00c3O CL\u00cdNICA DO EIXO I<\/span><br \/>\n<span style=\"color: #000000\"><strong>ORIENTADOR<\/strong><strong>:<\/strong>\u00a0Prof. Dr. Eduardo Jos\u00e9 Guerra Seabra<\/span><br \/>\n<span style=\"color: #000000\"><strong>DATA DA DEFESA:\u00a0<\/strong>03\/04\/2014<\/span><\/p>\n<p><span style=\"color: #000000\"><a style=\"color: #000000\" title=\"Disserta\u00e7\u00e3o\" href=\"https:\/\/www.uern.br\/controledepaginas\/ppgss-defendidas\/arquivos\/2874dissertaa\u00a7a\u00a3o_thiago_fernando_de_araajo_silva_ppgss_uern.zip\" target=\"_blank\" rel=\"noopener\"><span style=\"color: #000080\">Trabalho completo<\/span><\/a>\u00a0(Dispon\u00edvel para download)<\/span><\/p>\n<hr \/>\n<p><span style=\"color: #000000\"><strong>DISCENTE:\u00a0<\/strong>THIAGO RENEE FELIPE<\/span><br \/>\n<span style=\"color: #000000\"><strong>T\u00cdTULO DA DISSERTA\u00c7\u00c3O:\u00a0<\/strong>EXERC\u00cdCIO AER\u00d3BICO: RESPOSTAS PERCEPTIVAS E AFETIVAS EM PACIENTES COM DOEN\u00c7A ARTERIAL CORONARIANA, SUBMETIDOS A UM EST\u00cdMULO AUDITIVO<\/span><br \/>\n<span style=\"color: #000000\"><strong>ORIENTADORA<\/strong><strong>:<\/strong>\u00a0Prof\u00aa. Dr\u00aa. Maria Irany Knackfuss<\/span><br \/>\n<span style=\"color: #000000\"><strong>DATA DA DEFESA:\u00a0<\/strong>28\/04\/2014<\/span><\/p>\n<p><span style=\"color: #000000\"><a style=\"color: #000000\" title=\"Disserta\u00e7\u00e3o\" href=\"https:\/\/www.uern.br\/controledepaginas\/ppgss-defendidas\/arquivos\/2874dissertaa\u2021a\u0192o_thiago_renee_ppgss_uern.zip\" target=\"_blank\" rel=\"noopener\"><span style=\"color: #000080\">Trabalho completo<\/span><\/a>\u00a0(Dispon\u00edvel para download)<\/span><\/p>\n<hr \/>\n<p><span style=\"color: #000000\"><strong>DISCENTE:\u00a0<\/strong>UBILINA MARIA DA CONCEI\u00c7\u00c3O MAIA<\/span><br \/>\n<span style=\"color: #000000\"><strong>T\u00cdTULO DA DISSERTA\u00c7\u00c3O:\u00a0<\/strong>HIV\/AIDS: PERCEP\u00c7\u00c3O SUBJETIVA DE ESFOR\u00c7O, RESPOSTA AFETIVA E ESTADO DE HUMOR EM SESS\u00c3O DE EXERC\u00cdCIO AER\u00d3BICO<\/span><br \/>\n<span style=\"color: #000000\"><strong>ORIENTADORA<\/strong><strong>:<\/strong>\u00a0Prof\u00aa. Dr\u00aa. Maria Irany Knackfuss<\/span><br \/>\n<span style=\"color: #000000\"><strong>DATA DA DEFESA:\u00a0<\/strong>04\/04\/2014<\/span><\/p>\n<p><span style=\"color: #000000\"><a style=\"color: #000000\" title=\"Disserta\u00e7\u00e3o\" href=\"https:\/\/www.uern.br\/controledepaginas\/ppgss-defendidas\/arquivos\/2874dissertaa\u2021a\u0192o_ubilina_maria_da_conceia\u2021a\u0192o_maia_ppgss_uern.zip\" target=\"_blank\" rel=\"noopener\"><span style=\"color: #000080\">Trabalho completo<\/span><\/a>\u00a0(Dispon\u00edvel para download)<\/span><\/p>\n","protected":false},"excerpt":{"rendered":"<p>DISSERTA\u00c7\u00d5ES CONCLU\u00cdDAS EM 2014 DISCENTE:\u00a0AM\u00c9LIA CAROLINA LOPES FERNANDES T\u00cdTULO DA DISSERTA\u00c7\u00c3O:\u00a0EDUCANDO PARA A DIVERSIDADE: A FORMA\u00c7\u00c3O DO ENFERMEIRO COM VISTAS \u00c0 EDUCA\u00c7\u00c3O INCLUSIVA ORIENTADORA:\u00a0Prof\u00aa. Dr\u00aa\u00a0 Mo\u00eamia Gomes de Oliveira Miranda DATA DA DEFESA:\u00a025\/04\/2014 Trabalho completo\u00a0(Dispon\u00edvel para download) DISCENTE:\u00a0ANTONIO CARLOS DE MEDEIROS T\u00cdTULO DA DISSERTA\u00c7\u00c3O:\u00a0SOROPREVAL\u00caNCIA E OS FATORES ASSOCIADOS \u00c0 INFEC\u00c7\u00c3O PELO\u00a0TRYPANOSOMA CRUZI\u00a0NO MUNIC\u00cdPIO FELIPE GUERRA-RN, [&hellip;]<\/p>\n","protected":false},"author":17,"featured_media":0,"parent":0,"menu_order":0,"comment_status":"closed","ping_status":"closed","template":"","meta":{"footnotes":""},"class_list":["post-549","page","type-page","status-publish","hentry"],"_links":{"self":[{"href":"https:\/\/portal.uern.br\/propeg\/ppgss\/wp-json\/wp\/v2\/pages\/549","targetHints":{"allow":["GET"]}}],"collection":[{"href":"https:\/\/portal.uern.br\/propeg\/ppgss\/wp-json\/wp\/v2\/pages"}],"about":[{"href":"https:\/\/portal.uern.br\/propeg\/ppgss\/wp-json\/wp\/v2\/types\/page"}],"author":[{"embeddable":true,"href":"https:\/\/portal.uern.br\/propeg\/ppgss\/wp-json\/wp\/v2\/users\/17"}],"replies":[{"embeddable":true,"href":"https:\/\/portal.uern.br\/propeg\/ppgss\/wp-json\/wp\/v2\/comments?post=549"}],"version-history":[{"count":3,"href":"https:\/\/portal.uern.br\/propeg\/ppgss\/wp-json\/wp\/v2\/pages\/549\/revisions"}],"predecessor-version":[{"id":553,"href":"https:\/\/portal.uern.br\/propeg\/ppgss\/wp-json\/wp\/v2\/pages\/549\/revisions\/553"}],"wp:attachment":[{"href":"https:\/\/portal.uern.br\/propeg\/ppgss\/wp-json\/wp\/v2\/media?parent=549"}],"curies":[{"name":"wp","href":"https:\/\/api.w.org\/{rel}","templated":true}]}}