{"id":947,"date":"2025-02-11T11:33:50","date_gmt":"2025-02-11T14:33:50","guid":{"rendered":"https:\/\/portal.uern.br\/propeg\/ppgcn\/?page_id=947"},"modified":"2025-10-24T11:16:51","modified_gmt":"2025-10-24T14:16:51","slug":"coloquios-e-minicursos","status":"publish","type":"page","link":"https:\/\/portal.uern.br\/propeg\/ppgcn\/coloquios-e-minicursos\/","title":{"rendered":"Col\u00f3quios e Minicursos"},"content":{"rendered":"<p><strong>Confer\u00eancia<\/strong><\/p>\n<p><img fetchpriority=\"high\" decoding=\"async\" class=\"aligncenter wp-image-1927\" src=\"http:\/\/portal.uern.br\/propeg\/ppgcn\/wp-content\/uploads\/sites\/12\/2025\/10\/Pericia-e-Ciencias-Socioambientais-768x1024.jpeg\" alt=\"\" width=\"530\" height=\"707\" srcset=\"https:\/\/portal.uern.br\/propeg\/ppgcn\/wp-content\/uploads\/sites\/12\/2025\/10\/Pericia-e-Ciencias-Socioambientais-768x1024.jpeg 768w, https:\/\/portal.uern.br\/propeg\/ppgcn\/wp-content\/uploads\/sites\/12\/2025\/10\/Pericia-e-Ciencias-Socioambientais-225x300.jpeg 225w, https:\/\/portal.uern.br\/propeg\/ppgcn\/wp-content\/uploads\/sites\/12\/2025\/10\/Pericia-e-Ciencias-Socioambientais.jpeg 1080w\" sizes=\"(max-width: 530px) 100vw, 530px\" \/><\/p>\n<p>Participe da confer\u00eancia &#8220;Per\u00edcia e Ci\u00eancias Socioambientais: desafios na avalia\u00e7\u00e3o de impactos ambientais contempor\u00e2neos&#8221;, com o Dr. Josimar de Almeida (UERJ) \u2014 refer\u00eancia na \u00e1rea de Per\u00edcia Ambiental.<\/p>\n<p>\ud83d\uddd3 04 de novembro de 2025 (ter\u00e7a-feira)<br \/>\n\u23f0 14h<br \/>\n\ud83d\udccd Transmiss\u00e3o no YouTube: UERNOficial &#8211; https:\/\/www.youtube.com\/@UERNOficial<\/p>\n<p>\ud83c\udf99 Media\u00e7\u00e3o: Dra. M\u00e1rcia Regina Farias (UERN)<\/p>\n<p>\ud83d\udcac Composi\u00e7\u00e3o da mesa:<br \/>\nDr. Rodrigo Guimar\u00e3es (UERN)<br \/>\nDr. Wendson Dantas Medeiros (UERN)<br \/>\nDra. Elis Regina de Morais (UFERSA)<\/p>\n<p>\ud83c\udf93 Inscreva-se gratuitamente pelo link: https:\/\/forms.gle\/YMNdZbt31Eu5newY9<\/p>\n<p>&nbsp;<\/p>\n<p><strong>Curso de capacita\u00e7\u00e3o (Te\u00f3rico\/Pr\u00e1tico) &#8211; Ajuste osm\u00f3tico: respostas metab\u00f3licas das plantas sob estresse<\/strong><br \/>\n<strong>Ministrante:<\/strong> Kleane Targino Oliveira Pereira<br \/>\nPNPD Programa de P\u00f3s-Gradua\u00e7\u00e3o em Ci\u00eancias Naturais (PPGCN\/UERN)<br \/>\n<strong>Data:<\/strong> 16 a 20 de dezembro de 2024<\/p>\n<p><img decoding=\"async\" class=\"alignnone wp-image-957\" src=\"http:\/\/portal.uern.br\/propeg\/ppgcn\/wp-content\/uploads\/sites\/12\/2025\/02\/Folder-Minicurso-Kleane_page-0001-300x169.jpg\" alt=\"\" width=\"604\" height=\"340\" srcset=\"https:\/\/portal.uern.br\/propeg\/ppgcn\/wp-content\/uploads\/sites\/12\/2025\/02\/Folder-Minicurso-Kleane_page-0001-300x169.jpg 300w, https:\/\/portal.uern.br\/propeg\/ppgcn\/wp-content\/uploads\/sites\/12\/2025\/02\/Folder-Minicurso-Kleane_page-0001-1024x576.jpg 1024w, https:\/\/portal.uern.br\/propeg\/ppgcn\/wp-content\/uploads\/sites\/12\/2025\/02\/Folder-Minicurso-Kleane_page-0001-768x432.jpg 768w, https:\/\/portal.uern.br\/propeg\/ppgcn\/wp-content\/uploads\/sites\/12\/2025\/02\/Folder-Minicurso-Kleane_page-0001-1536x864.jpg 1536w, https:\/\/portal.uern.br\/propeg\/ppgcn\/wp-content\/uploads\/sites\/12\/2025\/02\/Folder-Minicurso-Kleane_page-0001-2048x1152.jpg 2048w\" sizes=\"(max-width: 604px) 100vw, 604px\" \/><\/p>\n<div><\/div>\n<div><strong><strong><strong>Col\u00f3quio em Ci\u00eancias Ambientais &#8211; Processos Catal\u00edticos em Refino de Petr\u00f3leo<\/strong><\/strong><\/strong><\/div>\n<div>\n<p>Palestrante: Prof. Dr. Alexandre de Castro Leiras Gomes<br \/>\nEscola de Qu\u00edmica<br \/>\nUniversidade Federal do Rio de Janeiro &#8211; UFRJ<br \/>\nData: 30\/11\/23, 14-16h<\/p>\n<\/div>\n<div><strong><strong><strong>\u00a0<\/strong><\/strong><\/strong><\/div>\n<div><strong><strong><strong><img decoding=\"async\" src=\"http:\/\/www.uern.br\/controledepaginas\/mestrado-eventos\/imagens\/0643alexandre_1.jpeg\" alt=\"\" width=\"600\" height=\"400\" \/><\/strong><\/strong><\/strong><\/div>\n<div><strong><strong><strong>\u00a0<\/strong><\/strong><\/strong><\/div>\n<div><strong><strong><strong><img loading=\"lazy\" decoding=\"async\" src=\"http:\/\/www.uern.br\/controledepaginas\/mestrado-eventos\/imagens\/0643alexandre.jpeg\" alt=\"\" width=\"600\" height=\"400\" \/><\/strong><\/strong><\/strong><\/div>\n<div><strong><strong><strong>\u00a0<\/strong><\/strong><\/strong><\/div>\n<div><strong><strong><strong>Col\u00f3quio\u00a0<strong>em Ci\u00eancias Ambientai<\/strong>s &#8211;\u00a0A\u00e7\u00f5es do ISI-ER na \u00e1rea de H<sub>2<\/sub>\u00a0e Combust\u00edveis Avan\u00e7ados<\/strong><br \/>\n<\/strong><\/strong>Palestrante: Dra. Fabiola Correia de Carvalho<br \/>\nInstituto SENAI de Inova\u00e7\u00e3o em Energias Renov\u00e1veis.<br \/>\nData: 21\/11\/23, 08-10h<\/div>\n<div><\/div>\n<div><img loading=\"lazy\" decoding=\"async\" src=\"http:\/\/www.uern.br\/controledepaginas\/mestrado-eventos\/imagens\/0643fabiola.jpeg\" alt=\"\" width=\"600\" height=\"450\" \/><\/div>\n<div><strong><strong>\u00a0<\/strong><\/strong><\/div>\n<div><strong><strong>Col\u00f3quio em Ci\u00eancias Ambientais &#8211;\u00a0A qu\u00edmica renov\u00e1vel do bio-\u00f3leo<\/strong><br \/>\n<\/strong>Palestrante: Prof. Dr. Alberto Wisniewski Jr.<br \/>\nDepartamento de Qu\u00edmica<br \/>\nUniversidade Federal de Sergipe &#8211; UFS<br \/>\nData: 14\/11\/23, 08-10h<\/div>\n<div><\/div>\n<div><img loading=\"lazy\" decoding=\"async\" src=\"http:\/\/www.uern.br\/controledepaginas\/mestrado-eventos\/imagens\/0643alberto.jpeg\" alt=\"\" width=\"600\" height=\"400\" \/><\/div>\n<div><strong>\u00a0<\/strong><\/div>\n<div><strong>Col\u00f3quio\u00a0<strong><strong>em Ci\u00eancias Ambientais\u00a0<\/strong>&#8211;\u00a0Biocarv\u00e3o: Elo Sustent\u00e1vel entre Biomassa e Inova\u00e7\u00e3o Energ\u00e9tica<\/strong><br \/>\n<\/strong>Palestrante: Profa. Dra. Aruzza Mabel de Morais Ara\u00fajo<br \/>\nInstituto de Qu\u00edmica<br \/>\nUniversidade Federal do Rio Grande do Norte &#8211; UFRN<br \/>\nData: 07\/11\/23, 08-10h<\/div>\n<div><\/div>\n<div><strong><img loading=\"lazy\" decoding=\"async\" src=\"http:\/\/www.uern.br\/controledepaginas\/mestrado-eventos\/imagens\/0643aruzza.jpeg\" alt=\"\" width=\"600\" height=\"400\" \/><\/strong><\/div>\n<div><strong>\u00a0<\/strong><\/div>\n<div><strong>Minicurso &#8221; Termogravimetria: Teoria e pr\u00e1tica&#8221;<\/strong><\/div>\n<div><\/div>\n<div>Est\u00e3o dispon\u00edveis as inscri\u00e7\u00f5es para participa\u00e7\u00e3o no minicurso &#8220;Termogravimetria: Teoria e pr\u00e1tica&#8221;, ministrado pelo professor Dr. Vinicius patr\u00edcio Santos Caldeira (UERN) e pela Mestranda em ci\u00eancias naturais (PPGCN\/UERN)\u00a0 Ana Claudia, autores do livro manual pr\u00e1tico \u00a0de termogravimetria. O evento ser\u00e1 realizado no dia 03 de agosto de 2023, no audit\u00f3rio do PRODEPE, UERN &#8211; FANAT, Campus Central, das 18h \u00e0s 22h.<\/div>\n<div>Taxa de Inscri\u00e7\u00e3o: R$ 50,00*<\/div>\n<div>*Alunos da UERN ter\u00e3o 50% de desconto no valor da inscri\u00e7\u00e3o.<\/div>\n<div>Exemplar do Livro &#8220;Manual Pr\u00e1tico de Termogravimetria&#8221; <strong>GR\u00c1TIS!<\/strong><\/div>\n<div>INSCRI\u00c7\u00d5ES PELO LINK:<\/div>\n<div>\n<div><strong><a href=\"https:\/\/docs.google.com\/forms\/d\/e\/1FAIpQLSeyE0HXdCOJGKNX46Em2alyga_KAxVJD7YraiBKLpf8qrjTXw\/viewform\">https:\/\/forms.gle\/eWKLr5MDAtDubCUK6<\/a><\/strong><\/div>\n<\/div>\n<p><strong>\u00a0<\/strong><\/p>\n<p><strong>COL\u00d3QUIO DO PPGCN &#8211; Esterifica\u00e7\u00e3o: Um caminho para a Valoriza\u00e7\u00e3o de Rejeitos<\/strong><\/p>\n<p><strong> <img loading=\"lazy\" decoding=\"async\" class=\"alignnone wp-image-952\" src=\"http:\/\/portal.uern.br\/propeg\/ppgcn\/wp-content\/uploads\/sites\/12\/2025\/02\/Folder-Coloquio-Luis-Adriano_page-0001-300x169.jpg\" alt=\"\" width=\"499\" height=\"281\" srcset=\"https:\/\/portal.uern.br\/propeg\/ppgcn\/wp-content\/uploads\/sites\/12\/2025\/02\/Folder-Coloquio-Luis-Adriano_page-0001-300x169.jpg 300w, https:\/\/portal.uern.br\/propeg\/ppgcn\/wp-content\/uploads\/sites\/12\/2025\/02\/Folder-Coloquio-Luis-Adriano_page-0001-1024x576.jpg 1024w, https:\/\/portal.uern.br\/propeg\/ppgcn\/wp-content\/uploads\/sites\/12\/2025\/02\/Folder-Coloquio-Luis-Adriano_page-0001-768x432.jpg 768w, https:\/\/portal.uern.br\/propeg\/ppgcn\/wp-content\/uploads\/sites\/12\/2025\/02\/Folder-Coloquio-Luis-Adriano_page-0001-1536x864.jpg 1536w, https:\/\/portal.uern.br\/propeg\/ppgcn\/wp-content\/uploads\/sites\/12\/2025\/02\/Folder-Coloquio-Luis-Adriano_page-0001-2048x1152.jpg 2048w\" sizes=\"(max-width: 499px) 100vw, 499px\" \/><\/strong><\/p>\n<p><strong>GALERIA DE FOTOS<\/strong><\/p>\n<p><img loading=\"lazy\" decoding=\"async\" src=\"http:\/\/www.uern.br\/controledepaginas\/mestrado-eventos\/imagens\/0643whatsapp_image_2022_08_05_at_10.53.08.jpeg\" alt=\"\" width=\"500\" height=\"300\" \/><\/p>\n<p>&nbsp;<\/p>\n<p><img loading=\"lazy\" decoding=\"async\" src=\"http:\/\/www.uern.br\/controledepaginas\/mestrado-eventos\/imagens\/0643whatsapp_image_2022_08_05_at_10.53.10.jpeg\" alt=\"\" width=\"500\" height=\"300\" \/><\/p>\n<p>&nbsp;<\/p>\n<p><img loading=\"lazy\" decoding=\"async\" src=\"http:\/\/www.uern.br\/controledepaginas\/mestrado-eventos\/imagens\/0643whatsapp_image_2022_08_05_at_10.53.11.jpeg\" alt=\"\" width=\"500\" height=\"300\" \/><\/p>\n<p>&nbsp;<\/p>\n<p><img loading=\"lazy\" decoding=\"async\" src=\"http:\/\/www.uern.br\/controledepaginas\/mestrado-eventos\/imagens\/0643whatsapp_image_2022_08_05_at_10.53.12.jpeg\" alt=\"\" width=\"500\" height=\"300\" \/><\/p>\n<p>&nbsp;<\/p>\n<p>&nbsp;<\/p>\n<p><strong>Col\u00f3quio &#8220;Como intera\u00e7\u00f5es ecol\u00f3gicas podem afetar a vida humana e vice-versa?&#8221;<\/strong><\/p>\n<p>&nbsp;<\/p>\n<p><img loading=\"lazy\" decoding=\"async\" src=\"http:\/\/www.uern.br\/controledepaginas\/mestrado-eventos\/imagens\/0643slide1.jpg\" alt=\"\" width=\"500\" height=\"300\" \/><\/p>\n<p><strong>Galeria de Fotos:<\/strong><\/p>\n<p><img loading=\"lazy\" decoding=\"async\" src=\"http:\/\/www.uern.br\/controledepaginas\/mestrado-eventos\/imagens\/0643whatsapp_image_2021_07_05_at_20.54.44_(4).jpeg\" alt=\"\" width=\"500\" height=\"300\" \/><\/p>\n<p>&nbsp;<\/p>\n<p><img loading=\"lazy\" decoding=\"async\" src=\"http:\/\/www.uern.br\/controledepaginas\/mestrado-eventos\/imagens\/0643whatsapp_image_2021_07_05_at_20.54.44_(5).jpeg\" alt=\"\" width=\"500\" height=\"300\" \/><\/p>\n<p>&nbsp;<\/p>\n<p><img loading=\"lazy\" decoding=\"async\" src=\"http:\/\/www.uern.br\/controledepaginas\/mestrado-eventos\/imagens\/0643whatsapp_image_2021_07_05_at_20.54.44_(8).jpeg\" alt=\"\" width=\"500\" height=\"300\" \/><\/p>\n<p>&nbsp;<\/p>\n<p><img loading=\"lazy\" decoding=\"async\" src=\"https:\/\/www.uern.br\/controledepaginas\/mestrado-eventos\/imagens\/0643folder_j%C3%A3%C2%B4nnata.jpg\" alt=\"\" width=\"500\" height=\"300\" \/><\/p>\n<p>&nbsp;<\/p>\n<p><img loading=\"lazy\" decoding=\"async\" src=\"https:\/\/www.uern.br\/controledepaginas\/mestrado-eventos\/imagens\/0643folder_coloquio_ca_adonay_2.jpg\" alt=\"\" width=\"500\" height=\"300\" \/><\/p>\n<p>&nbsp;<\/p>\n<p><img loading=\"lazy\" decoding=\"async\" src=\"https:\/\/www.uern.br\/controledepaginas\/mestrado-eventos\/imagens\/0643introdu%C3%A3%C2%A7%C3%A3%C2%A3o_ao_latex.jpg\" alt=\"\" width=\"500\" height=\"300\" \/><\/p>\n<p>&nbsp;<\/p>\n<p><strong>GALERIA DE FOTOS: MINICURSO &#8220;COMO ELABORAR UM GR\u00c1FICO&#8221;<\/strong><\/p>\n<p><strong>\u00a0<\/strong><\/p>\n<p><strong><img loading=\"lazy\" decoding=\"async\" src=\"https:\/\/www.uern.br\/controledepaginas\/mestrado-eventos\/imagens\/0643photo_2019_11_12_11_02_17.jpg\" alt=\"\" width=\"500\" height=\"300\" \/><\/strong><\/p>\n<p><strong>\u00a0<\/strong><\/p>\n<p><strong><img loading=\"lazy\" decoding=\"async\" src=\"https:\/\/www.uern.br\/controledepaginas\/mestrado-eventos\/imagens\/0643img_20181030_wa0003.jpg\" alt=\"\" width=\"500\" height=\"300\" \/><\/strong><\/p>\n<p><strong>\u00a0<\/strong><\/p>\n<p><strong><img loading=\"lazy\" decoding=\"async\" src=\"https:\/\/www.uern.br\/controledepaginas\/mestrado-eventos\/imagens\/0643photo_2019_11_12_11_02_17_(1).jpg\" alt=\"\" width=\"500\" height=\"300\" \/><\/strong><\/p>\n<p><strong>\u00a0<\/strong><\/p>\n<p><strong><img loading=\"lazy\" decoding=\"async\" src=\"https:\/\/www.uern.br\/controledepaginas\/mestrado-eventos\/imagens\/0643photo_2019_11_12_11_02_20.jpg\" alt=\"\" width=\"500\" height=\"300\" \/><\/strong><\/p>\n<p><strong>\u00a0<\/strong><\/p>\n<p><strong><strong>GALERIA DE FOTOS: MINICURSO &#8220;ESTRUTURA CRISTALINA DE NANOELEMENTOS&#8221;<\/strong><\/strong><\/p>\n<p><strong><strong>\u00a0<\/strong><\/strong><\/p>\n<p><strong><strong><img loading=\"lazy\" decoding=\"async\" src=\"https:\/\/www.uern.br\/controledepaginas\/mestrado-eventos\/imagens\/06432.jpg\" alt=\"\" width=\"500\" height=\"300\" \/><\/strong><\/strong><\/p>\n<p><strong><strong>\u00a0<\/strong><\/strong><\/p>\n<p><strong><strong><img loading=\"lazy\" decoding=\"async\" src=\"https:\/\/www.uern.br\/controledepaginas\/mestrado-eventos\/imagens\/06431.jpg\" alt=\"\" width=\"500\" height=\"300\" \/><\/strong><\/strong><\/p>\n<p><strong><strong>\u00a0<\/strong><\/strong><\/p>\n<p><strong><strong><strong>GALERIA DE FOTOS: MINICURSO &#8220;CARACTERIZA\u00c7\u00c3O TEXTURAL DE NANOMATERIAIS SOB ADSOR\u00c7\u00c3O DE GASES&#8221;<\/strong><\/strong><\/strong><\/p>\n<p><strong><strong><strong>\u00a0<\/strong><\/strong><\/strong><\/p>\n<p><strong><strong><strong><img loading=\"lazy\" decoding=\"async\" src=\"https:\/\/www.uern.br\/controledepaginas\/mestrado-eventos\/imagens\/0643img_20181030_wa0003.jpg\" alt=\"\" width=\"500\" height=\"300\" \/><\/strong><\/strong><\/strong><\/p>\n<p><strong><strong><strong>\u00a0<\/strong><\/strong><\/strong><\/p>\n<p><strong><strong><strong><img loading=\"lazy\" decoding=\"async\" src=\"https:\/\/www.uern.br\/controledepaginas\/mestrado-eventos\/imagens\/0643thumbnail_(3).jpg\" alt=\"\" width=\"500\" height=\"300\" \/><\/strong><\/strong><\/strong><\/p>\n<p><strong><strong><strong>\u00a0<\/strong><\/strong><\/strong><\/p>\n<p><strong><strong><strong><img loading=\"lazy\" decoding=\"async\" src=\"https:\/\/www.uern.br\/controledepaginas\/mestrado-eventos\/imagens\/0643thumbnail_(2).jpg\" alt=\"\" width=\"500\" height=\"300\" \/><\/strong><\/strong><\/strong><\/p>\n<p><strong><strong><strong>\u00a0<\/strong><\/strong><\/strong><\/p>\n<p><strong><strong><strong><img loading=\"lazy\" decoding=\"async\" src=\"https:\/\/www.uern.br\/controledepaginas\/mestrado-eventos\/imagens\/0643thumbnail_(4).jpg\" alt=\"\" width=\"500\" height=\"300\" \/><\/strong><\/strong><\/strong><\/p>\n","protected":false},"excerpt":{"rendered":"<p>Confer\u00eancia Participe da confer\u00eancia &#8220;Per\u00edcia e Ci\u00eancias Socioambientais: desafios na avalia\u00e7\u00e3o de impactos ambientais contempor\u00e2neos&#8221;, com o Dr. Josimar de Almeida (UERJ) \u2014 refer\u00eancia na \u00e1rea de Per\u00edcia Ambiental. \ud83d\uddd3 04 de novembro de 2025 (ter\u00e7a-feira) \u23f0 14h \ud83d\udccd Transmiss\u00e3o no YouTube: UERNOficial &#8211; https:\/\/www.youtube.com\/@UERNOficial \ud83c\udf99 Media\u00e7\u00e3o: Dra. M\u00e1rcia Regina Farias (UERN) \ud83d\udcac Composi\u00e7\u00e3o da [&hellip;]<\/p>\n","protected":false},"author":21,"featured_media":0,"parent":0,"menu_order":0,"comment_status":"closed","ping_status":"closed","template":"","meta":{"footnotes":""},"class_list":["post-947","page","type-page","status-publish","hentry"],"_links":{"self":[{"href":"https:\/\/portal.uern.br\/propeg\/ppgcn\/wp-json\/wp\/v2\/pages\/947","targetHints":{"allow":["GET"]}}],"collection":[{"href":"https:\/\/portal.uern.br\/propeg\/ppgcn\/wp-json\/wp\/v2\/pages"}],"about":[{"href":"https:\/\/portal.uern.br\/propeg\/ppgcn\/wp-json\/wp\/v2\/types\/page"}],"author":[{"embeddable":true,"href":"https:\/\/portal.uern.br\/propeg\/ppgcn\/wp-json\/wp\/v2\/users\/21"}],"replies":[{"embeddable":true,"href":"https:\/\/portal.uern.br\/propeg\/ppgcn\/wp-json\/wp\/v2\/comments?post=947"}],"version-history":[{"count":10,"href":"https:\/\/portal.uern.br\/propeg\/ppgcn\/wp-json\/wp\/v2\/pages\/947\/revisions"}],"predecessor-version":[{"id":1929,"href":"https:\/\/portal.uern.br\/propeg\/ppgcn\/wp-json\/wp\/v2\/pages\/947\/revisions\/1929"}],"wp:attachment":[{"href":"https:\/\/portal.uern.br\/propeg\/ppgcn\/wp-json\/wp\/v2\/media?parent=947"}],"curies":[{"name":"wp","href":"https:\/\/api.w.org\/{rel}","templated":true}]}}