{"id":888,"date":"2024-12-12T17:23:08","date_gmt":"2024-12-12T20:23:08","guid":{"rendered":"https:\/\/portal.uern.br\/propeg\/ppgcn\/?page_id=888"},"modified":"2025-04-07T11:31:24","modified_gmt":"2025-04-07T14:31:24","slug":"infra-estrutura","status":"publish","type":"page","link":"https:\/\/portal.uern.br\/propeg\/ppgcn\/infra-estrutura\/","title":{"rendered":"Infra-Estrutura"},"content":{"rendered":"<p style=\"text-align: justify\"><strong>Laborat\u00f3rios e Equipamentos:\u00a0<\/strong>O volume significativo de recursos alcan\u00e7ado por um esfor\u00e7o coletivo dos docentes envolvidos no PPGCN, por meio de projetos de pesquisa financiados por ag\u00eancias de fomento (projetos individuais e do tipo multiusu\u00e1rio\/institucional), tem permitido a implanta\u00e7\u00e3o e manuten\u00e7\u00e3o de uma boa infraestrutura de pesquisa.<\/p>\n<div class=\"texto\">\n<p style=\"text-align: justify\">A qualidade das pesquisas desenvolvidas na Faculdade de Ci\u00eancias Exatas e Naturais \u2013 FANAT\/UERN (faculdade a qual o MCN est\u00e1 vinculado), aliada \u00e0 qualidade do corpo docente do PPGCN e \u00e0 versatilidade dos projetos desenvolvidos em \u00e1reas de fronteira, com abordagem multidisciplinar, se constitu\u00edram nos principais fatores que permitiram uma resposta positiva aos editais e recursos financeiros outorgados pelas ag\u00eancias estaduais e federais de fomento \u00e0 pesquisa. Al\u00e9m disso, as adequa\u00e7\u00f5es dos laborat\u00f3rios de pesquisa tem sido uma prioridade na UERN, para atender \u00e0 demanda de alunos de P\u00f3s-Gradua\u00e7\u00e3o e Gradua\u00e7\u00e3o que desenvolvem trabalhos de pesquisa. Os equipamentos de grande porte multiusu\u00e1rios adquiridos atrav\u00e9s de editais foram: 01 Cromat\u00f3grafo gasoso com detector espectrom\u00e9trico de massas (GC\/MS); 01 microsc\u00f3pio eletr\u00f4nico de varredura (MEV); 01 espectr\u00f4metro de plasma induzido de arg\u00f4nio com detec\u00e7\u00e3o de massas quadrupolar (ICP\/MS); 01 Cromat\u00f3grafo i\u00f4nico com detector de condutividade; 02 fornos de micro-ondas anal\u00edticos, 01 Cromat\u00f3grafo l\u00edquido de alta efici\u00eancia e 01 an\u00e1lise t\u00e9rmica\/DSC. Al\u00e9m disso, foram aprovados mais 05 equipamentos de grande porte (01 espectr\u00f4metro de infra-vermelho de alta resolu\u00e7\u00e3o, 01 medidor de carbono org\u00e2nico total, 01 potenciostato\/galvanostato com buster de corrente e sistema de eletrodo rotat\u00f3rio).<\/p>\n<p style=\"text-align: justify\">Atualmente, o PPGCN disp\u00f5e de 16 laborat\u00f3rios, contendo infraestrutura de m\u00f3veis, equipamentos, materiais de consumo, impressoras, computadores conectados \u00e0 internet, material bibliogr\u00e1fico, dentre outros espec\u00edficos de cada \u00e1rea. Vale salientar que esses laborat\u00f3rios pertencem \u00e0 UERN, sendo todos localizados no Campus Central, onde funciona o PPGCN.<\/p>\n<p style=\"text-align: justify\"><strong>Coordena\u00e7\u00e3o e Salas de Aula:<\/strong>\u00a0Em termos de \u00e1rea administrativa, o programa conta com uma Secretaria de P\u00f3s-Gradua\u00e7\u00e3o de aproximadamente 20 m2, contendo a seguinte infraestrutura: mesa para o secret\u00e1rio, cadeiras, computador de mesa, impressora e arm\u00e1rio para a organiza\u00e7\u00e3o de equipamentos de uso comum e documentos dos alunos.<\/p>\n<p style=\"text-align: justify\">Para as aulas, s\u00e3o utilizadas uma Sala de Semin\u00e1rios disponibilizada para a p\u00f3s-gradua\u00e7\u00e3o e salas de aula da gradua\u00e7\u00e3o, as quais cont\u00eam quadro branco, tela de proje\u00e7\u00e3o e capacidade para 25 alunos.<\/p>\n<p style=\"text-align: justify\">Para os exames de qualifica\u00e7\u00e3o e defesas de disserta\u00e7\u00e3o, o Programa conta com um mini audit\u00f3rio com capacidade para 50 pessoas. Para fins de estudos, os alunos do MCN contam com uma sala de 25 m2 que, atualmente, atende a todos os alunos matriculados, al\u00e9m da disponibilidade de espa\u00e7o nos laborat\u00f3rios do programa e\/ou nas salas dos docentes. Os laborat\u00f3rios disp\u00f5em tamb\u00e9m de acervos bibliogr\u00e1ficos espec\u00edficos para as respectivas \u00e1reas de pesquisa.<\/p>\n<p style=\"text-align: justify\">Encontra-se em constru\u00e7\u00e3o um pr\u00e9dio de um piso, no qual haver\u00e1 disponibilidade de espa\u00e7os para a secretaria, salas de aula, sala para alunos e audit\u00f3rio aprovada pelo CT-INFRA 01\/2013. Em um futuro pr\u00f3ximo, o Programa contar\u00e1 ainda com o Centro de Pesquisas Multidisciplinares em Ci\u00eancias Naturais, infraestrutura de espa\u00e7o aprovada pelo CT-INFRA 02\/2013.<\/p>\n<\/div>\n","protected":false},"excerpt":{"rendered":"<p>Laborat\u00f3rios e Equipamentos:\u00a0O volume significativo de recursos alcan\u00e7ado por um esfor\u00e7o coletivo dos docentes envolvidos no PPGCN, por meio de projetos de pesquisa financiados por ag\u00eancias de fomento (projetos individuais e do tipo multiusu\u00e1rio\/institucional), tem permitido a implanta\u00e7\u00e3o e manuten\u00e7\u00e3o de uma boa infraestrutura de pesquisa. A qualidade das pesquisas desenvolvidas na Faculdade de Ci\u00eancias [&hellip;]<\/p>\n","protected":false},"author":21,"featured_media":0,"parent":0,"menu_order":0,"comment_status":"closed","ping_status":"closed","template":"","meta":{"footnotes":""},"class_list":["post-888","page","type-page","status-publish","hentry"],"_links":{"self":[{"href":"https:\/\/portal.uern.br\/propeg\/ppgcn\/wp-json\/wp\/v2\/pages\/888","targetHints":{"allow":["GET"]}}],"collection":[{"href":"https:\/\/portal.uern.br\/propeg\/ppgcn\/wp-json\/wp\/v2\/pages"}],"about":[{"href":"https:\/\/portal.uern.br\/propeg\/ppgcn\/wp-json\/wp\/v2\/types\/page"}],"author":[{"embeddable":true,"href":"https:\/\/portal.uern.br\/propeg\/ppgcn\/wp-json\/wp\/v2\/users\/21"}],"replies":[{"embeddable":true,"href":"https:\/\/portal.uern.br\/propeg\/ppgcn\/wp-json\/wp\/v2\/comments?post=888"}],"version-history":[{"count":3,"href":"https:\/\/portal.uern.br\/propeg\/ppgcn\/wp-json\/wp\/v2\/pages\/888\/revisions"}],"predecessor-version":[{"id":1368,"href":"https:\/\/portal.uern.br\/propeg\/ppgcn\/wp-json\/wp\/v2\/pages\/888\/revisions\/1368"}],"wp:attachment":[{"href":"https:\/\/portal.uern.br\/propeg\/ppgcn\/wp-json\/wp\/v2\/media?parent=888"}],"curies":[{"name":"wp","href":"https:\/\/api.w.org\/{rel}","templated":true}]}}