{"id":882,"date":"2024-12-12T17:19:58","date_gmt":"2024-12-12T20:19:58","guid":{"rendered":"https:\/\/portal.uern.br\/propeg\/ppgcn\/?page_id=882"},"modified":"2024-12-12T17:19:58","modified_gmt":"2024-12-12T20:19:58","slug":"escola-de-pos-graduacao","status":"publish","type":"page","link":"https:\/\/portal.uern.br\/propeg\/ppgcn\/escola-de-pos-graduacao\/","title":{"rendered":"Escola de P\u00f3s-Gradua\u00e7\u00e3o"},"content":{"rendered":"<div class=\"titulo\">1\u00aa Escola de P\u00f3s-Gradua\u00e7\u00e3o<\/div>\n<div class=\"texto\">\n<p>O evento proporcionou o desenvolvimento de habilidades em pesquisa cient\u00edfica b\u00e1sica e\/ou aplicada para estudantes e pesquisadores, buscando ampliar o conhecimento cient\u00edfico, tecnol\u00f3gico e inova\u00e7\u00e3o.<\/p>\n<p><strong>Organiza\u00e7\u00e3o:<\/strong>\u00a0Programa de P\u00f3s-Gradu\u00e7\u00e3o em Ci\u00eancias Naturais (PPGCN) e Programa de P\u00f3s-Gradua\u00e7\u00e3o em F\u00edsica (PPGF).<\/p>\n<div>\u00a0<img fetchpriority=\"high\" decoding=\"async\" src=\"https:\/\/www.uern.br\/controledepaginas\/portal-calendario%20de%20atividades\/imagens\/6095whatsapp_image_2020_10_15_at_10.28.18.jpeg\" alt=\"\" width=\"540\" height=\"776\" \/><\/div>\n<div><img decoding=\"async\" src=\"https:\/\/www.uern.br\/controledepaginas\/portal-calendario%20de%20atividades\/imagens\/6095whatsapp_image_2020_10_16_at_16.02.13.jpeg\" alt=\"\" width=\"537\" height=\"787\" \/><\/div>\n<p><strong>GALERIA DE FOTOS<\/strong><\/p>\n<p>&nbsp;<\/p>\n<div><img decoding=\"async\" src=\"https:\/\/www.uern.br\/controledepaginas\/portal-calendario%20de%20atividades\/imagens\/6095whatsapp_image_2020_11_05_at_11.34.36_(1).jpeg\" alt=\"\" width=\"540\" height=\"300\" \/><\/div>\n<div><\/div>\n<div>\u00a0<img loading=\"lazy\" decoding=\"async\" src=\"https:\/\/www.uern.br\/controledepaginas\/portal-calendario%20de%20atividades\/imagens\/6095whatsapp_image_2020_11_05_at_11.34.36.jpeg\" alt=\"\" width=\"540\" height=\"300\" \/><\/div>\n<div><\/div>\n<div><img loading=\"lazy\" decoding=\"async\" src=\"https:\/\/www.uern.br\/controledepaginas\/portal-calendario%20de%20atividades\/imagens\/6095whatsapp_image_2020_11_06_at_08.55.17_(1).jpeg\" alt=\"\" width=\"540\" height=\"300\" \/><\/div>\n<div><\/div>\n<div><img loading=\"lazy\" decoding=\"async\" src=\"https:\/\/www.uern.br\/controledepaginas\/portal-calendario%20de%20atividades\/imagens\/6095whatsapp_image_2020_11_06_at_10.16.08.jpeg\" alt=\"\" width=\"540\" height=\"300\" \/><\/div>\n<div><\/div>\n<div><img loading=\"lazy\" decoding=\"async\" src=\"https:\/\/www.uern.br\/controledepaginas\/portal-calendario%20de%20atividades\/imagens\/6095whatsapp_image_2020_11_06_at_10.39.21.jpeg\" alt=\"\" width=\"540\" height=\"300\" \/><\/div>\n<div><\/div>\n<div><img loading=\"lazy\" decoding=\"async\" src=\"https:\/\/www.uern.br\/controledepaginas\/portal-calendario%20de%20atividades\/imagens\/6095whatsapp_image_2020_11_06_at_10.39.22.jpeg\" alt=\"\" width=\"540\" height=\"300\" \/><\/div>\n<\/div>\n","protected":false},"excerpt":{"rendered":"<p>1\u00aa Escola de P\u00f3s-Gradua\u00e7\u00e3o O evento proporcionou o desenvolvimento de habilidades em pesquisa cient\u00edfica b\u00e1sica e\/ou aplicada para estudantes e pesquisadores, buscando ampliar o conhecimento cient\u00edfico, tecnol\u00f3gico e inova\u00e7\u00e3o. Organiza\u00e7\u00e3o:\u00a0Programa de P\u00f3s-Gradu\u00e7\u00e3o em Ci\u00eancias Naturais (PPGCN) e Programa de P\u00f3s-Gradua\u00e7\u00e3o em F\u00edsica (PPGF). \u00a0 GALERIA DE FOTOS &nbsp; \u00a0<\/p>\n","protected":false},"author":21,"featured_media":0,"parent":0,"menu_order":0,"comment_status":"closed","ping_status":"closed","template":"","meta":{"footnotes":""},"class_list":["post-882","page","type-page","status-publish","hentry"],"_links":{"self":[{"href":"https:\/\/portal.uern.br\/propeg\/ppgcn\/wp-json\/wp\/v2\/pages\/882","targetHints":{"allow":["GET"]}}],"collection":[{"href":"https:\/\/portal.uern.br\/propeg\/ppgcn\/wp-json\/wp\/v2\/pages"}],"about":[{"href":"https:\/\/portal.uern.br\/propeg\/ppgcn\/wp-json\/wp\/v2\/types\/page"}],"author":[{"embeddable":true,"href":"https:\/\/portal.uern.br\/propeg\/ppgcn\/wp-json\/wp\/v2\/users\/21"}],"replies":[{"embeddable":true,"href":"https:\/\/portal.uern.br\/propeg\/ppgcn\/wp-json\/wp\/v2\/comments?post=882"}],"version-history":[{"count":1,"href":"https:\/\/portal.uern.br\/propeg\/ppgcn\/wp-json\/wp\/v2\/pages\/882\/revisions"}],"predecessor-version":[{"id":883,"href":"https:\/\/portal.uern.br\/propeg\/ppgcn\/wp-json\/wp\/v2\/pages\/882\/revisions\/883"}],"wp:attachment":[{"href":"https:\/\/portal.uern.br\/propeg\/ppgcn\/wp-json\/wp\/v2\/media?parent=882"}],"curies":[{"name":"wp","href":"https:\/\/api.w.org\/{rel}","templated":true}]}}