{"id":860,"date":"2024-12-12T16:52:19","date_gmt":"2024-12-12T19:52:19","guid":{"rendered":"https:\/\/portal.uern.br\/propeg\/ppgcn\/?page_id=860"},"modified":"2025-03-31T11:14:49","modified_gmt":"2025-03-31T14:14:49","slug":"credenciamento-de-docentes","status":"publish","type":"page","link":"https:\/\/portal.uern.br\/propeg\/ppgcn\/credenciamento-de-docentes\/","title":{"rendered":"Credenciamento de Docentes"},"content":{"rendered":"<div class=\"titulo\">O credenciamento de Docentes no PPGCN seguir\u00e1 as normas de Credenciamento, dispostas na INSTRU\u00c7\u00c3O NORMATIVA N\u00b0 01\/2019 \u2013 PPGCN, que Regulamenta crit\u00e9rios para credenciamento, descredenciamento e recredenciamento de Docentes neste programa.<\/div>\n<div class=\"texto\">\n<p>O(A) docente interessado(a) em se credenciar como membro Permanente ou Colaborador do PPGCN dever\u00e1 encaminhar ao programa, em formato pdf, a seguinte documenta\u00e7\u00e3o:<br \/>\nI \u2013 Curr\u00edculo Lattes atualizado;<br \/>\nII \u2013 Comprovantes de orienta\u00e7\u00e3o e publica\u00e7\u00e3o, incluindo artigos aceitos;<br \/>\nIII \u2013 Documento contendo um planejamento anual, que dever\u00e1 ser avaliado pelo Colegiado do PPGCN, sobre a atua\u00e7\u00e3o do docente no programa, contendo poss\u00edveis projetos que pretende desenvolver, linha de atua\u00e7\u00e3o, conforme as linhas de pesquisa do Programa, e disciplinas que pretende ministrar.<\/p>\n<p>Al\u00e9m dos documentos mencionados, o interessado dever\u00e1 preencher e enviar os formul\u00e1rios abaixo:<\/p>\n<p><a href=\"http:\/\/portal.uern.br\/propeg\/ppgcn\/wp-content\/uploads\/sites\/12\/2025\/03\/Credenciamento-PPGCN-1-1.doc\"><strong>Formul\u00e1rio de Credenciamento<\/strong><\/a><\/p>\n<p><a href=\"http:\/\/portal.uern.br\/propeg\/ppgcn\/wp-content\/uploads\/sites\/12\/2025\/03\/Termo_de_Compromisso_Professor_Colaborador_Externo-1.doc\"><strong>Termo de Compromisso<\/strong><\/a><\/p>\n<\/div>\n","protected":false},"excerpt":{"rendered":"<p>O credenciamento de Docentes no PPGCN seguir\u00e1 as normas de Credenciamento, dispostas na INSTRU\u00c7\u00c3O NORMATIVA N\u00b0 01\/2019 \u2013 PPGCN, que Regulamenta crit\u00e9rios para credenciamento, descredenciamento e recredenciamento de Docentes neste programa. O(A) docente interessado(a) em se credenciar como membro Permanente ou Colaborador do PPGCN dever\u00e1 encaminhar ao programa, em formato pdf, a seguinte documenta\u00e7\u00e3o: I [&hellip;]<\/p>\n","protected":false},"author":21,"featured_media":0,"parent":0,"menu_order":0,"comment_status":"closed","ping_status":"closed","template":"","meta":{"footnotes":""},"class_list":["post-860","page","type-page","status-publish","hentry"],"_links":{"self":[{"href":"https:\/\/portal.uern.br\/propeg\/ppgcn\/wp-json\/wp\/v2\/pages\/860","targetHints":{"allow":["GET"]}}],"collection":[{"href":"https:\/\/portal.uern.br\/propeg\/ppgcn\/wp-json\/wp\/v2\/pages"}],"about":[{"href":"https:\/\/portal.uern.br\/propeg\/ppgcn\/wp-json\/wp\/v2\/types\/page"}],"author":[{"embeddable":true,"href":"https:\/\/portal.uern.br\/propeg\/ppgcn\/wp-json\/wp\/v2\/users\/21"}],"replies":[{"embeddable":true,"href":"https:\/\/portal.uern.br\/propeg\/ppgcn\/wp-json\/wp\/v2\/comments?post=860"}],"version-history":[{"count":5,"href":"https:\/\/portal.uern.br\/propeg\/ppgcn\/wp-json\/wp\/v2\/pages\/860\/revisions"}],"predecessor-version":[{"id":1148,"href":"https:\/\/portal.uern.br\/propeg\/ppgcn\/wp-json\/wp\/v2\/pages\/860\/revisions\/1148"}],"wp:attachment":[{"href":"https:\/\/portal.uern.br\/propeg\/ppgcn\/wp-json\/wp\/v2\/media?parent=860"}],"curies":[{"name":"wp","href":"https:\/\/api.w.org\/{rel}","templated":true}]}}