{"id":856,"date":"2024-12-12T16:27:26","date_gmt":"2024-12-12T19:27:26","guid":{"rendered":"https:\/\/portal.uern.br\/propeg\/ppgcn\/?page_id=856"},"modified":"2026-02-02T16:53:06","modified_gmt":"2026-02-02T19:53:06","slug":"contatos","status":"publish","type":"page","link":"https:\/\/portal.uern.br\/propeg\/ppgcn\/contatos\/","title":{"rendered":"Contatos"},"content":{"rendered":"<p><strong>Coordenador(a): Profa. Dra Cynthia Cavalcanti de Albuquerque<\/strong><br \/>\n<strong>Vice-Coordenador(a): Profa. Dra. Anne Gabriella Dias Santos Caldeira<\/strong><br \/>\n<strong>Secret\u00e1rio(a): T.N.S. Msc. Thiago Mendes Fernandes<\/strong><\/p>\n<p><strong>Unidade: Campus Universit\u00e1rio Central<\/strong><br \/>\n<strong>Endere\u00e7o: Avenida Professor Antonio Campos, S\/N, Br 110, Km 48, Bairro Costa e Silva, CEP: 59625-620, Mossor\u00f3-RN.<\/strong><br \/>\n<strong>E-mail: cienciasnaturais@mestrado.uern.br<\/strong><\/p>\n<p><strong>S\u00edtio: <a href=\"https:\/\/portal.uern.br\/propeg\/ppgcn\">http:\/\/propeg.uern.br\/ppgcn<\/a><\/strong><\/p>\n<p style=\"text-align: center\"><a href=\"https:\/\/www.instagram.com\/ppgcn\/?hl=pt-br\"><img decoding=\"async\" class=\"wp-image-1109 aligncenter\" src=\"http:\/\/portal.uern.br\/propeg\/ppgcn\/wp-content\/uploads\/sites\/12\/2025\/03\/Instagram.jpg\" alt=\"\" width=\"88\" height=\"88\" srcset=\"https:\/\/portal.uern.br\/propeg\/ppgcn\/wp-content\/uploads\/sites\/12\/2025\/03\/Instagram.jpg 225w, https:\/\/portal.uern.br\/propeg\/ppgcn\/wp-content\/uploads\/sites\/12\/2025\/03\/Instagram-150x150.jpg 150w\" sizes=\"(max-width: 88px) 100vw, 88px\" \/><\/a><strong>Siga-nos em nossa Rede Social<\/strong><\/p>\n","protected":false},"excerpt":{"rendered":"<p>Coordenador(a): Profa. Dra Cynthia Cavalcanti de Albuquerque Vice-Coordenador(a): Profa. Dra. Anne Gabriella Dias Santos Caldeira Secret\u00e1rio(a): T.N.S. Msc. Thiago Mendes Fernandes Unidade: Campus Universit\u00e1rio Central Endere\u00e7o: Avenida Professor Antonio Campos, S\/N, Br 110, Km 48, Bairro Costa e Silva, CEP: 59625-620, Mossor\u00f3-RN. E-mail: cienciasnaturais@mestrado.uern.br S\u00edtio: http:\/\/propeg.uern.br\/ppgcn Siga-nos em nossa Rede Social<\/p>\n","protected":false},"author":21,"featured_media":0,"parent":0,"menu_order":0,"comment_status":"closed","ping_status":"closed","template":"","meta":{"footnotes":""},"class_list":["post-856","page","type-page","status-publish","hentry"],"_links":{"self":[{"href":"https:\/\/portal.uern.br\/propeg\/ppgcn\/wp-json\/wp\/v2\/pages\/856","targetHints":{"allow":["GET"]}}],"collection":[{"href":"https:\/\/portal.uern.br\/propeg\/ppgcn\/wp-json\/wp\/v2\/pages"}],"about":[{"href":"https:\/\/portal.uern.br\/propeg\/ppgcn\/wp-json\/wp\/v2\/types\/page"}],"author":[{"embeddable":true,"href":"https:\/\/portal.uern.br\/propeg\/ppgcn\/wp-json\/wp\/v2\/users\/21"}],"replies":[{"embeddable":true,"href":"https:\/\/portal.uern.br\/propeg\/ppgcn\/wp-json\/wp\/v2\/comments?post=856"}],"version-history":[{"count":6,"href":"https:\/\/portal.uern.br\/propeg\/ppgcn\/wp-json\/wp\/v2\/pages\/856\/revisions"}],"predecessor-version":[{"id":2018,"href":"https:\/\/portal.uern.br\/propeg\/ppgcn\/wp-json\/wp\/v2\/pages\/856\/revisions\/2018"}],"wp:attachment":[{"href":"https:\/\/portal.uern.br\/propeg\/ppgcn\/wp-json\/wp\/v2\/media?parent=856"}],"curies":[{"name":"wp","href":"https:\/\/api.w.org\/{rel}","templated":true}]}}