{"id":845,"date":"2024-12-11T08:39:55","date_gmt":"2024-12-11T11:39:55","guid":{"rendered":"https:\/\/portal.uern.br\/propeg\/ppgcn\/?page_id=845"},"modified":"2026-03-30T16:50:02","modified_gmt":"2026-03-30T19:50:02","slug":"colegiado-2","status":"publish","type":"page","link":"https:\/\/portal.uern.br\/propeg\/ppgcn\/colegiado-2\/","title":{"rendered":"Colegiado"},"content":{"rendered":"<p><strong>Docentes<br \/>\n<\/strong>Alfredo Marcelo Grigio<br \/>\nAnne Gabriella Dias Santos Caldeira<br \/>\nCynthia Cavalcanti de Albuquerque<br \/>\nDanielle Peretti Filgueira<br \/>\nFilipe da Silva Peixoto<br \/>\nFlavio Jos\u00e9 de Lima Silva<br \/>\nJo\u00e3o Maria Soares<br \/>\nKleberson de Oliveira Porpino<br \/>\nKeurison Figueredo Magalh\u00e3es<br \/>\nLeandro Bezerra de Lima<br \/>\nMayron Alves de Vasconcelos<br \/>\nMarco Antonio Diodato<br \/>\nRamiro Gustavo Valera Camacho<br \/>\nRodrigo Guimar\u00e3es de Carvalho<br \/>\nSuely Souza Leal de Castro<br \/>\nVin\u00edcius Patr\u00edcio Santos Caldeira<\/p>\n<p><strong>Representante T\u00e9cnico-Administrativo<br \/>\n<\/strong>\u00a0T.N.S. Thiago Mendes Fernandes<\/p>\n<p><strong>Representante Discente<\/strong><br \/>\nAberto<\/p>\n","protected":false},"excerpt":{"rendered":"<p>Docentes Alfredo Marcelo Grigio Anne Gabriella Dias Santos Caldeira Cynthia Cavalcanti de Albuquerque Danielle Peretti Filgueira Filipe da Silva Peixoto Flavio Jos\u00e9 de Lima Silva Jo\u00e3o Maria Soares Kleberson de Oliveira Porpino Keurison Figueredo Magalh\u00e3es Leandro Bezerra de Lima Mayron Alves de Vasconcelos Marco Antonio Diodato Ramiro Gustavo Valera Camacho Rodrigo Guimar\u00e3es de Carvalho Suely [&hellip;]<\/p>\n","protected":false},"author":21,"featured_media":0,"parent":0,"menu_order":0,"comment_status":"closed","ping_status":"closed","template":"","meta":{"footnotes":""},"class_list":["post-845","page","type-page","status-publish","hentry"],"_links":{"self":[{"href":"https:\/\/portal.uern.br\/propeg\/ppgcn\/wp-json\/wp\/v2\/pages\/845","targetHints":{"allow":["GET"]}}],"collection":[{"href":"https:\/\/portal.uern.br\/propeg\/ppgcn\/wp-json\/wp\/v2\/pages"}],"about":[{"href":"https:\/\/portal.uern.br\/propeg\/ppgcn\/wp-json\/wp\/v2\/types\/page"}],"author":[{"embeddable":true,"href":"https:\/\/portal.uern.br\/propeg\/ppgcn\/wp-json\/wp\/v2\/users\/21"}],"replies":[{"embeddable":true,"href":"https:\/\/portal.uern.br\/propeg\/ppgcn\/wp-json\/wp\/v2\/comments?post=845"}],"version-history":[{"count":25,"href":"https:\/\/portal.uern.br\/propeg\/ppgcn\/wp-json\/wp\/v2\/pages\/845\/revisions"}],"predecessor-version":[{"id":2121,"href":"https:\/\/portal.uern.br\/propeg\/ppgcn\/wp-json\/wp\/v2\/pages\/845\/revisions\/2121"}],"wp:attachment":[{"href":"https:\/\/portal.uern.br\/propeg\/ppgcn\/wp-json\/wp\/v2\/media?parent=845"}],"curies":[{"name":"wp","href":"https:\/\/api.w.org\/{rel}","templated":true}]}}