{"id":567,"date":"2024-12-02T09:51:34","date_gmt":"2024-12-02T12:51:34","guid":{"rendered":"https:\/\/portal.uern.br\/propeg\/ppgcn\/?page_id=567"},"modified":"2026-04-22T10:23:54","modified_gmt":"2026-04-22T13:23:54","slug":"alunos-especiais","status":"publish","type":"page","link":"https:\/\/portal.uern.br\/propeg\/ppgcn\/alunos-especiais\/","title":{"rendered":"Alunos Especiais"},"content":{"rendered":"<p><a href=\"http:\/\/portal.uern.br\/propeg\/ppgcn\/wp-content\/uploads\/sites\/12\/2026\/03\/Resultado-Alunos-Especiais-2026.1.pdf\"><strong>RESULTADO ALUNOS ESPECIAIS 2026.1<\/strong><\/a><br \/>\n<a href=\"http:\/\/portal.uern.br\/propeg\/ppgcn\/wp-content\/uploads\/sites\/12\/2026\/03\/Alunos-Especiais-Matriculas-para-Alunos-Especiais-2026.1.pdf\"><strong>MATR\u00cdCULA ALUNOS ESPECIAIS 2026.1<\/strong><\/a><\/p>\n<p style=\"text-align: justify;\">Os Alunos Especiais s\u00e3o aqueles interessados em cursar disciplinas na P\u00f3s-Gradua\u00e7\u00e3o. O aluno especial poder\u00e1 ter matr\u00edcula autorizada para cumprir, no m\u00e1ximo, 08 cr\u00e9ditos em disciplinas, estando condicionada \u00e0 exist\u00eancia de vagas.<\/p>\n<p><a href=\"http:\/\/portal.uern.br\/propeg\/ppgcn\/wp-content\/uploads\/sites\/12\/2026\/04\/requerimento_matricula-disciplina-Especial.docx\"><strong>Aluno<\/strong> <strong>Especial &#8211; Requerimento de Matr\u00edcula<\/strong><\/a><br \/>\n<strong>Aluno Especial &#8211; Cancelamento de Matr\u00edcula<\/strong><\/p>\n","protected":false},"excerpt":{"rendered":"<p>RESULTADO ALUNOS ESPECIAIS 2026.1 MATR\u00cdCULA ALUNOS ESPECIAIS 2026.1 Os Alunos Especiais s\u00e3o aqueles interessados em cursar disciplinas na P\u00f3s-Gradua\u00e7\u00e3o. O aluno especial poder\u00e1 ter matr\u00edcula autorizada para cumprir, no m\u00e1ximo, 08 cr\u00e9ditos em disciplinas, estando condicionada \u00e0 exist\u00eancia de vagas. Aluno Especial &#8211; Requerimento de Matr\u00edcula Aluno Especial &#8211; Cancelamento de Matr\u00edcula<\/p>\n","protected":false},"author":21,"featured_media":0,"parent":0,"menu_order":0,"comment_status":"closed","ping_status":"closed","template":"","meta":{"footnotes":""},"class_list":["post-567","page","type-page","status-publish","hentry"],"_links":{"self":[{"href":"https:\/\/portal.uern.br\/propeg\/ppgcn\/wp-json\/wp\/v2\/pages\/567","targetHints":{"allow":["GET"]}}],"collection":[{"href":"https:\/\/portal.uern.br\/propeg\/ppgcn\/wp-json\/wp\/v2\/pages"}],"about":[{"href":"https:\/\/portal.uern.br\/propeg\/ppgcn\/wp-json\/wp\/v2\/types\/page"}],"author":[{"embeddable":true,"href":"https:\/\/portal.uern.br\/propeg\/ppgcn\/wp-json\/wp\/v2\/users\/21"}],"replies":[{"embeddable":true,"href":"https:\/\/portal.uern.br\/propeg\/ppgcn\/wp-json\/wp\/v2\/comments?post=567"}],"version-history":[{"count":22,"href":"https:\/\/portal.uern.br\/propeg\/ppgcn\/wp-json\/wp\/v2\/pages\/567\/revisions"}],"predecessor-version":[{"id":2163,"href":"https:\/\/portal.uern.br\/propeg\/ppgcn\/wp-json\/wp\/v2\/pages\/567\/revisions\/2163"}],"wp:attachment":[{"href":"https:\/\/portal.uern.br\/propeg\/ppgcn\/wp-json\/wp\/v2\/media?parent=567"}],"curies":[{"name":"wp","href":"https:\/\/api.w.org\/{rel}","templated":true}]}}