{"id":1880,"date":"2025-10-24T10:18:40","date_gmt":"2025-10-24T13:18:40","guid":{"rendered":"https:\/\/portal.uern.br\/propeg\/ppgcn\/?page_id=1880"},"modified":"2025-10-24T11:44:28","modified_gmt":"2025-10-24T14:44:28","slug":"teses-em-andamento","status":"publish","type":"page","link":"https:\/\/portal.uern.br\/propeg\/ppgcn\/teses-em-andamento\/","title":{"rendered":"Teses em Andamento"},"content":{"rendered":"<table style=\"height: 130px;width: 100%;border-collapse: collapse\">\n<tbody>\n<tr style=\"height: 24px\">\n<td style=\"width: 30.4101%;height: 10px;border-style: solid;border-color: #000000;background-color: #82c940\"><span style=\"color: #ffffff\"><strong>Aluno<\/strong><\/span><\/td>\n<td style=\"width: 43.4429%;height: 10px;border-color: #000000;border-style: solid;background-color: #82c940\"><span style=\"color: #ffffff\"><strong style=\"text-align: center\">T\u00edtulo Provis\u00f3rio<\/strong><\/span><\/td>\n<td style=\"width: 26.1469%;height: 10px;border-color: #000000;border-style: solid;background-color: #82c940\"><span style=\"color: #ffffff\"><strong style=\"text-align: center\">Orientador<\/strong><\/span><\/td>\n<\/tr>\n<tr style=\"height: 96px\">\n<td style=\"width: 30.4101%;height: 96px;background-color: #bddea5;border-style: solid;border-color: #000000\">ANTONY JEOV\u00c1 TEIXEIRA DA SILVA<\/td>\n<td style=\"width: 43.4429%;height: 96px;background-color: #bddea5;text-align: center;border-style: solid;border-color: #000000\">DESENVOLVIMENTO DE ZIRCONOSSILICATOS POROSOS PARAVALORIZA\u00c7\u00c3O DO GLICEROL EM\u00a0 ADITIVOS VERDES<\/td>\n<td style=\"width: 26.1469%;height: 96px;background-color: #bddea5;border-style: solid;border-color: #000000\">Anne Gabriella Dias Santos Caldeira<\/td>\n<\/tr>\n<tr style=\"height: 24px\">\n<td style=\"width: 30.4101%;background-color: #ffffff;border-style: solid;border-color: #000000;height: 24px\">ANTONIA LARISSA SANTOS DO NASCIMENTO<\/td>\n<td style=\"width: 43.4429%;background-color: #ffffff;border-style: solid;border-color: #000000;height: 24px\">PRODU\u00c7\u00c3O SUSTENT\u00c1VEL DE ZE\u00d3LITAS LTA E FAU UTILIZANDO RES\u00cdDUO DA ATIVIDADE DE MINERA\u00c7\u00c3O PARA A ADSOR\u00c7\u00c3O DE CO<sub>2<\/sub><\/td>\n<td style=\"width: 26.1469%;background-color: #ffffff;border-style: solid;border-color: #000000;height: 24px\">Jo\u00e3o Maria Soares<\/td>\n<\/tr>\n<\/tbody>\n<\/table>\n","protected":false},"excerpt":{"rendered":"<p>Aluno T\u00edtulo Provis\u00f3rio Orientador ANTONY JEOV\u00c1 TEIXEIRA DA SILVA DESENVOLVIMENTO DE ZIRCONOSSILICATOS POROSOS PARAVALORIZA\u00c7\u00c3O DO GLICEROL EM\u00a0 ADITIVOS VERDES Anne Gabriella Dias Santos Caldeira ANTONIA LARISSA SANTOS DO NASCIMENTO PRODU\u00c7\u00c3O SUSTENT\u00c1VEL DE ZE\u00d3LITAS LTA E FAU UTILIZANDO RES\u00cdDUO DA ATIVIDADE DE MINERA\u00c7\u00c3O PARA A ADSOR\u00c7\u00c3O DE CO2 Jo\u00e3o Maria Soares<\/p>\n","protected":false},"author":21,"featured_media":0,"parent":0,"menu_order":0,"comment_status":"closed","ping_status":"closed","template":"","meta":{"footnotes":""},"class_list":["post-1880","page","type-page","status-publish","hentry"],"_links":{"self":[{"href":"https:\/\/portal.uern.br\/propeg\/ppgcn\/wp-json\/wp\/v2\/pages\/1880","targetHints":{"allow":["GET"]}}],"collection":[{"href":"https:\/\/portal.uern.br\/propeg\/ppgcn\/wp-json\/wp\/v2\/pages"}],"about":[{"href":"https:\/\/portal.uern.br\/propeg\/ppgcn\/wp-json\/wp\/v2\/types\/page"}],"author":[{"embeddable":true,"href":"https:\/\/portal.uern.br\/propeg\/ppgcn\/wp-json\/wp\/v2\/users\/21"}],"replies":[{"embeddable":true,"href":"https:\/\/portal.uern.br\/propeg\/ppgcn\/wp-json\/wp\/v2\/comments?post=1880"}],"version-history":[{"count":5,"href":"https:\/\/portal.uern.br\/propeg\/ppgcn\/wp-json\/wp\/v2\/pages\/1880\/revisions"}],"predecessor-version":[{"id":1930,"href":"https:\/\/portal.uern.br\/propeg\/ppgcn\/wp-json\/wp\/v2\/pages\/1880\/revisions\/1930"}],"wp:attachment":[{"href":"https:\/\/portal.uern.br\/propeg\/ppgcn\/wp-json\/wp\/v2\/media?parent=1880"}],"curies":[{"name":"wp","href":"https:\/\/api.w.org\/{rel}","templated":true}]}}