{"id":723,"date":"2025-05-07T14:57:02","date_gmt":"2025-05-07T17:57:02","guid":{"rendered":"https:\/\/portal.uern.br\/propeg\/posensino\/?page_id=723"},"modified":"2025-07-02T13:55:17","modified_gmt":"2025-07-02T16:55:17","slug":"turma-2016","status":"publish","type":"page","link":"https:\/\/portal.uern.br\/propeg\/posensino\/turma-2016\/","title":{"rendered":"Turma 2016"},"content":{"rendered":"<p style=\"font-family: calibri\" align=\"justify\"><strong>Seguem abaixo as disserta\u00e7\u00f5es produzidas pelos alunos da primeira turma do POSENSINO:<\/strong><\/p>\n<p>&nbsp;<\/p>\n<ul style=\"font-family: calibri\">\n<li><a href=\"https:\/\/repositorio.apps.uern.br\/xmlui\/handle\/123456789\/199\">Ana Paula Oliveira Vale de Andrade<\/a><\/li>\n<li><a href=\"https:\/\/repositorio.ufersa.edu.br\/items\/2f851915-038a-48af-bf9f-883f8c683a8a\">An\u00edbal de Souza Mascarenhas Filho<\/a><\/li>\n<li><a href=\"https:\/\/repositorio.ufersa.edu.br\/items\/49cd29c3-18d0-4725-b0da-2c3ac47c5829\">Augusto S\u00e1vio Guimar\u00e3es do Nascimento<\/a><\/li>\n<li><a href=\"https:\/\/sucupira.capes.gov.br\/sucupira\/public\/consultas\/coleta\/trabalhoConclusao\/viewTrabalhoConclusao.jsf?popup=true&amp;id_trabalho=7087447\">Cleylton Rodrigues da Costa<\/a><\/li>\n<li><a href=\"https:\/\/sucupira.capes.gov.br\/sucupira\/public\/consultas\/coleta\/trabalhoConclusao\/viewTrabalhoConclusao.jsf?popup=true&amp;id_trabalho=6330783\">Erivelton Nunes de Almeida<\/a><\/li>\n<li><a href=\"https:\/\/memoria.ifrn.edu.br\/handle\/1044\/1617\">Francisca Leidiana de Souza<\/a><\/li>\n<li><a href=\"https:\/\/repositorio.ufersa.edu.br\/items\/151ed404-3ad4-43b2-9c6b-68ed46981f3d\">Francisco Ebson Gomes Sousa<\/a><\/li>\n<li><a href=\"https:\/\/sucupira.capes.gov.br\/sucupira\/public\/consultas\/coleta\/trabalhoConclusao\/viewTrabalhoConclusao.jsf?popup=true&amp;id_trabalho=7071515\">Geraldo M\u00e1ximo da Silva<\/a><\/li>\n<li><a href=\"https:\/\/repositorio.apps.uern.br\/xmlui\/handle\/123456789\/179\">Jos\u00e9 Anderson Costa Gomes<\/a><\/li>\n<li><a href=\"https:\/\/repositorio.ufersa.edu.br\/items\/bc53057c-1ede-468c-9f96-16da686e9874\">Jos\u00e9 Gerardo Bastos da Costa J\u00fanior<\/a><\/li>\n<li><a href=\"https:\/\/repositorio.ufersa.edu.br\/items\/d6e42602-c1fb-4915-b0d5-33198ae47d29\">Juliana Gurgel Soares<\/a><\/li>\n<li><a href=\"https:\/\/sucupira.capes.gov.br\/sucupira\/public\/consultas\/coleta\/trabalhoConclusao\/viewTrabalhoConclusao.jsf?popup=true&amp;id_trabalho=7071924\">K\u00e1ssio Roberto Brito Soares<\/a><\/li>\n<li><a href=\"https:\/\/repositorio.apps.uern.br\/xmlui\/handle\/123456789\/200\">Katiane Almeida de Sousa<\/a><\/li>\n<li><a href=\"https:\/\/repositorio.ufersa.edu.br\/items\/f1ea4d4a-465a-48e7-ae5a-8cb0663e8d32\">Leiliane Aquino Noronha<\/a><\/li>\n<li><a href=\"https:\/\/repositorio.ufersa.edu.br\/items\/3b2dff35-225c-49ba-a7ef-785b7a717e73\">Lilianne de Sousa Silva<\/a><\/li>\n<li><a href=\"https:\/\/repositorio.ufersa.edu.br\/items\/fe389a91-16d1-4177-8db7-44a6e73ed369\">Lucianna Marylin Batista de Almeida<\/a><\/li>\n<li><a href=\"https:\/\/repositorio.ufersa.edu.br\/items\/88a262a7-2607-42e6-9857-3803f7483fc7\">Luis Fernandes de Moura<\/a><\/li>\n<li><a href=\"https:\/\/repositorio.ufersa.edu.br\/items\/cc7e174b-9210-4d24-827c-5c4cb30b2fa6\">Manoel F\u00e1bio Rodrigues<\/a><\/li>\n<li><a href=\"https:\/\/repositorio.ufersa.edu.br\/items\/fb7952fe-94f4-4470-8719-3ac95e41a3fb\">Marcos C\u00e9sar Alves da Mota<\/a><\/li>\n<li><a href=\"https:\/\/repositorio.ufersa.edu.br\/items\/10667c9a-2503-4b85-9382-d0ceac094dd9\">Maria Alcilene Gomes de Menezes Silva<\/a><\/li>\n<li><a href=\"https:\/\/repositorio.ufersa.edu.br\/items\/b6e8db88-043d-40ed-99f3-8368a8301fb9\">Maria Francileide de Oliveira Trajano<\/a><\/li>\n<li><a href=\"https:\/\/sucupira.capes.gov.br\/sucupira\/public\/consultas\/coleta\/trabalhoConclusao\/viewTrabalhoConclusao.jsf?popup=true&amp;id_trabalho=6951872\">Maria K\u00e9lia da Silva<\/a><\/li>\n<li><a href=\"https:\/\/repositorio.ufersa.edu.br\/items\/2cd58190-4048-49bc-9f83-b16a3b63733f\">Maria Regina Moura de Carvalho<\/a><\/li>\n<li><a href=\"https:\/\/repositorio.ufersa.edu.br\/items\/9cf69c3f-c7f4-4785-ad5e-a4f4b40c6a60\">Roseana da Silva Bezerra<\/a><\/li>\n<li><a href=\"https:\/\/repositorio.ufersa.edu.br\/items\/7d950058-0b66-4669-ba7d-fd6895522f3d\">Ru\u00e3nn C\u00e9zar Ces\u00e1rio Silva<\/a><\/li>\n<li><a href=\"https:\/\/sucupira.capes.gov.br\/sucupira\/public\/consultas\/coleta\/trabalhoConclusao\/viewTrabalhoConclusao.jsf?popup=true&amp;id_trabalho=6330782\">Suzana Paula de Oliveira Pereira<\/a><\/li>\n<li><a href=\"https:\/\/repositorio.ufersa.edu.br\/items\/b5ad3690-f532-4145-81ad-5fabe641b4fb\">Wigna Thalissa Guerra<\/a><\/li>\n<\/ul>\n","protected":false},"excerpt":{"rendered":"<p>Seguem abaixo as disserta\u00e7\u00f5es produzidas pelos alunos da primeira turma do POSENSINO: &nbsp; Ana Paula Oliveira Vale de Andrade An\u00edbal de Souza Mascarenhas Filho Augusto S\u00e1vio Guimar\u00e3es do Nascimento Cleylton Rodrigues da Costa Erivelton Nunes de Almeida Francisca Leidiana de Souza Francisco Ebson Gomes Sousa Geraldo M\u00e1ximo da Silva Jos\u00e9 Anderson Costa Gomes Jos\u00e9 Gerardo [&hellip;]<\/p>\n","protected":false},"author":22,"featured_media":0,"parent":0,"menu_order":0,"comment_status":"closed","ping_status":"closed","template":"","meta":{"footnotes":""},"class_list":["post-723","page","type-page","status-publish","hentry"],"_links":{"self":[{"href":"https:\/\/portal.uern.br\/propeg\/posensino\/wp-json\/wp\/v2\/pages\/723","targetHints":{"allow":["GET"]}}],"collection":[{"href":"https:\/\/portal.uern.br\/propeg\/posensino\/wp-json\/wp\/v2\/pages"}],"about":[{"href":"https:\/\/portal.uern.br\/propeg\/posensino\/wp-json\/wp\/v2\/types\/page"}],"author":[{"embeddable":true,"href":"https:\/\/portal.uern.br\/propeg\/posensino\/wp-json\/wp\/v2\/users\/22"}],"replies":[{"embeddable":true,"href":"https:\/\/portal.uern.br\/propeg\/posensino\/wp-json\/wp\/v2\/comments?post=723"}],"version-history":[{"count":4,"href":"https:\/\/portal.uern.br\/propeg\/posensino\/wp-json\/wp\/v2\/pages\/723\/revisions"}],"predecessor-version":[{"id":949,"href":"https:\/\/portal.uern.br\/propeg\/posensino\/wp-json\/wp\/v2\/pages\/723\/revisions\/949"}],"wp:attachment":[{"href":"https:\/\/portal.uern.br\/propeg\/posensino\/wp-json\/wp\/v2\/media?parent=723"}],"curies":[{"name":"wp","href":"https:\/\/api.w.org\/{rel}","templated":true}]}}