{"id":683,"date":"2025-05-07T13:54:38","date_gmt":"2025-05-07T16:54:38","guid":{"rendered":"https:\/\/portal.uern.br\/propeg\/posensino\/?page_id=683"},"modified":"2025-07-09T11:33:47","modified_gmt":"2025-07-09T14:33:47","slug":"editais-2021","status":"publish","type":"page","link":"https:\/\/portal.uern.br\/propeg\/posensino\/editais-2021\/","title":{"rendered":"Editais 2021"},"content":{"rendered":"<h4 style=\"font-family: calibri\" align=\"justify\">Sele\u00e7\u00e3o de alunos Regulares Turma 2021<\/h4>\n<p style=\"font-family: calibri\" align=\"justify\"><a href=\"https:\/\/sigaa.uern.br\/sigaa\/verProducao?idProducao=2219622&amp;key=6cc766b63a9e99b9102815c096a96fbc\"><strong>Edital n\u00b0 01\/2021<\/strong>\u00a0<\/a>&#8211; Torna p\u00fablica sele\u00e7\u00e3o de alunos regulares Turma 2021<\/p>\n<p style=\"font-family: calibri\" align=\"justify\"><a href=\"https:\/\/sigaa.uern.br\/sigaa\/verProducao?idProducao=2219620&amp;key=71bde613498a3ed1a719c2ff9947ef6b\">Anexo I<\/a>\u00a0&#8211; Quadro de Vagas<\/p>\n<p style=\"font-family: calibri\" align=\"justify\"><a href=\"https:\/\/sigaa.uern.br\/sigaa\/verProducao?idProducao=2219608&amp;key=a2a40c49216fc7010b04f9f395973cd7\">Anexo II<\/a>\u00a0&#8211; Quadro de Vagas para PcD e cotistas<\/p>\n<p style=\"font-family: calibri\" align=\"justify\"><a href=\"https:\/\/sigaa.uern.br\/sigaa\/verProducao?idProducao=2219611&amp;key=3d2fdf237c89aa2f38b0d6af5f2ca2f4\">Anexo III<\/a>\u00a0&#8211; Formul\u00e1rio para solicita\u00e7\u00e3o de assist\u00eancia e condi\u00e7\u00f5es especiais<\/p>\n<p style=\"font-family: calibri\" align=\"justify\"><a href=\"https:\/\/sigaa.uern.br\/sigaa\/verProducao?idProducao=2219612&amp;key=4139cc5ea38e989874eab8681ce5da0a\">Anexo IV<\/a>\u00a0&#8211; Tabela de pontua\u00e7\u00e3o de t\u00edtulos<\/p>\n<p style=\"font-family: calibri\" align=\"justify\"><a href=\"https:\/\/sigaa.uern.br\/sigaa\/verProducao?idProducao=2219613&amp;key=35cf502961f7ed3151612e512ecd2e90\">Anexo V<\/a>\u00a0&#8211; Modelo para Projeto de Pesquisa<\/p>\n<p style=\"font-family: calibri\" align=\"justify\"><a href=\"https:\/\/sigaa.uern.br\/sigaa\/verProducao?idProducao=2219615&amp;key=b0ba127cf01aae124f699cd46b2f00fc\">Anexo VI<\/a>\u00a0&#8211; Formul\u00e1rio de Autodeclara\u00e7\u00e3o<\/p>\n<p style=\"font-family: calibri\" align=\"justify\"><a href=\"https:\/\/sigaa.uern.br\/sigaa\/verProducao?idProducao=2219626&amp;key=03d8f83371d2b71e87dbfd1274be6c43\"><strong>Edital n\u00b0 02\/2021<\/strong>\u00a0<\/a>&#8211; Homologa as inscri\u00e7\u00f5es \u00e0 sele\u00e7\u00e3o de alunos regulares Turma 2021<\/p>\n<p style=\"font-family: calibri\" align=\"justify\"><strong><a href=\"https:\/\/sigaa.uern.br\/sigaa\/verProducao?idProducao=2219628&amp;key=e777eb83c91f5095dc1fd2c278debcb8\">Edital n\u00b0 03\/2021<\/a><\/strong>\u00a0&#8211;\u00a0Homologa\u00e7\u00e3o final das inscri\u00e7\u00f5es \u00e0 sele\u00e7\u00e3o de alunos regulares Turma 2021 ap\u00f3s recursos<\/p>\n<p style=\"font-family: calibri\" align=\"justify\"><strong><a href=\"https:\/\/sigaa.uern.br\/sigaa\/verProducao?idProducao=2219638&amp;key=0d46674919360c0a6a282680a77ae7de\">Edital n\u00b0 05\/2021<\/a><\/strong>\u00a0&#8211; Divulga resultado da an\u00e1lise de projetos da sele\u00e7\u00e3o de alunos regulares, Turma 2021<\/p>\n<p style=\"font-family: calibri\" align=\"justify\"><strong><a href=\"https:\/\/sigaa.uern.br\/sigaa\/verProducao?idProducao=2219641&amp;key=c210ba0375ba937d3b21d5331651bd85\">Edital n\u00b0 06\/2021<\/a><\/strong>\u00a0&#8211;\u00a0Divulga resultado da an\u00e1lise de recursos aos projetos da sele\u00e7\u00e3o de alunos regulares, Turma 2021<\/p>\n<p style=\"font-family: calibri\" align=\"justify\"><strong><a href=\"https:\/\/sigaa.uern.br\/sigaa\/verProducao?idProducao=2219643&amp;key=123d0d55ef9cd0c586faeb90bc37ee22\">Edital n\u00b0 07\/2021<\/a><\/strong>\u00a0&#8211;\u00a0Divulga resultado da etapa de entrevistas da sele\u00e7\u00e3o de alunos regulares, Turma 2021<\/p>\n<p style=\"font-family: calibri\" align=\"justify\"><a href=\"https:\/\/sigaa.uern.br\/sigaa\/verProducao?idProducao=2219645&amp;key=fc0974d4c6516ef2567cb18bb7c44715\"><strong>Retifica\u00e7\u00e3o I ao Edital n\u00b0 07\/2021<\/strong><\/a> &#8211;\u00a0Retifica resultado da etapa de entrevistas da sele\u00e7\u00e3o de alunos regulares, Turma 2021<\/p>\n<p style=\"font-family: calibri\" align=\"justify\"><a href=\"https:\/\/sigaa.uern.br\/sigaa\/verProducao?idProducao=2219644&amp;key=15fa0394ba1edd2cccc031d5aa5ac1ed\"><strong>Edital n\u00b0 08\/2021<\/strong>\u00a0<\/a>&#8211; Divulga resultado da an\u00e1lise de recursos \u00e0 etapa de entrevistas da sele\u00e7\u00e3o de alunos regulares, Turma 2021<\/p>\n<p style=\"font-family: calibri\" align=\"justify\"><strong><a href=\"https:\/\/sigaa.uern.br\/sigaa\/verProducao?idProducao=2219647&amp;key=b4ae0f1b8509e453a2769c1b6cac6245\">Edital n\u00b0 09\/2021<\/a><\/strong>\u00a0&#8211; Divulga resultado da an\u00e1lise de t\u00edtulos da sele\u00e7\u00e3o de alunos regulares, Turma 2021<\/p>\n<p style=\"font-family: calibri\" align=\"justify\"><a href=\"https:\/\/sigaa.uern.br\/sigaa\/verProducao?idProducao=2219648&amp;key=a9286559731a335f416d0e22d535c22b\"><strong>Edital n\u00b0 10\/2021<\/strong>\u00a0<\/a>&#8211; Divulga resultado da an\u00e1lise de recursos \u00e0 etapa de t\u00edtulos da sele\u00e7\u00e3o de alunos regulares, Turma 2021<\/p>\n<p style=\"font-family: calibri\" align=\"justify\"><strong><a href=\"https:\/\/sigaa.uern.br\/sigaa\/verProducao?idProducao=2219665&amp;key=ee2bdcf73d2de75db44ea5f6ca985ca3\">Retifica\u00e7\u00e3o I ao Edital n\u00b0 10\/2021\u00a0<\/a><\/strong>&#8211; Retifica resultado da\u00a0an\u00e1lise de recursos \u00e0 etapa de t\u00edtulos da sele\u00e7\u00e3o de alunos regulares, Turma 2021<\/p>\n<p style=\"font-family: calibri\" align=\"justify\"><a href=\"https:\/\/sigaa.uern.br\/sigaa\/verProducao?idProducao=2219669&amp;key=9462678b447b1dbb4a2c182dfe2c1cb9\"><strong>Edital n\u00b0 11\/2021<\/strong>\u00a0<\/a>&#8211; Divulga o resultado preliminar da sele\u00e7\u00e3o de alunos regulares, Turma 2021<\/p>\n<p style=\"font-family: calibri\" align=\"justify\"><a href=\"https:\/\/sigaa.uern.br\/sigaa\/verProducao?idProducao=2219671&amp;key=d00fa0cc2689aa980b2b1ea54944eab9\"><strong>Edital n\u00b0 12\/2021<\/strong><\/a>&#8211;\u00a0Divulga o resultado da an\u00e1lise dos recursos ao resultado preliminar da sele\u00e7\u00e3o de alunos regulares, Turma 2021<\/p>\n<p style=\"font-family: calibri\" align=\"justify\"><a href=\"https:\/\/sigaa.uern.br\/sigaa\/verProducao?idProducao=2219672&amp;key=2b9299f55028fc1125b02c7226f5319b\"><strong>Edital n\u00b0 13\/2021<\/strong><\/a>\u00a0&#8211;\u00a0Homologa o resultado final da sele\u00e7\u00e3o de alunos regulares, Turma 2021<\/p>\n<p style=\"font-family: calibri\" align=\"justify\"><strong><a href=\"https:\/\/sigaa.uern.br\/sigaa\/verProducao?idProducao=2219678&amp;key=ac25ffd6b83f63b2bf747b50dda71e1e\">Edital n\u00b0 16\/2021<\/a><\/strong>\u00a0&#8211;\u00a0Convoca suplentes da sele\u00e7\u00e3o de alunos regulares, Turma 2021<\/p>\n<p style=\"font-family: calibri\" align=\"justify\"><a href=\"https:\/\/sigaa.uern.br\/sigaa\/verProducao?idProducao=2219769&amp;key=2482bcbfe8546a1f7212b04e8206a727\"><strong>Edital n\u00b0 09\/2021-PROPEG<\/strong>\u00a0<\/a>&#8211; Divulga o resultado do procedimento de heteroidentifica\u00e7\u00e3o<\/p>\n<p>&nbsp;<\/p>\n<hr \/>\n<h4 style=\"font-family: calibri\" align=\"justify\">Sele\u00e7\u00e3o de alunos especiais do semestre 2021.1<\/h4>\n<p style=\"font-family: calibri\" align=\"justify\"><a href=\"https:\/\/sigaa.uern.br\/sigaa\/verProducao?idProducao=2219675&amp;key=9eeb3fd983ed2d25953dd7cd5d8103f3\"><strong>Edital n\u00b0 14\/2021<\/strong><\/a>\u00a0&#8211; Torna p\u00fablico processo seletivo de alunos especiais para o semestre 2021.1<\/p>\n<p style=\"font-family: calibri\" align=\"justify\"><strong><a href=\"https:\/\/sigaa.uern.br\/sigaa\/verProducao?idProducao=2219676&amp;key=7c9b25d86fc546de6e10121440efed8c\">Edital n\u00b0 15\/2021<\/a><\/strong>\u00a0&#8211;\u00a0Homologa o resultado do processo seletivo de alunos especiais para o semestre 2021.1<\/p>\n<p>&nbsp;<\/p>\n<hr \/>\n<h4 style=\"font-family: calibri\" align=\"justify\">Sele\u00e7\u00e3o de Bolsistas<\/h4>\n<p style=\"font-family: calibri\" align=\"justify\"><strong><a href=\"https:\/\/sigaa.uern.br\/sigaa\/verProducao?idProducao=2219735&amp;key=6de93607689f40253352730159957678\">Edital 01\/2021\u00a0&#8211; COMISS\u00c3O DE BOLSAS\/POSENSINO\u00a0<\/a><\/strong>&#8211; Edital de sele\u00e7\u00e3o de novos bolsistas<\/p>\n<p style=\"font-family: calibri\" align=\"justify\"><strong><a href=\"https:\/\/sigaa.uern.br\/sigaa\/verProducao?idProducao=2219733&amp;key=ce44620085460eba798e216df970e33b\">Edital 02\/2021\u00a0&#8211; COMISS\u00c3O DE BOLSAS\/POSENSINO<\/a><\/strong>\u00a0&#8211;\u00a0Resultado preliminar da sele\u00e7\u00e3o de bolsistas<\/p>\n<p style=\"font-family: calibri\" align=\"justify\"><strong><a href=\"https:\/\/sigaa.uern.br\/sigaa\/verProducao?idProducao=2219738&amp;key=5d4740088aefaf46ae3265e05e647ec3\">Edital 03\/2021\u00a0&#8211; COMISS\u00c3O DE BOLSAS\/POSENSINO<\/a><\/strong>\u00a0&#8211;\u00a0Resultado final da sele\u00e7\u00e3o de bolsistas<\/p>\n<p style=\"font-family: calibri\" align=\"justify\"><strong><a href=\"https:\/\/sigaa.uern.br\/sigaa\/verProducao?idProducao=2219739&amp;key=19b69185a92b67066a1f19bce4aca6a5\">Edital 04\/2021 &#8211;\u00a0COMISS\u00c3O DE BOLSAS\/POSENSINO<\/a><\/strong>\u00a0&#8211;\u00a0Edital de sele\u00e7\u00e3o de novos bolsistas PROPI\/IFRN<\/p>\n<p style=\"font-family: calibri\" align=\"justify\"><strong><a href=\"https:\/\/sigaa.uern.br\/sigaa\/verProducao?idProducao=2219741&amp;key=a704ec8f650f466ab66704a594c2312e\">Edital 05\/2021 &#8211; COMISS\u00c3O DE BOLSAS\/POSENSINO<\/a><\/strong>\u00a0&#8211;\u00a0Resultado Final da sele\u00e7\u00e3o de bolsistas PROPI\/IFRN<\/p>\n<p style=\"font-family: calibri\" align=\"justify\"><strong><a href=\"https:\/\/sigaa.uern.br\/sigaa\/verProducao?idProducao=2219742&amp;key=e7c4aed02b49d5782b3c2d217a639050\">Edital 06\/2021 &#8211; COMISS\u00c3O DE BOLSAS\/POSENSINO<\/a><\/strong>\u00a0&#8211;\u00a0Edital de sele\u00e7\u00e3o de novos bolsistas DS 2021-2022<\/p>\n<p style=\"font-family: calibri\" align=\"justify\"><a href=\"https:\/\/sigaa.uern.br\/sigaa\/verProducao?idProducao=2219743&amp;key=b0f0c1e7eba95a04a8859ed30389a63f\">Retifica\u00e7\u00e3o ao Edital 06\/2021<\/a><\/p>\n<p style=\"font-family: calibri\" align=\"justify\"><strong><a href=\"\/sigaa\/verProducao?idProducao=2219744&amp;key=17e2a7f04de0b6adba525e9654dfc54c\">Edital 07\/2021 &#8211; COMISS\u00c3O DE BOLSAS\/POSENSINO<\/a><\/strong>\u00a0&#8211;\u00a0Resultado Preliminar da sele\u00e7\u00e3o de novos bolsistas DS 2021-2022<\/p>\n<p style=\"font-family: calibri\" align=\"justify\"><strong><a href=\"https:\/\/sigaa.uern.br\/sigaa\/verProducao?idProducao=2219745&amp;key=16505ce53a8777f8a42898be10a5c405\">Edital 08\/2021 &#8211; COMISS\u00c3O DE BOLSAS\/POSENSINO<\/a><\/strong>\u00a0&#8211;\u00a0Resultado Final da sele\u00e7\u00e3o de novos bolsistas DS 2021-2022<\/p>\n<p>&nbsp;<\/p>\n<hr \/>\n<h4 style=\"font-family: calibri\" align=\"justify\">Sele\u00e7\u00e3o de alunos especiais do semestre 2021.2<\/h4>\n<p style=\"font-family: calibri\" align=\"justify\"><strong><a href=\"https:\/\/sigaa.uern.br\/sigaa\/verProducao?idProducao=2219686&amp;key=8c34a727470e4d0ce9ad78b46b64c9e4\">Edital n\u00b0 19\/2021<\/a><\/strong>\u00a0&#8211;\u00a0Torna p\u00fablico processo seletivo de alunos especiais para o semestre 2021.2<\/p>\n<p style=\"font-family: calibri\" align=\"justify\"><a href=\"https:\/\/sigaa.uern.br\/sigaa\/verProducao?idProducao=2219689&amp;key=fde22f77a672bfb7bfc8f7e5c78b3e4f\"><strong>Edital n\u00b0 21\/2021<\/strong><\/a>\u00a0&#8211;\u00a0Torna p\u00fablica a homologa\u00e7\u00e3o das inscri\u00e7\u00f5es ao\u00a0processo seletivo de alunos especiais para o semestre 2021.2<\/p>\n<p style=\"font-family: calibri\" align=\"justify\"><strong><a href=\"https:\/\/sigaa.uern.br\/sigaa\/verProducao?idProducao=2219690&amp;key=4bba5b7e7a3217572694e29d44af2efd\">Edital n\u00b0 22\/2021<\/a><\/strong>\u00a0&#8211;\u00a0Torna p\u00fablico o resultado da sele\u00e7\u00e3o de alunos especiais para o semestre 2021.2<\/p>\n<p>&nbsp;<\/p>\n<hr \/>\n<h4 style=\"font-family: calibri\" align=\"justify\">Sele\u00e7\u00e3o interna de artigos para submiss\u00e3o \u00e0 publica\u00e7\u00e3o de livro<\/h4>\n<p style=\"font-family: calibri\" align=\"justify\"><a href=\"https:\/\/sigaa.uern.br\/sigaa\/verProducao?idProducao=2219629&amp;key=558b9a38c0db668e590463324bb3650f\"><strong>Edital n\u00b0 04\/2021 Retificado<\/strong><\/a><strong> &#8211; <\/strong>\u00a0Divulga sele\u00e7\u00e3o interna de artigos para submiss\u00e3o \u00e0 publica\u00e7\u00e3o de livro<\/p>\n<p style=\"font-family: calibri\" align=\"justify\"><a href=\"https:\/\/sigaa.uern.br\/sigaa\/verProducao?idProducao=2219632&amp;key=d9da12b550c8145a8d3e37ebb8c831f8\">Retifica\u00e7\u00e3o I ao Edital n\u00b0 04\/2021<\/a><\/p>\n<p style=\"font-family: calibri\" align=\"justify\"><a href=\"https:\/\/sigaa.uern.br\/sigaa\/verProducao?idProducao=2219633&amp;key=a52597f39b276ec0302c1f302c0e9151\">Retifica\u00e7\u00e3o II ao Edital n\u00b0 04\/2021<\/a><\/p>\n<p style=\"font-family: calibri\" align=\"justify\"><a href=\"https:\/\/sigaa.uern.br\/sigaa\/verProducao?idProducao=2219636&amp;key=e08869a8099476c5f3ac3c51b0c69463\">Retifica\u00e7\u00e3o III ao Edital n\u00b0 04\/2021<\/a><\/p>\n<p style=\"font-family: calibri\" align=\"justify\"><strong><a href=\"https:\/\/sigaa.uern.br\/sigaa\/verProducao?idProducao=2219682&amp;key=e193bfe38eef25c099ab5186215048d2\">Edital n\u00b0 017\/2021<\/a><\/strong>\u00a0&#8211; Homologa as inscri\u00e7\u00f5es para a sele\u00e7\u00e3o interna de artigos para submiss\u00e3o \u00e0 publica\u00e7\u00e3o de livro<\/p>\n<p style=\"font-family: calibri\" align=\"justify\"><strong><a href=\"https:\/\/sigaa.uern.br\/sigaa\/verProducao?idProducao=2219683&amp;key=f303771b505bd3475209b071a831ce5f\">Edital n\u00b0 018\/2021<\/a><\/strong>\u00a0&#8211; Divulga o resultado da sele\u00e7\u00e3o\u00a0interna de artigos para publica\u00e7\u00e3o de livro<\/p>\n<p>&nbsp;<\/p>\n<hr \/>\n<h4 style=\"font-family: calibri\" align=\"justify\">Sele\u00e7\u00e3o interna para sele\u00e7\u00e3o de artigos para tradu\u00e7\u00e3o e revis\u00e3o<\/h4>\n<p style=\"font-family: calibri\" align=\"justify\"><strong><a href=\"https:\/\/sigaa.uern.br\/sigaa\/verProducao?idProducao=2219687&amp;key=068f29f8f198a11760818a786735fc4e\">Edital n\u00b0 020\/2021<\/a>\u00a0<\/strong>&#8211;\u00a0Torna p\u00fablica sele\u00e7\u00e3o interna de artigos para tradu\u00e7\u00e3o e revis\u00e3o<\/p>\n<p>&nbsp;<\/p>\n<hr \/>\n<h4 style=\"font-family: calibri\" align=\"justify\">Sele\u00e7\u00e3o de Alunos Regulares Turma 2022<\/h4>\n<p style=\"font-family: calibri\" align=\"justify\"><a href=\"https:\/\/sigaa.uern.br\/sigaa\/verProducao?idProducao=2219695&amp;key=8c9d8a15996b0a89698338e25b87b80c\"><strong>Edital n\u00b0 023\/2021\u00a0Retificado<\/strong><\/a><span style=\"font-size: 0.7em;letter-spacing: 0px\">\u00a0&#8211; Torna p\u00fablica sele\u00e7\u00e3o de alunos regulares Turma 2022<\/span><\/p>\n<p style=\"font-family: calibri\" align=\"justify\"><a href=\"https:\/\/sigaa.uern.br\/sigaa\/verProducao?idProducao=2219699&amp;key=f6f9a06b68f6a2fe3cc83a55e8ebdeec\">Anexo I<\/a>\u00a0&#8211;\u00a0Quadro de Vagas<\/p>\n<p style=\"font-family: calibri\" align=\"justify\"><a href=\"https:\/\/sigaa.uern.br\/sigaa\/verProducao?idProducao=2219700&amp;key=e0b81b9b96710a4f18a5f20170dbeec5\">Anexo II<\/a>\u00a0&#8211; Formul\u00e1rio para solicita\u00e7\u00e3o de assist\u00eancia e condi\u00e7\u00f5es especiais<\/p>\n<p style=\"font-family: calibri\" align=\"justify\"><a href=\"https:\/\/sigaa.uern.br\/sigaa\/verProducao?idProducao=2219702&amp;key=5d2c5b5894f27d5bbf470a61f6602a49\">Anexo III<\/a>\u00a0&#8211; Tabela de pontua\u00e7\u00e3o de t\u00edtulos<\/p>\n<p style=\"font-family: calibri\" align=\"justify\"><a href=\"https:\/\/sigaa.uern.br\/sigaa\/verProducao?idProducao=2219704&amp;key=67826dff0ae76ecdd216e24b6adc42d5\">Anexo IV<\/a>\u00a0&#8211; Modelo para Projeto de Pesquisa<\/p>\n<p style=\"font-family: calibri\" align=\"justify\"><a href=\"https:\/\/sigaa.uern.br\/sigaa\/verProducao?idProducao=2219708&amp;key=a2c18e5c0ea6bf5cd16daa3c771943e6\">Anexo V<\/a>\u00a0&#8211; Formul\u00e1rio de Autodeclara\u00e7\u00e3o<\/p>\n<p style=\"font-family: calibri\" align=\"justify\"><a href=\"https:\/\/sigaa.uern.br\/sigaa\/verProducao?idProducao=2219709&amp;key=66aa1a9d71f2318e815dacbd02ad91f9\">Anexo VI<\/a>\u00a0\u2013 Termo de Compromisso para capacita\u00e7\u00e3o de servidores da UERN<\/p>\n<p style=\"font-family: calibri\" align=\"justify\"><a href=\"https:\/\/sigaa.uern.br\/sigaa\/verProducao?idProducao=2219710&amp;key=43b422ea63e3d504b7d01dd0a5bd2f8b\">Anexo VII<\/a>\u00a0\u2013 Formul\u00e1rio para impugna\u00e7\u00e3o e interposi\u00e7\u00e3o de recursos<\/p>\n<p style=\"font-family: calibri\" align=\"justify\"><a href=\"https:\/\/sigaa.uern.br\/sigaa\/verProducao?idProducao=2219712&amp;key=2d90308282120b9dace2626a131bbdb1\"><strong>Edital n\u00b0 024\/2021\u00a0<\/strong><\/a>&#8211; Torna p\u00fablico o resultado da an\u00e1lise se solicita\u00e7\u00e3o\u00a0interposta para impugna\u00e7\u00e3o de edital<\/p>\n<p style=\"font-family: calibri\" align=\"justify\"><strong><a href=\"https:\/\/sigaa.uern.br\/sigaa\/verProducao?idProducao=2219696&amp;key=123995350529c74660a4f673cb62804a\">Retifica\u00e7\u00e3o I ao Edital n\u00b0 023\/2021<\/a><\/strong><\/p>\n<p style=\"font-family: calibri\" align=\"justify\"><strong><a href=\"https:\/\/sigaa.uern.br\/sigaa\/verProducao?idProducao=2219714&amp;key=c107b761a20dc4a5a9da5e82e4a3c8b6\">Edital n\u00b0 025\/2021\u00a0<\/a>&#8211;\u00a0<\/strong>Homologa as inscri\u00e7\u00f5es recebidas para sele\u00e7\u00e3o de alunos regulares<\/p>\n<p style=\"font-family: calibri\" align=\"justify\"><strong><a href=\"https:\/\/sigaa.uern.br\/sigaa\/verProducao?idProducao=2219716&amp;key=8858eeb90f5123409021b92a322e5093\">Edital n\u00b0 026\/2021 <\/a><\/strong>&#8211;\u00a0Resultado da an\u00e1lise dos recursos interpostos \u00e0s inscri\u00e7\u00f5es<\/p>\n<p style=\"font-family: calibri\" align=\"justify\"><a href=\"https:\/\/sigaa.uern.br\/sigaa\/verProducao?idProducao=2219718&amp;key=9d44027d1fec54fd67b344544dd45fdc\"><strong>Edital n\u00b0 027\/2021<\/strong>\u00a0<\/a>&#8211;\u00a0Resultado da an\u00e1lise dos projetos da sele\u00e7\u00e3o de alunos regulares, Turma 2022<\/p>\n<p style=\"font-family: calibri\" align=\"justify\"><a href=\"https:\/\/sigaa.uern.br\/sigaa\/verProducao?idProducao=2219720&amp;key=dff8d0923a6d9b28302d872878cb09f3\"><strong>Edital n\u00b0 028\/2021<\/strong><\/a>\u00a0&#8211;\u00a0Resultado da an\u00e1lise dos recursos interpostos \u00e0 etapa de projetos<\/p>\n<p style=\"font-family: calibri\" align=\"justify\"><strong><a href=\"https:\/\/sigaa.uern.br\/sigaa\/verProducao?idProducao=2219697&amp;key=bd74d8e47575900f5645429872f2d550\">Retifica\u00e7\u00e3o II ao Edital n\u00b0 023\/2021<\/a><\/strong><\/p>\n<p>&nbsp;<\/p>\n<p style=\"font-family: calibri\" align=\"justify\">VISITE A P\u00c1GINA DOS <a href=\"https:\/\/sigaa.uern.br\/sigaa\/public\/programa\/secao_extra.jsf?lc=pt&amp;id=1049&amp;extra=5257839\">EDITAIS DE 2022 <\/a>PARA CONSULTAR AS ETAPAS SEGUINTES<\/p>\n<p>&nbsp;<\/p>\n","protected":false},"excerpt":{"rendered":"<p>Sele\u00e7\u00e3o de alunos Regulares Turma 2021 Edital n\u00b0 01\/2021\u00a0&#8211; Torna p\u00fablica sele\u00e7\u00e3o de alunos regulares Turma 2021 Anexo I\u00a0&#8211; Quadro de Vagas Anexo II\u00a0&#8211; Quadro de Vagas para PcD e cotistas Anexo III\u00a0&#8211; Formul\u00e1rio para solicita\u00e7\u00e3o de assist\u00eancia e condi\u00e7\u00f5es especiais Anexo IV\u00a0&#8211; Tabela de pontua\u00e7\u00e3o de t\u00edtulos Anexo V\u00a0&#8211; Modelo para Projeto de Pesquisa [&hellip;]<\/p>\n","protected":false},"author":22,"featured_media":0,"parent":0,"menu_order":0,"comment_status":"closed","ping_status":"closed","template":"","meta":{"footnotes":""},"class_list":["post-683","page","type-page","status-publish","hentry"],"_links":{"self":[{"href":"https:\/\/portal.uern.br\/propeg\/posensino\/wp-json\/wp\/v2\/pages\/683","targetHints":{"allow":["GET"]}}],"collection":[{"href":"https:\/\/portal.uern.br\/propeg\/posensino\/wp-json\/wp\/v2\/pages"}],"about":[{"href":"https:\/\/portal.uern.br\/propeg\/posensino\/wp-json\/wp\/v2\/types\/page"}],"author":[{"embeddable":true,"href":"https:\/\/portal.uern.br\/propeg\/posensino\/wp-json\/wp\/v2\/users\/22"}],"replies":[{"embeddable":true,"href":"https:\/\/portal.uern.br\/propeg\/posensino\/wp-json\/wp\/v2\/comments?post=683"}],"version-history":[{"count":7,"href":"https:\/\/portal.uern.br\/propeg\/posensino\/wp-json\/wp\/v2\/pages\/683\/revisions"}],"predecessor-version":[{"id":979,"href":"https:\/\/portal.uern.br\/propeg\/posensino\/wp-json\/wp\/v2\/pages\/683\/revisions\/979"}],"wp:attachment":[{"href":"https:\/\/portal.uern.br\/propeg\/posensino\/wp-json\/wp\/v2\/media?parent=683"}],"curies":[{"name":"wp","href":"https:\/\/api.w.org\/{rel}","templated":true}]}}