{"id":676,"date":"2025-05-07T13:51:48","date_gmt":"2025-05-07T16:51:48","guid":{"rendered":"https:\/\/portal.uern.br\/propeg\/posensino\/?page_id=676"},"modified":"2025-07-09T11:54:22","modified_gmt":"2025-07-09T14:54:22","slug":"editais-2018","status":"publish","type":"page","link":"https:\/\/portal.uern.br\/propeg\/posensino\/editais-2018\/","title":{"rendered":"Editais 2018"},"content":{"rendered":"<h4 style=\"font-family: calibri\" align=\"justify\">Sele\u00e7\u00e3o de alunos especiais 2018.1<\/h4>\n<p style=\"font-family: calibri\" align=\"justify\"><strong><a href=\"https:\/\/www.uern.br\/controledepaginas\/posensino-editais-2018\/arquivos\/5610edital_01_2018_abre_seleaa%C2%A7aa%C2%A3o_para_aluno_especial_2018.1_posensino.pdf\">Edital n\u00ba 01\/2018<\/a>\u00a0&#8211;\u00a0<\/strong>Homolga Edital de aluno especial 2018.1<\/p>\n<p style=\"font-family: calibri\" align=\"justify\"><strong><a href=\"https:\/\/www.uern.br\/controledepaginas\/posensino-editais-2018\/arquivos\/5610edital_02_2018_homologa_resultado_seleaa%C2%A7aa%C2%A3o_aluno_especiais_2018.1_posensino.pdf\">Edital n\u00ba 02\/2018<\/a>\u00a0&#8211;<\/strong>\u00a0Homologa resultado sele\u00e7\u00e3o alunos especiais 2018.1<\/p>\n<p>&nbsp;<\/p>\n<hr \/>\n<h4 style=\"font-family: calibri\" align=\"justify\">Sele\u00e7\u00e3o de alunos especiais 2018.2<\/h4>\n<p style=\"font-family: calibri\" align=\"justify\"><strong><a href=\"https:\/\/sigaa.uern.br\/sigaa\/verProducao?idProducao=2223643&amp;key=845dc8855bc6702138a52d55cd3b4c6b\">Edital n\u00b0 03\/2018<\/a><\/strong>\u00a0&#8211;\u00a0Torna p\u00fablico processo seletivo de alunos especiais 2018.2<\/p>\n<p style=\"font-family: calibri\" align=\"justify\"><a href=\"https:\/\/sigaa.uern.br\/sigaa\/verProducao?idProducao=2223644&amp;key=ab96d1c8945978a60715871de5dad42c\"><strong>Edital n\u00b0 04\/2018<\/strong><\/a>\u00a0&#8211; Homologa o resultado da sele\u00e7\u00e3o de alunos especiais 2018.2<\/p>\n<p>&nbsp;<\/p>\n<hr \/>\n<h4 style=\"font-family: calibri\" align=\"justify\">Sele\u00e7\u00e3o de alunos regulares turma 2019<\/h4>\n<p style=\"font-family: calibri\" align=\"justify\"><strong><a href=\"https:\/\/sigaa.uern.br\/sigaa\/verProducao?idProducao=2223646&amp;key=7f1138c423511e7d966aa2cc99602fca\">Edital n\u00b0 05\/2018<\/a><\/strong>\u00a0&#8211;\u00a0Abre sele\u00e7\u00e3o para alunos regulares 2019<\/p>\n<p style=\"font-family: calibri\" align=\"justify\"><a href=\"https:\/\/sigaa.uern.br\/sigaa\/verProducao?idProducao=2223666&amp;key=3c46f5e9eae892ce8016d651f8dc70d8\">Anexo I<\/a>\u00a0&#8211; Quadro de Vagas<\/p>\n<p style=\"font-family: calibri\" align=\"justify\"><a href=\"https:\/\/sigaa.uern.br\/sigaa\/verProducao?idProducao=2223668&amp;key=e0ef93cb396bf0204548dc771c28cc41\">Anexo II<\/a>\u00a0&#8211; Formul\u00e1rio de Inscri\u00e7\u00e3o<\/p>\n<p style=\"font-family: calibri\" align=\"justify\"><a href=\"https:\/\/sigaa.uern.br\/sigaa\/verProducao?idProducao=2223670&amp;key=49a97114edf7efba00a1e836caaef3fd\">Anexo III<\/a>\u00a0&#8211;\u00a0Formul\u00e1rio para Assist\u00eancia e condi\u00e7\u00f5es especiais<\/p>\n<p style=\"font-family: calibri\" align=\"justify\"><a href=\"https:\/\/sigaa.uern.br\/sigaa\/verProducao?idProducao=2223687&amp;key=8567e539d52249101759ed5cf7106f84\">Anexo IV<\/a>\u00a0&#8211; Refer\u00eancias Indicadas<\/p>\n<p style=\"font-family: calibri\" align=\"justify\"><a href=\"https:\/\/sigaa.uern.br\/sigaa\/verProducao?idProducao=2223673&amp;key=564a823997aa5dee4afeb269b01ba7f3\">Anexo V<\/a>\u00a0&#8211; Tabela de Pontua\u00e7\u00e3o An\u00e1lise de T\u00edtulos<\/p>\n<p style=\"font-family: calibri\" align=\"justify\"><a href=\"https:\/\/sigaa.uern.br\/sigaa\/verProducao?idProducao=2223674&amp;key=e8ad87714b1f8881d4454070fa40ac17\">Anexo VI<\/a>\u00a0&#8211; Modelo para projeto de pesquisa<\/p>\n<p style=\"font-family: calibri\" align=\"justify\"><strong><a href=\"https:\/\/sigaa.uern.br\/sigaa\/verProducao?idProducao=2223647&amp;key=759129cf18182870d0cf2d19142fb6ee\">Edital n\u00b0 06\/2018<\/a>\u00a0&#8211;<\/strong>\u00a0Homologa\u00a0as Inscri\u00e7\u00f5es para\u00a0Sele\u00e7\u00e3o de alunos regulares 2019<\/p>\n<p style=\"font-family: calibri\" align=\"justify\"><a href=\"https:\/\/sigaa.uern.br\/sigaa\/verProducao?idProducao=2223657&amp;key=7705d37d47ebd62158d492c2d0ed5c6a\"><strong>Edital n\u00b0 07\/2018<\/strong><\/a>\u00a0&#8211; Homologa as Inscri\u00e7\u00f5es ap\u00f3s recursos da sele\u00e7\u00e3o de alunos regulares 2019<\/p>\n<p style=\"font-family: calibri\" align=\"justify\"><strong><a href=\"https:\/\/sigaa.uern.br\/sigaa\/verProducao?idProducao=2223658&amp;key=007034e6355788dd20a537b953153411\">Edital n\u00b0 08\/2018<\/a>\u00a0<\/strong>&#8211; Homologa o resultado da etapa de prova escrita da sele\u00e7\u00e3o de alunos regulares 2019<\/p>\n<p style=\"font-family: calibri\" align=\"justify\"><strong><a href=\"https:\/\/sigaa.uern.br\/sigaa\/verProducao?idProducao=2223659&amp;key=aab08868c45bc772188b872acb58142e\">Edital n\u00b0 09\/2018<\/a>\u00a0&#8211;\u00a0<\/strong>Resultado da an\u00e1lise de recursos interpostos ao resultado da\u00a0Prova Escrita da Sele\u00e7\u00e3o de alunos regulares 2019<\/p>\n<p style=\"font-family: calibri\" align=\"justify\"><strong><a href=\"https:\/\/sigaa.uern.br\/sigaa\/verProducao?idProducao=2223660&amp;key=3fb0d4decce0817c46835a19f82c7281\">Edital n\u00b0 10\/2018<\/a>\u00a0&#8211;\u00a0<\/strong>Resultado da an\u00e1lise dos projetos\u00a0da Sele\u00e7\u00e3o de alunos regulares 2019<\/p>\n<p style=\"font-family: calibri\" align=\"justify\"><strong><a href=\"https:\/\/sigaa.uern.br\/sigaa\/verProducao?idProducao=2223661&amp;key=07e46946d0c63e5a279874367b44872d\">Edital n\u00b0 11\/2018<\/a>\u00a0&#8211;<\/strong>\u00a0Resultado da etapa de entrevistas da Sele\u00e7\u00e3o de alunos regulares 2019<\/p>\n<p style=\"font-family: calibri\" align=\"justify\"><strong><a href=\"https:\/\/sigaa.uern.br\/sigaa\/verProducao?idProducao=2223663&amp;key=ba6c6bde136502dbe22ab136708f0fd2\">Edital n\u00b0 12\/2018<\/a>\u00a0&#8211;<\/strong>\u00a0Resultado da an\u00e1lise de t\u00edtulos da Sele\u00e7\u00e3o de alunos regulares 2019<\/p>\n<p style=\"font-family: calibri\" align=\"justify\"><strong><a href=\"https:\/\/sigaa.uern.br\/sigaa\/verProducao?idProducao=2223664&amp;key=5e6e0a0eb2a066d04f5b4f5f824607f4\">Edital n\u00b0 13\/2018<\/a>\u00a0<\/strong>&#8211; Resultado final da Sele\u00e7\u00e3o de alunos regulares 2019<\/p>\n","protected":false},"excerpt":{"rendered":"<p>Sele\u00e7\u00e3o de alunos especiais 2018.1 Edital n\u00ba 01\/2018\u00a0&#8211;\u00a0Homolga Edital de aluno especial 2018.1 Edital n\u00ba 02\/2018\u00a0&#8211;\u00a0Homologa resultado sele\u00e7\u00e3o alunos especiais 2018.1 &nbsp; Sele\u00e7\u00e3o de alunos especiais 2018.2 Edital n\u00b0 03\/2018\u00a0&#8211;\u00a0Torna p\u00fablico processo seletivo de alunos especiais 2018.2 Edital n\u00b0 04\/2018\u00a0&#8211; Homologa o resultado da sele\u00e7\u00e3o de alunos especiais 2018.2 &nbsp; Sele\u00e7\u00e3o de alunos regulares turma [&hellip;]<\/p>\n","protected":false},"author":22,"featured_media":0,"parent":0,"menu_order":0,"comment_status":"closed","ping_status":"closed","template":"","meta":{"footnotes":""},"class_list":["post-676","page","type-page","status-publish","hentry"],"_links":{"self":[{"href":"https:\/\/portal.uern.br\/propeg\/posensino\/wp-json\/wp\/v2\/pages\/676","targetHints":{"allow":["GET"]}}],"collection":[{"href":"https:\/\/portal.uern.br\/propeg\/posensino\/wp-json\/wp\/v2\/pages"}],"about":[{"href":"https:\/\/portal.uern.br\/propeg\/posensino\/wp-json\/wp\/v2\/types\/page"}],"author":[{"embeddable":true,"href":"https:\/\/portal.uern.br\/propeg\/posensino\/wp-json\/wp\/v2\/users\/22"}],"replies":[{"embeddable":true,"href":"https:\/\/portal.uern.br\/propeg\/posensino\/wp-json\/wp\/v2\/comments?post=676"}],"version-history":[{"count":4,"href":"https:\/\/portal.uern.br\/propeg\/posensino\/wp-json\/wp\/v2\/pages\/676\/revisions"}],"predecessor-version":[{"id":984,"href":"https:\/\/portal.uern.br\/propeg\/posensino\/wp-json\/wp\/v2\/pages\/676\/revisions\/984"}],"wp:attachment":[{"href":"https:\/\/portal.uern.br\/propeg\/posensino\/wp-json\/wp\/v2\/media?parent=676"}],"curies":[{"name":"wp","href":"https:\/\/api.w.org\/{rel}","templated":true}]}}