{"id":577,"date":"2025-04-29T11:09:28","date_gmt":"2025-04-29T14:09:28","guid":{"rendered":"https:\/\/portal.uern.br\/propeg\/posensino\/?page_id=577"},"modified":"2025-06-24T13:18:34","modified_gmt":"2025-06-24T16:18:34","slug":"disciplinas","status":"publish","type":"page","link":"https:\/\/portal.uern.br\/propeg\/posensino\/disciplinas\/","title":{"rendered":"Disciplinas"},"content":{"rendered":"<p>&nbsp;<\/p>\n<table border=\"value\" width=\"100%\" cellspacing=\"0\" cellpadding=\"2\">\n<colgroup>\n<col width=\"256*\" \/><\/colgroup>\n<tbody>\n<tr>\n<td style=\"text-align: center\" valign=\"top\" width=\"100%\"><span style=\"font-family: Calibri\"><strong>DISCIPLINAS OBRIGAT\u00d3RIAS<\/strong><\/span><\/td>\n<\/tr>\n<\/tbody>\n<\/table>\n<p>&nbsp;<\/p>\n<table border=\"value\" width=\"585\" cellspacing=\"0\" cellpadding=\"4\" bgcolor=\"#ffffff\">\n<colgroup>\n<col width=\"361\" \/>\n<col width=\"100\" \/>\n<col width=\"99\" \/><\/colgroup>\n<tbody>\n<tr>\n<td style=\"text-align: center\" width=\"361\"><span style=\"font-family: Calibri\"><strong>Disciplina<\/strong><\/span><\/td>\n<td style=\"text-align: center\" width=\"100\"><span style=\"font-family: Calibri\"><strong>Carga Hor\u00e1ria<\/strong><\/span><\/td>\n<td style=\"text-align: center\" width=\"99\"><span style=\"font-family: Calibri\"><strong>Curso<\/strong><\/span><\/td>\n<\/tr>\n<tr>\n<td width=\"361\"><span style=\"font-family: Calibri\">Ensino e interdisciplinaridade na escola p\u00fablica<\/span><\/td>\n<td style=\"text-align: center\" width=\"100\"><span style=\"font-family: Calibri\">60 h\/a \u2013 4cr<\/span><\/td>\n<td style=\"text-align: center\" width=\"99\"><span style=\"font-family: Calibri\">M\/D<\/span><\/td>\n<\/tr>\n<tr>\n<td width=\"361\"><span style=\"font-family: Calibri\">Pesquisa em Ensino<\/span><\/td>\n<td style=\"text-align: center\" width=\"100\"><span style=\"font-family: Calibri\">60 h\/a \u2013 4cr <\/span><\/td>\n<td style=\"text-align: center\" width=\"99\"><span style=\"font-family: Calibri\">M\/D<\/span><\/td>\n<\/tr>\n<tr>\n<td width=\"361\"><span style=\"font-family: Calibri\">Ensino-aprendizagem de Ci\u00eancias Humanas e Sociais*<\/span><\/td>\n<td style=\"text-align: center\" width=\"100\"><span style=\"font-family: Calibri\">60 h\/a \u2013 4cr<\/span><\/td>\n<td style=\"text-align: center\" width=\"99\"><span style=\"font-family: Calibri\">M\/D<\/span><\/td>\n<\/tr>\n<tr>\n<td width=\"361\"><span style=\"font-family: Calibri\">Ensino-aprendizagem de L\u00ednguas e Artes*<\/span><\/td>\n<td style=\"text-align: center\" width=\"100\"><span style=\"font-family: Calibri\">60 h\/a \u2013 4cr<\/span><\/td>\n<td style=\"text-align: center\" width=\"99\"><span style=\"font-family: Calibri\">M\/D<\/span><\/td>\n<\/tr>\n<tr>\n<td width=\"361\"><span style=\"font-family: Calibri\">Ensino-aprendizagem de Ci\u00eancias Naturais, Matem\u00e1tica e Tecnologias*<\/span><\/td>\n<td style=\"text-align: center\" width=\"100\"><span style=\"font-family: Calibri\">60 h\/a \u2013 4cr<\/span><\/td>\n<td style=\"text-align: center\" width=\"99\"><span style=\"font-family: Calibri\">M\/D<\/span><\/td>\n<\/tr>\n<tr>\n<td width=\"361\"><span style=\"font-family: Calibri\">Ensino-aprendizagem em narrativas, discursos e mem\u00f3rias*<\/span><\/td>\n<td style=\"text-align: center\" width=\"100\"><span style=\"font-family: Calibri\">60 h\/a \u2013 4cr<\/span><\/td>\n<td style=\"text-align: center\" width=\"99\"><span style=\"font-family: Calibri\">M\/D<\/span><\/td>\n<\/tr>\n<tr>\n<td width=\"361\"><span style=\"font-family: Calibri\">Semin\u00e1rio de Pesquisa<\/span><\/td>\n<td style=\"text-align: center\" width=\"100\"><span style=\"font-family: Calibri\">60 h\/a \u2013 4cr<\/span><\/td>\n<td style=\"text-align: center\" width=\"99\"><span style=\"font-family: Calibri\">M<\/span><\/td>\n<\/tr>\n<tr>\n<td width=\"361\"><span style=\"font-family: Calibri\">Reda\u00e7\u00e3o de projeto investigativo<\/span><\/td>\n<td style=\"text-align: center\" width=\"100\"><span style=\"font-family: Calibri\">60 h\/a \u2013 4cr<\/span><\/td>\n<td style=\"text-align: center\" width=\"99\"><span style=\"font-family: Calibri\">M<\/span><\/td>\n<\/tr>\n<tr>\n<td width=\"361\"><span style=\"font-family: Calibri\">Pr\u00e1tica de pesquisa orientada<\/span><\/td>\n<td style=\"text-align: center\" width=\"100\"><span style=\"font-family: Calibri\">60 h\/a \u2013 4cr<\/span><\/td>\n<td style=\"text-align: center\" width=\"99\"><span style=\"font-family: Calibri\">M<\/span><\/td>\n<\/tr>\n<tr>\n<td width=\"361\"><span style=\"font-family: Calibri\">Semin\u00e1rio de tese 1<\/span><\/td>\n<td style=\"text-align: center\" width=\"100\"><span style=\"font-family: Calibri\">60 h\/a \u2013 4cr<\/span><\/td>\n<td style=\"text-align: center\" width=\"99\"><span style=\"font-family: Calibri\">D<\/span><\/td>\n<\/tr>\n<tr>\n<td width=\"361\"><span style=\"font-family: Calibri\">Semin\u00e1rio de tese 2<\/span><\/td>\n<td style=\"text-align: center\" width=\"100\"><span style=\"font-family: Calibri\">60 h\/a \u2013 4cr<\/span><\/td>\n<td style=\"text-align: center\" width=\"99\"><span style=\"font-family: Calibri\">D<\/span><\/td>\n<\/tr>\n<tr>\n<td width=\"361\"><span style=\"font-family: Calibri\">Reda\u00e7\u00e3o de Projeto de Tese<\/span><\/td>\n<td style=\"text-align: center\" width=\"100\"><span style=\"font-family: Calibri\">60 h\/a \u2013 4cr<\/span><\/td>\n<td style=\"text-align: center\" width=\"99\"><span style=\"font-family: Calibri\">D<\/span><\/td>\n<\/tr>\n<tr>\n<td width=\"361\"><span style=\"font-family: Calibri\">Pr\u00e1tica de pesquisa doutoral orientada 1<\/span><\/td>\n<td style=\"text-align: center\" width=\"100\"><span style=\"font-family: Calibri\">60 h\/a \u2013 4cr<\/span><\/td>\n<td style=\"text-align: center\" width=\"99\"><span style=\"font-family: Calibri\">D<\/span><\/td>\n<\/tr>\n<tr>\n<td width=\"361\"><span style=\"font-family: Calibri\">Pr\u00e1tica de pesquisa doutoral orientada 2<\/span><\/td>\n<td style=\"text-align: center\" width=\"100\"><span style=\"font-family: Calibri\">60 h\/a \u2013 4cr<\/span><\/td>\n<td style=\"text-align: center\" width=\"99\"><span style=\"font-family: Calibri\">D<\/span><\/td>\n<\/tr>\n<\/tbody>\n<\/table>\n<p><span style=\"font-family: Calibri\"><strong>* Obrigat\u00f3rias para as respectivas linhas de pesquisa<\/strong><\/span><\/p>\n<p><span style=\"font-family: Calibri\"><strong>M \u2013 Mestrado<\/strong><\/span><\/p>\n<p><span style=\"font-family: Calibri\"><strong>D &#8211; Doutorado<\/strong><\/span><\/p>\n<p>&nbsp;<\/p>\n<table border=\"value\" width=\"100%\" cellspacing=\"0\" cellpadding=\"4\">\n<colgroup>\n<col width=\"256*\" \/><\/colgroup>\n<tbody>\n<tr>\n<td style=\"text-align: center\" valign=\"top\" width=\"100%\"><span style=\"font-family: Calibri\"><strong>DISCIPLINAS ELETIVAS<\/strong><\/span><\/td>\n<\/tr>\n<\/tbody>\n<\/table>\n<p>&nbsp;<\/p>\n<table style=\"height: 2423px\" border=\"value\" width=\"670\" cellspacing=\"0\" cellpadding=\"4\" bgcolor=\"#ffffff\">\n<colgroup>\n<col width=\"461\" \/>\n<col width=\"172\" \/><\/colgroup>\n<tbody>\n<tr>\n<td style=\"text-align: center\" width=\"461\">\n<pre><span style=\"font-family: Calibri\"><strong>Disciplina<\/strong><\/span><\/pre>\n<\/td>\n<td style=\"text-align: center\" width=\"172\">\n<pre><span style=\"font-family: Calibri\"><strong>Carga Hor\u00e1ria<\/strong><\/span><\/pre>\n<\/td>\n<\/tr>\n<tr>\n<td width=\"461\"><span style=\"font-family: Calibri\">Did\u00e1tica do Ensino Superior<\/span><\/td>\n<td style=\"text-align: center\" width=\"172\"><span style=\"font-family: Calibri\">60 h\/a \u2013 4cr<\/span><\/td>\n<\/tr>\n<tr>\n<td width=\"461\"><span style=\"font-family: Calibri\">Ci\u00eancia, tecnologia e sociedade no ensino<\/span><\/td>\n<td style=\"text-align: center\" width=\"172\"><span style=\"font-family: Calibri\">60 h\/a \u2013 4cr<\/span><\/td>\n<\/tr>\n<tr>\n<td width=\"461\"><span style=\"font-family: Calibri\">Hist\u00f3ria e mem\u00f3ria do ensino no Brasil<\/span><\/td>\n<td style=\"text-align: center\" width=\"172\">60 h\/a \u2013 4cr<\/td>\n<\/tr>\n<tr>\n<td width=\"461\"><span style=\"font-family: Calibri\">Hist\u00f3ria e Mem\u00f3ria da Educa\u00e7\u00e3o Profissional no Brasil<\/span><\/td>\n<td style=\"text-align: center\" width=\"172\"><span style=\"font-family: Calibri\">60 h\/a \u2013 4cr<\/span><\/td>\n<\/tr>\n<tr>\n<td width=\"461\"><span style=\"font-family: Calibri\">Bases conceituais da Educa\u00e7\u00e3o Profissional e Tecnol\u00f3gica<\/span><\/td>\n<td style=\"text-align: center\" width=\"172\"><span style=\"font-family: Calibri\">60 h\/a \u2013 4cr<\/span><\/td>\n<\/tr>\n<tr>\n<td width=\"461\"><span style=\"font-family: Calibri\">Educa\u00e7\u00e3o do Campo e Ensino no Semi\u00e1rido<\/span><\/td>\n<td style=\"text-align: center\" width=\"172\"><span style=\"font-family: Calibri\">60 h\/a \u2013 4cr<\/span><\/td>\n<\/tr>\n<tr>\n<td width=\"461\"><span style=\"font-family: Calibri\">Curr\u00edculo e as pr\u00e1ticas pedag\u00f3gicas na escola<\/span><\/td>\n<td style=\"text-align: center\" width=\"172\"><span style=\"font-family: Calibri\">60 h\/a \u2013 4cr<\/span><\/td>\n<\/tr>\n<tr>\n<td width=\"461\"><span style=\"font-family: Calibri\">Experimenta\u00e7\u00e3o no Ensino das Ci\u00eancias Exatas e da Natureza<\/span><\/td>\n<td style=\"text-align: center\" width=\"172\"><span style=\"font-family: Calibri\">60 h\/a \u2013 4cr<\/span><\/td>\n<\/tr>\n<tr>\n<td width=\"461\"><span style=\"font-family: Calibri\">M\u00e9todos quantitativos na pesquisa em ensino<\/span><\/td>\n<td style=\"text-align: center\" width=\"172\"><span style=\"font-family: Calibri\">60 h\/a \u2013 4cr<\/span><\/td>\n<\/tr>\n<tr>\n<td width=\"461\"><span style=\"font-family: Calibri\">Pesquisa narrativa e ensino<\/span><\/td>\n<td style=\"text-align: center\" width=\"172\"><span style=\"font-family: Calibri\">60 h\/a \u2013 4cr<\/span><\/td>\n<\/tr>\n<tr>\n<td width=\"461\"><span style=\"font-family: Calibri\">Lingu\u00edstica Aplicada e Ensino<\/span><\/td>\n<td style=\"text-align: center\" width=\"172\"><span style=\"font-family: Calibri\">60 h\/a \u2013 4cr<\/span><\/td>\n<\/tr>\n<tr>\n<td width=\"461\"><span style=\"font-family: Calibri\">T\u00f3picos Especiais em Ensino I<\/span><\/td>\n<td style=\"text-align: center\" width=\"172\"><span style=\"font-family: Calibri\">60 h\/a \u2013 4cr<\/span><\/td>\n<\/tr>\n<tr>\n<td width=\"461\"><span style=\"font-family: Calibri\">T\u00f3picos Especiais em Ensino II<\/span><\/td>\n<td style=\"text-align: center\" width=\"172\"><span style=\"font-family: Calibri\">60 h\/a \u2013 4cr<\/span><\/td>\n<\/tr>\n<tr>\n<td width=\"461\"><span style=\"font-family: Calibri\">T\u00f3picos Especiais em Ensino II<span style=\"color: #333333\">I<\/span><\/span><\/td>\n<td style=\"text-align: center\" width=\"172\"><span style=\"font-family: Calibri\">45 h\/a \u2013 3cr<\/span><\/td>\n<\/tr>\n<tr>\n<td width=\"461\"><span style=\"font-family: Calibri\">T\u00f3picos Especiais em Ensino IV<\/span><\/td>\n<td style=\"text-align: center\" width=\"172\"><span style=\"font-family: Calibri\">30 h\/a \u2013 2cr<\/span><\/td>\n<\/tr>\n<tr>\n<td width=\"461\"><span style=\"font-family: Calibri\">T\u00f3picos avan\u00e7ados em Ensino de Ci\u00eancias Humanas e Sociais I<\/span><\/td>\n<td style=\"text-align: center\" width=\"172\"><span style=\"font-family: Calibri\">60 h\/a \u2013 4cr<\/span><\/td>\n<\/tr>\n<tr>\n<td width=\"461\"><span style=\"font-family: Calibri\">T\u00f3picos avan\u00e7ados em Ensino de Ci\u00eancias Humanas e Sociais II<\/span><\/td>\n<td style=\"text-align: center\" width=\"172\"><span style=\"font-family: Calibri\">60 h\/a \u2013 4cr<\/span><\/td>\n<\/tr>\n<tr>\n<td width=\"461\"><span style=\"font-family: Calibri\">T\u00f3picos avan\u00e7ados em Ensino de Ci\u00eancias Humanas e Sociais II<span style=\"color: #333333\">I<\/span><\/span><\/td>\n<td style=\"text-align: center\" width=\"172\"><span style=\"font-family: Calibri\">45 h\/a \u2013 3cr<\/span><\/td>\n<\/tr>\n<tr>\n<td width=\"461\"><span style=\"font-family: Calibri\">T\u00f3picos avan\u00e7ados em Ensino de Ci\u00eancias Humanas e Sociais IV<\/span><\/td>\n<td style=\"text-align: center\" width=\"172\"><span style=\"font-family: Calibri\">30 h\/a \u2013 2cr<\/span><\/td>\n<\/tr>\n<tr>\n<td width=\"461\"><span style=\"font-family: Calibri\">T\u00f3picos avan\u00e7ados em Ensino de Linguagens I<\/span><\/td>\n<td style=\"text-align: center\" width=\"172\"><span style=\"font-family: Calibri\">60 h\/a \u2013 4cr<\/span><\/td>\n<\/tr>\n<tr>\n<td width=\"461\"><span style=\"font-family: Calibri\">T\u00f3picos avan\u00e7ados em Ensino de Linguagens II<\/span><\/td>\n<td style=\"text-align: center\" width=\"172\"><span style=\"font-family: Calibri\">60 h\/a \u2013 4cr<\/span><\/td>\n<\/tr>\n<tr>\n<td width=\"461\"><span style=\"font-family: Calibri\">T\u00f3picos avan\u00e7ados em Ensino de Linguagens II<span style=\"color: #333333\">I<\/span><\/span><\/td>\n<td style=\"text-align: center\" width=\"172\"><span style=\"font-family: Calibri\">45 h\/a \u2013 3cr<\/span><\/td>\n<\/tr>\n<tr>\n<td width=\"461\"><span style=\"font-family: Calibri\">T\u00f3picos avan\u00e7ados em Ensino de Linguagens IV<\/span><\/td>\n<td style=\"text-align: center\" width=\"172\"><span style=\"font-family: Calibri\">30 h\/a \u2013 2cr<\/span><\/td>\n<\/tr>\n<tr>\n<td width=\"461\"><span style=\"font-family: Calibri\">T\u00f3picos avan\u00e7ados em Ensino de Ci\u00eancias Naturais e Matem\u00e1tica I<\/span><\/td>\n<td style=\"text-align: center\" width=\"172\"><span style=\"font-family: Calibri\">60 h\/a \u2013 4cr<\/span><\/td>\n<\/tr>\n<tr>\n<td width=\"461\"><span style=\"font-family: Calibri\">T\u00f3picos avan\u00e7ados em Ensino de Ci\u00eancias Naturais e Matem\u00e1tica II<\/span><\/td>\n<td style=\"text-align: center\" width=\"172\"><span style=\"font-family: Calibri\">60 h\/a \u2013 4cr<\/span><\/td>\n<\/tr>\n<tr>\n<td width=\"461\"><span style=\"font-family: Calibri\">T\u00f3picos avan\u00e7ados em Ensino de Ci\u00eancias Naturais e Matem\u00e1tica I<span style=\"color: #333333\">II<\/span><\/span><\/td>\n<td style=\"text-align: center\" width=\"172\"><span style=\"font-family: Calibri\">45 h\/a \u2013 3cr<\/span><\/td>\n<\/tr>\n<tr>\n<td width=\"461\"><span style=\"font-family: Calibri\">T\u00f3picos avan\u00e7ados em Ensino de Ci\u00eancias Naturais e Matem\u00e1tica IV<\/span><\/td>\n<td style=\"text-align: center\" width=\"172\"><span style=\"font-family: Calibri\">30 h\/a \u2013 2cr<\/span><\/td>\n<\/tr>\n<tr>\n<td width=\"461\"><span style=\"font-family: Calibri\">T\u00f3picos avan\u00e7ados em Ensino em narrativas, discursos e mem\u00f3rias I<\/span><\/td>\n<td style=\"text-align: center\" width=\"172\"><span style=\"font-family: Calibri\">60 h\/a \u2013 4cr<\/span><\/td>\n<\/tr>\n<tr>\n<td width=\"461\"><span style=\"font-family: Calibri\">T\u00f3picos avan\u00e7ados em Ensino em narrativas, discursos e mem\u00f3rias II<\/span><\/td>\n<td style=\"text-align: center\" width=\"172\"><span style=\"font-family: Calibri\">60 h\/a \u2013 4cr<\/span><\/td>\n<\/tr>\n<tr>\n<td width=\"461\"><span style=\"font-family: Calibri\">T\u00f3picos avan\u00e7ados em Ensino em narrativas, discursos e mem\u00f3rias III<\/span><\/td>\n<td style=\"text-align: center\" width=\"172\"><span style=\"font-family: Calibri\">45 h\/a \u2013 3cr<\/span><\/td>\n<\/tr>\n<tr>\n<td width=\"461\"><span style=\"font-family: Calibri\">T\u00f3picos avan\u00e7ados em Ensino em narrativas, discursos e mem\u00f3rias IV<\/span><\/td>\n<td style=\"text-align: center\" width=\"172\"><span style=\"font-family: Calibri\">30 h\/a \u2013 2cr<\/span><\/td>\n<\/tr>\n<tr>\n<td width=\"461\"><span style=\"font-family: Calibri\">Multiletramentos, Tecnologias Digitais e Ensino<\/span><\/td>\n<td style=\"text-align: center\" width=\"172\"><span style=\"font-family: Calibri\">30 h\/a \u2013 2cr<\/span><\/td>\n<\/tr>\n<tr>\n<td width=\"461\"><span style=\"font-family: Calibri\">Critical pedagogies for language learning in schools<\/span><\/td>\n<td style=\"text-align: center\" width=\"172\"><span style=\"font-family: Calibri\">30 h\/a \u2013 2cr<\/span><\/td>\n<\/tr>\n<tr>\n<td width=\"461\"><span style=\"font-family: Calibri\">Lingu\u00edstica Textual e Ensino<\/span><\/td>\n<td style=\"text-align: center\" width=\"172\"><span style=\"font-family: Calibri\">60 h\/a \u2013 4cr<\/span><\/td>\n<\/tr>\n<tr>\n<td width=\"461\"><span style=\"font-family: Calibri\">Tecnologias e Ensino a Dist\u00e2ncia<\/span><\/td>\n<td style=\"text-align: center\" width=\"172\"><span style=\"font-family: Calibri\">60 h\/a \u2013 4cr<\/span><\/td>\n<\/tr>\n<tr>\n<td width=\"461\"><span style=\"font-family: Calibri\">Leitura(s) e ensino<\/span><\/td>\n<td style=\"text-align: center\" width=\"172\"><span style=\"font-family: Calibri\">30 h\/a \u2013 2cr<\/span><\/td>\n<\/tr>\n<tr>\n<td width=\"461\"><span style=\"font-family: Calibri\">Escrita e ensino<\/span><\/td>\n<td style=\"text-align: center\" width=\"172\"><span style=\"font-family: Calibri\">30 h\/a \u2013 2cr<\/span><\/td>\n<\/tr>\n<tr>\n<td width=\"461\"><span style=\"font-family: Calibri\">M\u00fasica(s) e ensino<\/span><\/td>\n<td style=\"text-align: center\" width=\"172\"><span style=\"font-family: Calibri\">30 h\/a \u2013 2cr<\/span><\/td>\n<\/tr>\n<tr>\n<td width=\"461\"><span style=\"font-family: Calibri\">Dimens\u00f5es psico-emocionais, sociais e culturais do ensino<\/span><\/td>\n<td style=\"text-align: center\" width=\"172\"><span style=\"font-family: Calibri\">60 h\/a \u2013 4cr<\/span><\/td>\n<\/tr>\n<tr>\n<td width=\"461\"><span style=\"font-family: Calibri\">Ensino e Diversidade<\/span><\/td>\n<td style=\"text-align: center\" width=\"172\"><span style=\"font-family: Calibri\">60 h\/a \u2013 4cr<\/span><\/td>\n<\/tr>\n<\/tbody>\n<\/table>\n<p>&nbsp;<\/p>\n","protected":false},"excerpt":{"rendered":"<p>&nbsp; DISCIPLINAS OBRIGAT\u00d3RIAS &nbsp; Disciplina Carga Hor\u00e1ria Curso Ensino e interdisciplinaridade na escola p\u00fablica 60 h\/a \u2013 4cr M\/D Pesquisa em Ensino 60 h\/a \u2013 4cr M\/D Ensino-aprendizagem de Ci\u00eancias Humanas e Sociais* 60 h\/a \u2013 4cr M\/D Ensino-aprendizagem de L\u00ednguas e Artes* 60 h\/a \u2013 4cr M\/D Ensino-aprendizagem de Ci\u00eancias Naturais, Matem\u00e1tica e Tecnologias* [&hellip;]<\/p>\n","protected":false},"author":22,"featured_media":0,"parent":0,"menu_order":0,"comment_status":"closed","ping_status":"closed","template":"","meta":{"footnotes":""},"class_list":["post-577","page","type-page","status-publish","hentry"],"_links":{"self":[{"href":"https:\/\/portal.uern.br\/propeg\/posensino\/wp-json\/wp\/v2\/pages\/577","targetHints":{"allow":["GET"]}}],"collection":[{"href":"https:\/\/portal.uern.br\/propeg\/posensino\/wp-json\/wp\/v2\/pages"}],"about":[{"href":"https:\/\/portal.uern.br\/propeg\/posensino\/wp-json\/wp\/v2\/types\/page"}],"author":[{"embeddable":true,"href":"https:\/\/portal.uern.br\/propeg\/posensino\/wp-json\/wp\/v2\/users\/22"}],"replies":[{"embeddable":true,"href":"https:\/\/portal.uern.br\/propeg\/posensino\/wp-json\/wp\/v2\/comments?post=577"}],"version-history":[{"count":18,"href":"https:\/\/portal.uern.br\/propeg\/posensino\/wp-json\/wp\/v2\/pages\/577\/revisions"}],"predecessor-version":[{"id":838,"href":"https:\/\/portal.uern.br\/propeg\/posensino\/wp-json\/wp\/v2\/pages\/577\/revisions\/838"}],"wp:attachment":[{"href":"https:\/\/portal.uern.br\/propeg\/posensino\/wp-json\/wp\/v2\/media?parent=577"}],"curies":[{"name":"wp","href":"https:\/\/api.w.org\/{rel}","templated":true}]}}