{"id":558,"date":"2025-04-29T09:45:39","date_gmt":"2025-04-29T12:45:39","guid":{"rendered":"https:\/\/portal.uern.br\/propeg\/posensino\/?page_id=558"},"modified":"2025-12-19T10:18:08","modified_gmt":"2025-12-19T13:18:08","slug":"558-2","status":"publish","type":"page","link":"https:\/\/portal.uern.br\/propeg\/posensino\/558-2\/","title":{"rendered":"Os Cursos de Mestrado e Doutorado em Ensino"},"content":{"rendered":"<p style=\"font-family: calibri\" align=\"justify\">O <strong>Mestrado em Ensino<\/strong> tem uma estrutura curricular flex\u00edvel que possibilita o aprofundamento dos estudos pelos alunos, distribu\u00edda em disciplinas obrigat\u00f3rias e optativas, atividades complementares e disserta\u00e7\u00e3o de Mestrado.<\/p>\n<p style=\"font-family: calibri\" align=\"justify\">O Programa do curso de Mestrado \u00e9 constitu\u00eddo por disciplinas obrigat\u00f3rias, disciplinas eletivas e atividades acad\u00eamicas. Para fazer jus ao t\u00edtulo de Mestre(a) em Ensino, o(a) aluno(a) dever\u00e1 cumprir um total de 47 cr\u00e9ditos, sendo 25 cr\u00e9ditos em disciplinas obrigat\u00f3rias gerais, 4 cr\u00e9ditos na disciplina obrigat\u00f3ria da linha de pesquisa a que \u00e9 vinculado, 8 cr\u00e9ditos em disciplinas eletivas, 6 cr\u00e9ditos em atividades acad\u00eamicas obrigat\u00f3rias (disserta\u00e7\u00e3o) e 4 cr\u00e9ditos em atividades acad\u00eamicas complementares, al\u00e9m da profici\u00eancia em l\u00edngua adicional e da qualifica\u00e7\u00e3o, que se constituem atividades acad\u00eamicas, mas n\u00e3o contabilizam cr\u00e9ditos.<\/p>\n<p>&nbsp;<\/p>\n<p style=\"font-family: calibri\" align=\"justify\">O Programa do curso de <strong>Doutorado em Ensino<\/strong> \u00e9 constitu\u00eddo por disciplinas obrigat\u00f3rias, disciplinas eletivas, disciplinas de orienta\u00e7\u00e3o e atividades acad\u00eamicas. Para fazer jus ao t\u00edtulo de Doutor(a) em Ensino, o(a) aluno(a) dever\u00e1 cumprir um total de 73 cr\u00e9ditos, sendo 36 cr\u00e9ditos em disciplinas obrigat\u00f3rias gerais, 4 cr\u00e9ditos na disciplina obrigat\u00f3ria da linha de pesquisa a que \u00e9 vinculado, 16 cr\u00e9ditos em disciplinas eletivas, 9 cr\u00e9ditos em atividades acad\u00eamicas obrigat\u00f3rias (Tese e Est\u00e1gio de doc\u00eancia) e 8 cr\u00e9ditos em atividades acad\u00eamicas complementares, al\u00e9m da profici\u00eancia em duas l\u00ednguas adicionais e das qualifica\u00e7\u00f5es, que se constituem atividades acad\u00eamicas, mas n\u00e3o contabilizam cr\u00e9ditos.<\/p>\n<p>&nbsp;<\/p>\n","protected":false},"excerpt":{"rendered":"<p>O Mestrado em Ensino tem uma estrutura curricular flex\u00edvel que possibilita o aprofundamento dos estudos pelos alunos, distribu\u00edda em disciplinas obrigat\u00f3rias e optativas, atividades complementares e disserta\u00e7\u00e3o de Mestrado. O Programa do curso de Mestrado \u00e9 constitu\u00eddo por disciplinas obrigat\u00f3rias, disciplinas eletivas e atividades acad\u00eamicas. Para fazer jus ao t\u00edtulo de Mestre(a) em Ensino, o(a) [&hellip;]<\/p>\n","protected":false},"author":22,"featured_media":0,"parent":0,"menu_order":0,"comment_status":"closed","ping_status":"closed","template":"","meta":{"footnotes":""},"class_list":["post-558","page","type-page","status-publish","hentry"],"_links":{"self":[{"href":"https:\/\/portal.uern.br\/propeg\/posensino\/wp-json\/wp\/v2\/pages\/558","targetHints":{"allow":["GET"]}}],"collection":[{"href":"https:\/\/portal.uern.br\/propeg\/posensino\/wp-json\/wp\/v2\/pages"}],"about":[{"href":"https:\/\/portal.uern.br\/propeg\/posensino\/wp-json\/wp\/v2\/types\/page"}],"author":[{"embeddable":true,"href":"https:\/\/portal.uern.br\/propeg\/posensino\/wp-json\/wp\/v2\/users\/22"}],"replies":[{"embeddable":true,"href":"https:\/\/portal.uern.br\/propeg\/posensino\/wp-json\/wp\/v2\/comments?post=558"}],"version-history":[{"count":9,"href":"https:\/\/portal.uern.br\/propeg\/posensino\/wp-json\/wp\/v2\/pages\/558\/revisions"}],"predecessor-version":[{"id":1079,"href":"https:\/\/portal.uern.br\/propeg\/posensino\/wp-json\/wp\/v2\/pages\/558\/revisions\/1079"}],"wp:attachment":[{"href":"https:\/\/portal.uern.br\/propeg\/posensino\/wp-json\/wp\/v2\/media?parent=558"}],"curies":[{"name":"wp","href":"https:\/\/api.w.org\/{rel}","templated":true}]}}