{"id":1083,"date":"2026-01-13T14:15:55","date_gmt":"2026-01-13T17:15:55","guid":{"rendered":"https:\/\/portal.uern.br\/propeg\/posensino\/?page_id=1083"},"modified":"2026-04-01T13:59:02","modified_gmt":"2026-04-01T16:59:02","slug":"editais-2026","status":"publish","type":"page","link":"https:\/\/portal.uern.br\/propeg\/posensino\/editais-2026\/","title":{"rendered":"Editais 2026"},"content":{"rendered":"<h4 style=\"font-family: calibri\" align=\"justify\">Sele\u00e7\u00e3o de Bolsistas do Programa de Desenvolvimento da P\u00f3s-Gradua\u00e7\u00e3o (PDPG) \u2013 Pol\u00edticas Afirmativas e Diversidade<\/h4>\n<p style=\"font-family: calibri\" align=\"justify\"><a href=\"http:\/\/portal.uern.br\/propeg\/posensino\/wp-content\/uploads\/sites\/13\/2026\/04\/Edital_003.2026_-_Bolsas_PDPG_Acoes_Afirmativas_assinado.pdf\"><strong>Edital n\u00b0 03\/2026-COMISS\u00c3O DE BOLSAS<\/strong><\/a> &#8211; Abre sele\u00e7\u00e3o de bolsistas PDPG no Posensino<\/p>\n<p style=\"font-family: calibri\" align=\"justify\"><strong><a href=\"http:\/\/portal.uern.br\/propeg\/posensino\/wp-content\/uploads\/sites\/13\/2026\/04\/Edital_n_04.2026-Comissao_de_Bolsas_-_Resultado_Final_Acoes_Afirmativas_assinado.pdf\">Edital n\u00b0 04\/2026-COMISS\u00c3O DE BOLSAS<\/a><\/strong> &#8211; Resultado da sele\u00e7\u00e3o de bolsistas PDPG no Posensino<\/p>\n<hr \/>\n<h4 style=\"font-family: calibri\" align=\"justify\"><strong>Sele\u00e7\u00e3o de Bolsistas 2026<\/strong><\/h4>\n<p style=\"font-family: calibri\" align=\"justify\"><a href=\"http:\/\/portal.uern.br\/propeg\/posensino\/wp-content\/uploads\/sites\/13\/2026\/03\/Edital_n\u00b0_001_2026_-_Comissao_de_bolsas_-_POSENSINO_assinado-1.pdf\"><strong>Edital n\u00b0 001\/2026-COMISS\u00c3O DE BOLSAS<\/strong><\/a> &#8211; Abre sele\u00e7\u00e3o de bolsistas DS\/CAPES no Posensino<\/p>\n<p style=\"font-family: calibri\" align=\"justify\"><strong><a href=\"http:\/\/portal.uern.br\/propeg\/posensino\/wp-content\/uploads\/sites\/13\/2026\/03\/Edital_002_2026_Comissao_de_Bolsas_RETIFICADO_-_Resultado_de_Bolsas_Posensino_assinado.pdf\">Edital n\u00b0 002\/2026-COMISS\u00c3O DE BOLSAS RETIFICADO<\/a><\/strong> &#8211; Resultado da sele\u00e7\u00e3o de bolsistas DS\/CAPES no Posensino<\/p>\n<p align=\"justify\"><a href=\"http:\/\/portal.uern.br\/propeg\/posensino\/wp-content\/uploads\/sites\/13\/2026\/03\/Retificacao_I_ao_Edital_002_2026-COMISSAO_assinado.pdf\">Retifica\u00e7\u00e3o I do Edital n\u00b0 002\/2026-COMISS\u00c3O DE BOLSAS<\/a><\/p>\n<hr \/>\n<h4 style=\"font-family: calibri\" align=\"justify\"><strong>Sele\u00e7\u00e3o de alunos especiais 2026.1<\/strong><\/h4>\n<p style=\"font-family: calibri\" align=\"justify\"><strong><a href=\"http:\/\/portal.uern.br\/propeg\/posensino\/wp-content\/uploads\/sites\/13\/2026\/03\/Edital-n-001.2026-POSENSINO-selecao-de-aluno-especial-2026.1.pdf\">Edital n\u00ba 001\/2026<\/a><\/strong>\u00a0&#8211; Abre sele\u00e7\u00e3o de alunos especiais para o semestre 2026.1<\/p>\n<p style=\"font-family: calibri\" align=\"justify\"><a href=\"http:\/\/portal.uern.br\/propeg\/posensino\/wp-content\/uploads\/sites\/13\/2026\/03\/Edital-n-002-2026-Resultado-da-selecao-para-aluno-especial-2026.1-POSENSINO.pdf\"><strong>Edital n\u00b0 002\/2026<\/strong><\/a> &#8211; Resultado da sele\u00e7\u00e3o de alunos especiais do semestre 2026.1<\/p>\n","protected":false},"excerpt":{"rendered":"<p>Sele\u00e7\u00e3o de Bolsistas do Programa de Desenvolvimento da P\u00f3s-Gradua\u00e7\u00e3o (PDPG) \u2013 Pol\u00edticas Afirmativas e Diversidade Edital n\u00b0 03\/2026-COMISS\u00c3O DE BOLSAS &#8211; Abre sele\u00e7\u00e3o de bolsistas PDPG no Posensino Edital n\u00b0 04\/2026-COMISS\u00c3O DE BOLSAS &#8211; Resultado da sele\u00e7\u00e3o de bolsistas PDPG no Posensino Sele\u00e7\u00e3o de Bolsistas 2026 Edital n\u00b0 001\/2026-COMISS\u00c3O DE BOLSAS &#8211; Abre sele\u00e7\u00e3o de [&hellip;]<\/p>\n","protected":false},"author":22,"featured_media":0,"parent":0,"menu_order":0,"comment_status":"closed","ping_status":"closed","template":"","meta":{"footnotes":""},"class_list":["post-1083","page","type-page","status-publish","hentry"],"_links":{"self":[{"href":"https:\/\/portal.uern.br\/propeg\/posensino\/wp-json\/wp\/v2\/pages\/1083","targetHints":{"allow":["GET"]}}],"collection":[{"href":"https:\/\/portal.uern.br\/propeg\/posensino\/wp-json\/wp\/v2\/pages"}],"about":[{"href":"https:\/\/portal.uern.br\/propeg\/posensino\/wp-json\/wp\/v2\/types\/page"}],"author":[{"embeddable":true,"href":"https:\/\/portal.uern.br\/propeg\/posensino\/wp-json\/wp\/v2\/users\/22"}],"replies":[{"embeddable":true,"href":"https:\/\/portal.uern.br\/propeg\/posensino\/wp-json\/wp\/v2\/comments?post=1083"}],"version-history":[{"count":15,"href":"https:\/\/portal.uern.br\/propeg\/posensino\/wp-json\/wp\/v2\/pages\/1083\/revisions"}],"predecessor-version":[{"id":1131,"href":"https:\/\/portal.uern.br\/propeg\/posensino\/wp-json\/wp\/v2\/pages\/1083\/revisions\/1131"}],"wp:attachment":[{"href":"https:\/\/portal.uern.br\/propeg\/posensino\/wp-json\/wp\/v2\/media?parent=1083"}],"curies":[{"name":"wp","href":"https:\/\/api.w.org\/{rel}","templated":true}]}}