{"id":341,"date":"2023-02-07T13:13:35","date_gmt":"2023-02-07T16:13:35","guid":{"rendered":"http:\/\/beta.apps.uern.br\/wordpress\/progep\/?page_id=341"},"modified":"2023-02-07T14:14:40","modified_gmt":"2023-02-07T17:14:40","slug":"suspensao-de-consignados","status":"publish","type":"page","link":"https:\/\/portal.uern.br\/progep\/suspensao-de-consignados\/","title":{"rendered":"Suspens\u00e3o de Consignados"},"content":{"rendered":"<p>Considerando a decis\u00e3o exarada na ADI n\u00ba 6.484\/RN pelo\u00a0Supremo Tribunal Federal, na qual concedeu medida cautelar para suspender a efic\u00e1cia, em sua integralidade, dos\u00a0dispositivos da Lei Estadual n\u00ba 10.733\/2020,\u00a0cujo objeto \u00e9 a suspens\u00e3o da cobran\u00e7a, pelas institui\u00e7\u00f5es financeiras n\u00e3o cooperativas, das consigna\u00e7\u00f5es volunt\u00e1rias contratadas pelos servidores p\u00fablicos estaduais civis e militares do Estado do Rio Grande do Norte;<\/p>\n<p>Considerando os termos do Parecer n\u00ba 53\/2020 da Procuradoria Geral do Estado, nos autos do processo n\u00ba\u00a000110012.000951\/2020-08, pelo qual\u00a0<strong>deve a\u00a0Administra\u00e7\u00e3o imediatamente deixar de aplicar os preceitos da Lei Estadual n\u00ba 10.733\/2020<\/strong>, abstendo-se, por consequ\u00eancia, de deixar de efetuar a reten\u00e7\u00e3o das parcelas remunerat\u00f3rias consignadas pelos servidores p\u00fablicos, com fundamento na legisla\u00e7\u00e3o cuja efic\u00e1cia se encontra suspensa;<\/p>\n<p>Informamos aos servidores ativos e inativos da UERN que tiveram seus consignados suspensos na folha de julho\/2020 em raz\u00e3o da publica\u00e7\u00e3o da Lei Estadual n\u00ba 10.733, de 16 de junho de 2020, que j\u00e1 na folha de pagamento referente ao m\u00eas de agosto\/2020, os descontos das parcelas de empr\u00e9stimos consignados voltar\u00e3o a ser descontadas nos contracheques.<\/p>\n<p>Aqueles requerimentos de suspens\u00e3o que n\u00e3o chegaram a ser implantados ser\u00e3o desconsiderados.<\/p>\n<p>Pr\u00f3-Reitoria de Gest\u00e3o de Pessoas da UERN.<\/p>\n","protected":false},"excerpt":{"rendered":"<p>Considerando a decis\u00e3o exarada na ADI n\u00ba 6.484\/RN pelo\u00a0Supremo Tribunal Federal, na qual concedeu medida cautelar para suspender a efic\u00e1cia, em sua integralidade, dos\u00a0dispositivos da Lei Estadual n\u00ba 10.733\/2020,\u00a0cujo objeto \u00e9 a suspens\u00e3o da cobran\u00e7a, pelas institui\u00e7\u00f5es financeiras n\u00e3o cooperativas, das consigna\u00e7\u00f5es volunt\u00e1rias contratadas pelos servidores p\u00fablicos estaduais civis e militares do Estado do Rio [&hellip;]<\/p>\n","protected":false},"author":2,"featured_media":0,"parent":0,"menu_order":0,"comment_status":"closed","ping_status":"closed","template":"","meta":{"footnotes":""},"class_list":["post-341","page","type-page","status-publish","hentry"],"_links":{"self":[{"href":"https:\/\/portal.uern.br\/progep\/wp-json\/wp\/v2\/pages\/341","targetHints":{"allow":["GET"]}}],"collection":[{"href":"https:\/\/portal.uern.br\/progep\/wp-json\/wp\/v2\/pages"}],"about":[{"href":"https:\/\/portal.uern.br\/progep\/wp-json\/wp\/v2\/types\/page"}],"author":[{"embeddable":true,"href":"https:\/\/portal.uern.br\/progep\/wp-json\/wp\/v2\/users\/2"}],"replies":[{"embeddable":true,"href":"https:\/\/portal.uern.br\/progep\/wp-json\/wp\/v2\/comments?post=341"}],"version-history":[{"count":2,"href":"https:\/\/portal.uern.br\/progep\/wp-json\/wp\/v2\/pages\/341\/revisions"}],"predecessor-version":[{"id":474,"href":"https:\/\/portal.uern.br\/progep\/wp-json\/wp\/v2\/pages\/341\/revisions\/474"}],"wp:attachment":[{"href":"https:\/\/portal.uern.br\/progep\/wp-json\/wp\/v2\/media?parent=341"}],"curies":[{"name":"wp","href":"https:\/\/api.w.org\/{rel}","templated":true}]}}

Suspensão de Consignados

<p>Considerando a decisão exarada na ADI nº 6.484/RN pelo Supremo Tribunal Federal, na qual concedeu medida cautelar para suspender a eficácia, em sua integralidade, dos dispositivos da Lei Estadual nº 10.733/2020, cujo objeto é a suspensão da cobrança, pelas instituições financeiras não cooperativas, das consignações voluntárias contratadas pelos servidores públicos estaduais civis e militares do Estado do Rio Grande do Norte;</p>
<p>Considerando os termos do Parecer nº 53/2020 da Procuradoria Geral do Estado, nos autos do processo nº 00110012.000951/2020-08, pelo qual <strong>deve a Administração imediatamente deixar de aplicar os preceitos da Lei Estadual nº 10.733/2020</strong>, abstendo-se, por consequência, de deixar de efetuar a retenção das parcelas remuneratórias consignadas pelos servidores públicos, com fundamento na legislação cuja eficácia se encontra suspensa;</p>
<p>Informamos aos servidores ativos e inativos da UERN que tiveram seus consignados suspensos na folha de julho/2020 em razão da publicação da Lei Estadual nº 10.733, de 16 de junho de 2020, que já na folha de pagamento referente ao mês de agosto/2020, os descontos das parcelas de empréstimos consignados voltarão a ser descontadas nos contracheques.</p>
<p>Aqueles requerimentos de suspensão que não chegaram a ser implantados serão desconsiderados.</p>
<p>Pró-Reitoria de Gestão de Pessoas da UERN.</p>

<p>Considerando a decisão exarada na ADI nº 6.484/RN pelo Supremo Tribunal Federal, na qual concedeu medida cautelar para suspender a eficácia, em sua integralidade, dos dispositivos da Lei Estadual nº 10.733/2020, cujo objeto é a suspensão da cobrança, pelas instituições financeiras não cooperativas, das consignações voluntárias contratadas pelos servidores públicos estaduais civis e militares do Estado do Rio [&hellip;]</p>
